000
CDUS43 KICT 292308
CLIICT


CLIMATE REPORT
NATIONAL WEATHER SERVICE WICHITA KS
508 PM CST THU JAN 29 2015


...................................

...THE WICHITA MID CONTINENT CLIMATE SUMMARY FOR JANUARY 29 2015...
VALID TODAY AS OF 0500 PM LOCAL TIME.

CLIMATE NORMAL PERIOD 1981 TO 2010
CLIMATE RECORD PERIOD 1888 TO 2015


WEATHER ITEM   OBSERVED TIME   RECORD YEAR NORMAL DEPARTURE LAST
                VALUE   (LST)  VALUE       VALUE  FROM      YEAR
                                                  NORMAL
..................................................................
TEMPERATURE (F)
 TODAY
  MAXIMUM         57   1204 AM  70    2011  44     13       51
                                      1971
  MINIMUM         41    809 AM  -3    1966  22     19        9
  AVERAGE         49                        33     16       30

PRECIPITATION (IN)
  TODAY            0.00          1.51 1982   0.03  -0.03     0.00
  MONTH TO DATE    0.44                      0.76  -0.32     0.11
  SINCE DEC 1      1.73                      1.96  -0.23     0.71
  SINCE JAN 1      0.44                      0.76  -0.32     0.11

SNOWFALL (IN)
  TODAY            0.0           2.8  1979   0.1   -0.1      0.0
  MONTH TO DATE    4.0                       3.3    0.7      2.9
  SINCE DEC 1      8.2                       7.5    0.7      6.3
  SINCE JUL 1     10.0                       8.9    1.1      6.3
  SNOW DEPTH       0

DEGREE DAYS
 HEATING
  TODAY           16                        32    -16       35
  MONTH TO DATE  883                       950    -67      960
  SINCE DEC 1   1708                      1917   -209     2030
  SINCE JUL 1   2588                      2793   -205     2915

 COOLING
  TODAY            0                         0      0        0
  MONTH TO DATE    0                         0      0        0
  SINCE DEC 1      0                         0      0        0
  SINCE JAN 1      0                         0      0        0
..................................................................


WIND (MPH)
  HIGHEST WIND SPEED    36   HIGHEST WIND DIRECTION     N (350)
  HIGHEST GUST SPEED    44   HIGHEST GUST DIRECTION     N (340)
  AVERAGE WIND SPEED    19.2


SKY COVER
  POSSIBLE SUNSHINE  MM
  AVERAGE SKY COVER 0.6


WEATHER CONDITIONS
 THE FOLLOWING WEATHER WAS RECORDED TODAY.
  NO SIGNIFICANT WEATHER WAS OBSERVED.


RELATIVE HUMIDITY (PERCENT)
 HIGHEST    62           600 AM
 LOWEST     33          1200 AM
 AVERAGE    48

..........................................................


THE WICHITA MID CONTINENT CLIMATE NORMALS FOR TOMORROW
                         NORMAL    RECORD    YEAR
 MAXIMUM TEMPERATURE (F)   44        70      1890
 MINIMUM TEMPERATURE (F)   23        -6      1979
                                             1949


SUNRISE AND SUNSET
JANUARY 29 2015.......SUNRISE   736 AM CST   SUNSET   550 PM CST
JANUARY 30 2015.......SUNRISE   735 AM CST   SUNSET   551 PM CST


-  INDICATES NEGATIVE NUMBERS.
R  INDICATES RECORD WAS SET OR TIED.
MM INDICATES DATA IS MISSING.
T  INDICATES TRACE AMOUNT.




$$
