000
CDUS43 KICT 160625
CLIICT


CLIMATE REPORT
NATIONAL WEATHER SERVICE WICHITA KS
125 AM CDT TUE SEP 16 2014


...................................

...THE WICHITA MID CONTINENT KS CLIMATE SUMMARY FOR SEPTEMBER 15 2014...

CLIMATE NORMAL PERIOD 1981 TO 2010
CLIMATE RECORD PERIOD 1888 TO 2014


WEATHER ITEM   OBSERVED TIME   RECORD YEAR NORMAL DEPARTURE LAST
                VALUE   (LST)  VALUE       VALUE  FROM      YEAR
                                                  NORMAL
..................................................................
TEMPERATURE (F)
 YESTERDAY
  MAXIMUM         86   1124 AM 103    1978  83      3       93
  MINIMUM         64   1159 PM  37    1993  60      4       66
  AVERAGE         75                        71      4       80

PRECIPITATION (IN)
  YESTERDAY        0.00          1.76 1969   0.10  -0.10     0.25
  MONTH TO DATE    0.16                      1.60  -1.44     0.27
  SINCE SEP 1      0.16                      1.60  -1.44     0.27
  SINCE JAN 1     22.14                     25.69  -3.55    34.44

SNOWFALL (IN)
  YESTERDAY        0.0           0.0  2007   0.0    0.0      0.0
  MONTH TO DATE    0.0                       0.0    0.0      0.0
  SINCE SEP 1      0.0                       0.0    0.0      0.0
  SINCE JUL 1      0.0                       0.0    0.0      0.0
  SNOW DEPTH       0

DEGREE DAYS
 HEATING
  YESTERDAY        0                         1     -1        0
  MONTH TO DATE   20                         5     15        0
  SINCE SEP 1     20                         5     15        0
  SINCE JUL 1     21                         6     15        1

 COOLING
  YESTERDAY       10                         7      3       15
  MONTH TO DATE  139                       145     -6      220
  SINCE SEP 1    139                       145     -6      220
  SINCE JAN 1   1635                      1572     63     1633
..................................................................


WIND (MPH)
  HIGHEST WIND SPEED    21   HIGHEST WIND DIRECTION     N (20)
  HIGHEST GUST SPEED    26   HIGHEST GUST DIRECTION     N (10)
  AVERAGE WIND SPEED    13.9


SKY COVER
  POSSIBLE SUNSHINE  MM
  AVERAGE SKY COVER 0.6


WEATHER CONDITIONS
 THE FOLLOWING WEATHER WAS RECORDED YESTERDAY.
  NO SIGNIFICANT WEATHER WAS OBSERVED.


RELATIVE HUMIDITY (PERCENT)
 HIGHEST    87           600 AM
 LOWEST     48          1100 AM
 AVERAGE    68

..........................................................


THE WICHITA MID CONTINENT KS CLIMATE NORMALS FOR TODAY
                         NORMAL    RECORD    YEAR
 MAXIMUM TEMPERATURE (F)   83       105      1978
 MINIMUM TEMPERATURE (F)   59        42      1903


SUNRISE AND SUNSET
SEPTEMBER 16 2014.....SUNRISE   712 AM CDT   SUNSET   736 PM CDT
SEPTEMBER 17 2014.....SUNRISE   713 AM CDT   SUNSET   734 PM CDT


-  INDICATES NEGATIVE NUMBERS.
R  INDICATES RECORD WAS SET OR TIED.
MM INDICATES DATA IS MISSING.
T  INDICATES TRACE AMOUNT.




$$
