000
CDUS43 KICT 260656
CLIICT


CLIMATE REPORT
NATIONAL WEATHER SERVICE WICHITA KS
154 AM CDT SUN MAR 26 2017


...................................

...THE WICHITA EISENHOWER NATIONAL CLIMATE SUMMARY FOR MARCH 25 2017...

CLIMATE NORMAL PERIOD 1981 TO 2010
CLIMATE RECORD PERIOD 1888 TO 2017


WEATHER ITEM   OBSERVED TIME   RECORD YEAR NORMAL DEPARTURE LAST
                VALUE   (LST)  VALUE       VALUE  FROM      YEAR
                                                  NORMAL
..................................................................
TEMPERATURE (F)
 YESTERDAY
  MAXIMUM         47    501 PM  89    1956  61    -14       64
                                      1910
                                      1907
  MINIMUM         43   1235 PM   8    1955  38      5       25
  AVERAGE         45                        49     -4       45

PRECIPITATION (IN)
  YESTERDAY        0.12          1.03 1920   0.10   0.02     0.00
  MONTH TO DATE    0.58                      2.10  -1.52     0.91
  SINCE MAR 1      0.58                      2.10  -1.52     0.91
  SINCE JAN 1      4.20                      4.11   0.09     1.65

SNOWFALL (IN)
  YESTERDAY        0.0           0.9  1957   0.1   -0.1      0.0
  MONTH TO DATE    T                         2.0   -2.0       T
  SINCE MAR 1      T                         2.0   -2.0       T
  SINCE JUL 1      2.0                      14.4  -12.4      0.8
  SNOW DEPTH       0

DEGREE DAYS
 HEATING
  YESTERDAY       20                        16      4       20
  MONTH TO DATE  340                       487   -147      320
  SINCE MAR 1    340                       487   -147      320
  SINCE JUL 1   3184                      4127   -943     3170

 COOLING
  YESTERDAY        0                         0      0        0
  MONTH TO DATE   18                         0     18        3
  SINCE MAR 1     18                         0     18        3
  SINCE JAN 1     18                         0     18        3
..................................................................


WIND (MPH)
  HIGHEST WIND SPEED    26   HIGHEST WIND DIRECTION    NW (330)
  HIGHEST GUST SPEED    37   HIGHEST GUST DIRECTION     N (360)
  AVERAGE WIND SPEED    15.2


SKY COVER
  POSSIBLE SUNSHINE  MM
  AVERAGE SKY COVER 1.0


WEATHER CONDITIONS
 THE FOLLOWING WEATHER WAS RECORDED YESTERDAY.
  LIGHT RAIN
  FOG


RELATIVE HUMIDITY (PERCENT)
 HIGHEST   100          1200 AM
 LOWEST     82           400 PM
 AVERAGE    91

..........................................................


THE WICHITA EISENHOWER NATIONAL CLIMATE NORMALS FOR TODAY
                         NORMAL    RECORD    YEAR
 MAXIMUM TEMPERATURE (F)   61        83      1918
 MINIMUM TEMPERATURE (F)   38         6      1955


SUNRISE AND SUNSET
MARCH 26 2017.........SUNRISE   724 AM CDT   SUNSET   747 PM CDT
MARCH 27 2017.........SUNRISE   722 AM CDT   SUNSET   748 PM CDT


-  INDICATES NEGATIVE NUMBERS.
R  INDICATES RECORD WAS SET OR TIED.
MM INDICATES DATA IS MISSING.
T  INDICATES TRACE AMOUNT.

$$
