000
CDUS43 KICT 060633
CLIICT


CLIMATE REPORT
NATIONAL WEATHER SERVICE WICHITA KS
1232 AM CST SAT FEB 6 2016


...................................

...THE WICHITA EISENHOWER NATIONAL CLIMATE SUMMARY FOR FEBRUARY 5 2016...

CLIMATE NORMAL PERIOD 1981 TO 2010
CLIMATE RECORD PERIOD 1888 TO 2016


WEATHER ITEM   OBSERVED TIME   RECORD YEAR NORMAL DEPARTURE LAST
                VALUE   (LST)  VALUE       VALUE  FROM      YEAR
                                                  NORMAL
..................................................................
TEMPERATURE (F)
 YESTERDAY
  MAXIMUM         52    407 PM  70    1938  46      6       36
  MINIMUM         27    202 AM -16    1982  24      3       12
  AVERAGE         40                        34      6       24

PRECIPITATION (IN)
  YESTERDAY        0.00          0.52 2008   0.04  -0.04     0.00
  MONTH TO DATE    0.55                      0.17   0.38     0.03
  SINCE DEC 1      2.96                      2.20   0.76     2.43
  SINCE JAN 1      0.74                      1.00  -0.26     1.14

SNOWFALL (IN)
  YESTERDAY        0.0           4.1  1961   0.1   -0.1      0.0
  MONTH TO DATE    0.0                       0.7   -0.7      0.1
  SINCE DEC 1      0.5                       8.5   -8.0      8.3
  SINCE JUL 1      0.8                       9.9   -9.1     10.1
  SNOW DEPTH       0

DEGREE DAYS
 HEATING
  YESTERDAY       25                        30     -5       41
  MONTH TO DATE  135                       154    -19      188
  SINCE DEC 1   1817                      2138   -321     1962
  SINCE JUL 1   2386                      3014   -628     2842

 COOLING
  YESTERDAY        0                         0      0        0
  MONTH TO DATE    0                         0      0        0
  SINCE DEC 1      0                         0      0        0
  SINCE JAN 1      0                         0      0        0
..................................................................


WIND (MPH)
  HIGHEST WIND SPEED    13   HIGHEST WIND DIRECTION    NW (320)
  HIGHEST GUST SPEED    16   HIGHEST GUST DIRECTION    NW (320)
  AVERAGE WIND SPEED     5.8


SKY COVER
  POSSIBLE SUNSHINE  MM
  AVERAGE SKY COVER 0.7


WEATHER CONDITIONS
 THE FOLLOWING WEATHER WAS RECORDED YESTERDAY.
  NO SIGNIFICANT WEATHER WAS OBSERVED.


RELATIVE HUMIDITY (PERCENT)
 HIGHEST    69           200 AM
 LOWEST     32           200 PM
 AVERAGE    51

..........................................................


THE WICHITA EISENHOWER NATIONAL CLIMATE NORMALS FOR TODAY
                         NORMAL    RECORD    YEAR
 MAXIMUM TEMPERATURE (F)   46        74      2009
                                             1904
 MINIMUM TEMPERATURE (F)   24       -21      1982


SUNRISE AND SUNSET
FEBRUARY  6 2016......SUNRISE   729 AM CST   SUNSET   559 PM CST
FEBRUARY  7 2016......SUNRISE   728 AM CST   SUNSET   600 PM CST


-  INDICATES NEGATIVE NUMBERS.
R  INDICATES RECORD WAS SET OR TIED.
MM INDICATES DATA IS MISSING.
T  INDICATES TRACE AMOUNT.




$$
