000
CDUS43 KICT 190626
CLIICT


CLIMATE REPORT
NATIONAL WEATHER SERVICE WICHITA KS
125 AM CDT SAT APR 19 2014


...................................

...THE WICHITA MID CONTINENT KS CLIMATE SUMMARY FOR APRIL 18 2014...

CLIMATE NORMAL PERIOD 1981 TO 2010
CLIMATE RECORD PERIOD 1888 TO 2014


WEATHER ITEM   OBSERVED TIME   RECORD YEAR NORMAL DEPARTURE LAST
                VALUE   (LST)  VALUE       VALUE  FROM      YEAR
                                                  NORMAL
..................................................................
TEMPERATURE (F)
 YESTERDAY
  MAXIMUM         72    423 PM  91    1987  69      3       41
  MINIMUM         31    552 AM  28    1953  45    -14       33
  AVERAGE         52                        57     -5       37

PRECIPITATION (IN)
  YESTERDAY        0.00          1.96 1970   0.08  -0.08     0.07
  MONTH TO DATE    0.45                      1.39  -0.94     1.96
  SINCE MAR 1      0.94                      4.08  -3.14     4.07
  SINCE JAN 1      1.93                      6.09  -4.16     7.09

SNOWFALL (IN)
  YESTERDAY        0.0           T    2013   0.0    0.0       T
  MONTH TO DATE    0.3                       0.2    0.1       T
  SINCE MAR 1      3.5                       2.5    1.0      5.3
  SINCE JUL 1     23.0                      14.9    8.1     29.8
  SNOW DEPTH       0

DEGREE DAYS
 HEATING
  YESTERDAY       13                         9      4       28
  MONTH TO DATE  213                       206      7      285
  SINCE MAR 1    890                       783    107      951
  SINCE JUL 1   4809                      4423    386     4222

 COOLING
  YESTERDAY        0                         1     -1        0
  MONTH TO DATE    9                        11     -2        3
  SINCE MAR 1      9                        13     -4        3
  SINCE JAN 1      9                        13     -4        3
..................................................................


WIND (MPH)
  HIGHEST WIND SPEED    21   HIGHEST WIND DIRECTION     S (160)
  HIGHEST GUST SPEED    26   HIGHEST GUST DIRECTION     S (170)
  AVERAGE WIND SPEED     9.0


SKY COVER
  POSSIBLE SUNSHINE  MM
  AVERAGE SKY COVER 0.3


WEATHER CONDITIONS
 THE FOLLOWING WEATHER WAS RECORDED YESTERDAY.
  FOG
  HAZE


RELATIVE HUMIDITY (PERCENT)
 HIGHEST    89           100 AM
 LOWEST     34           500 PM
 AVERAGE    62

..........................................................


THE WICHITA MID CONTINENT KS CLIMATE NORMALS FOR TODAY
                         NORMAL    RECORD    YEAR
 MAXIMUM TEMPERATURE (F)   69        91      1987
 MINIMUM TEMPERATURE (F)   46        31      2013


SUNRISE AND SUNSET
APRIL 19 2014.........SUNRISE   649 AM CDT   SUNSET   809 PM CDT
APRIL 20 2014.........SUNRISE   648 AM CDT   SUNSET   810 PM CDT


-  INDICATES NEGATIVE NUMBERS.
R  INDICATES RECORD WAS SET OR TIED.
MM INDICATES DATA IS MISSING.
T  INDICATES TRACE AMOUNT.




$$
