000
CDUS43 KICT 300624
CLIICT


CLIMATE REPORT
NATIONAL WEATHER SERVICE WICHITA KS
123 AM CDT SUN AUG 30 2015


...................................

...THE WICHITA EISENHOWER NATIONAL CLIMATE SUMMARY FOR AUGUST 29 2015...

CLIMATE NORMAL PERIOD 1981 TO 2010
CLIMATE RECORD PERIOD 1888 TO 2015


WEATHER ITEM   OBSERVED TIME   RECORD YEAR NORMAL DEPARTURE LAST
                VALUE   (LST)  VALUE       VALUE  FROM      YEAR
                                                  NORMAL
..................................................................
TEMPERATURE (F)
 YESTERDAY
  MAXIMUM         75    506 PM 110    1984  89    -14       87
  MINIMUM         65   1156 PM  45    1893  67     -2       68
  AVERAGE         70                        78     -8       78

PRECIPITATION (IN)
  YESTERDAY        0.00          2.68 1991   0.12  -0.12     0.14
  MONTH TO DATE    6.38                      3.45   2.93     2.38
  SINCE JUN 1     15.98                     11.97   4.01    15.91
  SINCE JAN 1     32.42                     23.83   8.59    21.98

SNOWFALL (IN)
  YESTERDAY        0.0           0.0  2007   0.0    0.0      0.0
  MONTH TO DATE    0.0                       0.0    0.0      0.0
  SINCE JUN 1      0.0                       0.0    0.0      0.0
  SINCE JUL 1      0.0                       0.0    0.0      0.0
  SNOW DEPTH       0

DEGREE DAYS
 HEATING
  YESTERDAY        0                         0      0        0
  MONTH TO DATE    0                         0      0        0
  SINCE JUN 1      0                         6     -6        1
  SINCE JUL 1      0                         0      0        1

 COOLING
  YESTERDAY        5                        13     -8       13
  MONTH TO DATE  352                       440    -88      470
  SINCE JUN 1   1354                      1266     88     1195
  SINCE JAN 1   1467                      1402     65     1462
..................................................................


WIND (MPH)
  HIGHEST WIND SPEED    17   HIGHEST WIND DIRECTION    NW (330)
  HIGHEST GUST SPEED    20   HIGHEST GUST DIRECTION     N (340)
  AVERAGE WIND SPEED     9.2


SKY COVER
  POSSIBLE SUNSHINE  MM
  AVERAGE SKY COVER 0.4


WEATHER CONDITIONS
 THE FOLLOWING WEATHER WAS RECORDED YESTERDAY.
  NO SIGNIFICANT WEATHER WAS OBSERVED.


RELATIVE HUMIDITY (PERCENT)
 HIGHEST    87           600 AM
 LOWEST     64           500 PM
 AVERAGE    76

..........................................................


THE WICHITA EISENHOWER NATIONAL CLIMATE NORMALS FOR TODAY
                         NORMAL    RECORD    YEAR
 MAXIMUM TEMPERATURE (F)   89       105      1939
 MINIMUM TEMPERATURE (F)   66        46      1915


SUNRISE AND SUNSET
AUGUST 30 2015........SUNRISE   658 AM CDT   SUNSET   802 PM CDT
AUGUST 31 2015........SUNRISE   659 AM CDT   SUNSET   801 PM CDT


-  INDICATES NEGATIVE NUMBERS.
R  INDICATES RECORD WAS SET OR TIED.
MM INDICATES DATA IS MISSING.
T  INDICATES TRACE AMOUNT.




$$
