000
CDUS43 KICT 280619
CLIICT


CLIMATE REPORT
NATIONAL WEATHER SERVICE WICHITA KS
119 AM CDT MON JUL 28 2014


...................................

...THE WICHITA MID CONTINENT KS CLIMATE SUMMARY FOR JULY 27 2014...

CLIMATE NORMAL PERIOD 1981 TO 2010
CLIMATE RECORD PERIOD 1888 TO 2014


WEATHER ITEM   OBSERVED TIME   RECORD YEAR NORMAL DEPARTURE LAST
                VALUE   (LST)  VALUE       VALUE  FROM      YEAR
                                                  NORMAL
..................................................................
TEMPERATURE (F)
 YESTERDAY
  MAXIMUM         91    405 PM 111    2011  93     -2       80
  MINIMUM         72   1140 PM  58    2005  70      2       63
                                      2004
                                      1994
  AVERAGE         82                        81      1       72

PRECIPITATION (IN)
  YESTERDAY        0.05          1.75 1893   0.09  -0.04     0.22
  MONTH TO DATE    2.91                      2.93  -0.02     6.02
  SINCE JUN 1     13.37                      8.13   5.24     7.85
  SINCE JAN 1     19.44                     19.99  -0.55    21.87

SNOWFALL (IN)
  YESTERDAY        0.0           0.0  2007   0.0    0.0      0.0
  MONTH TO DATE    0.0                       0.0    0.0      0.0
  SINCE JUN 1      0.0                       0.0    0.0      0.0
  SINCE JUL 1      0.0                       0.0    0.0      0.0
  SNOW DEPTH       0

DEGREE DAYS
 HEATING
  YESTERDAY        0                         0      0        0
  MONTH TO DATE    1                         0      1        0
  SINCE JUN 1      1                         6     -5        3
  SINCE JUL 1      1                         0      1        0

 COOLING
  YESTERDAY       17                        16      1        7
  MONTH TO DATE  348                       427    -79      423
  SINCE JUN 1    690                       756    -66      825
  SINCE JAN 1    957                       892     65      963
..................................................................


WIND (MPH)
  HIGHEST WIND SPEED    32   HIGHEST WIND DIRECTION     N (10)
  HIGHEST GUST SPEED    43   HIGHEST GUST DIRECTION     N (10)
  AVERAGE WIND SPEED     9.3


SKY COVER
  POSSIBLE SUNSHINE  MM
  AVERAGE SKY COVER 0.7


WEATHER CONDITIONS
 THE FOLLOWING WEATHER WAS RECORDED YESTERDAY.
  LIGHT RAIN
  HAZE


RELATIVE HUMIDITY (PERCENT)
 HIGHEST    79           100 PM
 LOWEST     29           700 PM
 AVERAGE    54

..........................................................


THE WICHITA MID CONTINENT KS CLIMATE NORMALS FOR TODAY
                         NORMAL    RECORD    YEAR
 MAXIMUM TEMPERATURE (F)   93       107      2012
                                             2011
 MINIMUM TEMPERATURE (F)   70        56      2005


SUNRISE AND SUNSET
JULY 28 2014..........SUNRISE   630 AM CDT   SUNSET   842 PM CDT
JULY 29 2014..........SUNRISE   631 AM CDT   SUNSET   841 PM CDT


-  INDICATES NEGATIVE NUMBERS.
R  INDICATES RECORD WAS SET OR TIED.
MM INDICATES DATA IS MISSING.
T  INDICATES TRACE AMOUNT.




$$
