000
CDUS43 KICT 162308
CLIICT


CLIMATE REPORT
NATIONAL WEATHER SERVICE WICHITA KS
508 PM CST THU NOV 16 2017


...................................

...THE WICHITA EISENHOWER NATIONAL CLIMATE SUMMARY FOR NOVEMBER 16 2017...
VALID TODAY AS OF 0500 PM LOCAL TIME.

CLIMATE NORMAL PERIOD 1981 TO 2010
CLIMATE RECORD PERIOD 1888 TO 2017


WEATHER ITEM   OBSERVED TIME   RECORD YEAR NORMAL DEPARTURE LAST
                VALUE   (LST)  VALUE       VALUE  FROM      YEAR
                                                  NORMAL
..................................................................
TEMPERATURE (F)
 TODAY
  MAXIMUM         62    357 PM  84    2016  56      6       84
  MINIMUM         32    412 AM  10    1955  34     -2       39
  AVERAGE         47                        45      2       62

PRECIPITATION (IN)
  TODAY            0.00          2.91 1928   0.04  -0.04     0.00
  MONTH TO DATE    0.12                      0.86  -0.74     0.14
  SINCE SEP 1      6.06                      6.78  -0.72    13.48
  SINCE JAN 1     33.41                     30.87   2.54    49.82

SNOWFALL (IN)
  TODAY            0.0           1.8  2014   0.0    0.0      0.0
  MONTH TO DATE    0.0                       0.3   -0.3      0.0
  SINCE SEP 1      0.0                       0.4   -0.4      0.0
  SINCE JUL 1      0.0                       0.4   -0.4      0.0
  SNOW DEPTH       0

DEGREE DAYS
 HEATING
  TODAY           18                        20     -2        3
  MONTH TO DATE  292                       259     33      124
  SINCE SEP 1    516                       544    -28      214
  SINCE JUL 1    516                       545    -29      214

 COOLING
  TODAY            0                         0      0        0
  MONTH TO DATE    0                         0      0       11
  SINCE SEP 1    344                       257     87      382
  SINCE JAN 1   1783                      1684     99     2054
..................................................................


WIND (MPH)
  HIGHEST WIND SPEED    21   HIGHEST WIND DIRECTION     S (160)
  HIGHEST GUST SPEED    25   HIGHEST GUST DIRECTION     S (160)
  AVERAGE WIND SPEED     9.8


SKY COVER
  POSSIBLE SUNSHINE  MM
  AVERAGE SKY COVER 0.2


WEATHER CONDITIONS
 THE FOLLOWING WEATHER WAS RECORDED TODAY.
  NO SIGNIFICANT WEATHER WAS OBSERVED.


RELATIVE HUMIDITY (PERCENT)
 HIGHEST    96           400 AM
 LOWEST     35           200 PM
 AVERAGE    66

..........................................................


THE WICHITA EISENHOWER NATIONAL CLIMATE NORMALS FOR TOMORROW
                         NORMAL    RECORD    YEAR
 MAXIMUM TEMPERATURE (F)   56        78      1999
 MINIMUM TEMPERATURE (F)   34         8      1959


SUNRISE AND SUNSET
NOVEMBER 16 2017......SUNRISE   711 AM CST   SUNSET   518 PM CST
NOVEMBER 17 2017......SUNRISE   712 AM CST   SUNSET   517 PM CST


-  INDICATES NEGATIVE NUMBERS.
R  INDICATES RECORD WAS SET OR TIED.
MM INDICATES DATA IS MISSING.
T  INDICATES TRACE AMOUNT.




$$
