000
CDUS43 KICT 210741
CLIICT


CLIMATE REPORT
NATIONAL WEATHER SERVICE WICHITA KS
241 AM CDT THU SEP 21 2017


...................................

...THE WICHITA EISENHOWER NATIONAL CLIMATE SUMMARY FOR SEPTEMBER 20 2017...

CLIMATE NORMAL PERIOD 1981 TO 2010
CLIMATE RECORD PERIOD 1888 TO 2017


WEATHER ITEM   OBSERVED TIME   RECORD YEAR NORMAL DEPARTURE LAST
                VALUE   (LST)  VALUE       VALUE  FROM      YEAR
                                                  NORMAL
..................................................................
TEMPERATURE (F)
 YESTERDAY
  MAXIMUM         92    419 PM  99    1980  81     11       95
  MINIMUM         68    617 AM  36    1918  58     10       71
                                      1901
  AVERAGE         80                        69     11       83

PRECIPITATION (IN)
  YESTERDAY        0.00          1.88 1957   0.11  -0.11     0.00
  MONTH TO DATE    0.34                      2.13  -1.79     9.65
  SINCE SEP 1      0.34                      2.13  -1.79     9.65
  SINCE JAN 1     27.69                     26.22   1.47    45.99

SNOWFALL (IN)
  YESTERDAY        0.0           0.0  2007   0.0    0.0      0.0
  MONTH TO DATE    0.0                       0.0    0.0      0.0
  SINCE SEP 1      0.0                       0.0    0.0      0.0
  SINCE JUL 1      0.0                       0.0    0.0      0.0
  SNOW DEPTH       0

DEGREE DAYS
 HEATING
  YESTERDAY        0                         2     -2        0
  MONTH TO DATE    1                        12    -11        0
  SINCE SEP 1      1                        12    -11        0
  SINCE JUL 1      1                        13    -12        0

 COOLING
  YESTERDAY       15                         6      9       18
  MONTH TO DATE  187                       177     10      219
  SINCE SEP 1    187                       177     10      219
  SINCE JAN 1   1626                      1604     22     1891
..................................................................


WIND (MPH)
  HIGHEST WIND SPEED    21   HIGHEST WIND DIRECTION     S (180)
  HIGHEST GUST SPEED    28   HIGHEST GUST DIRECTION     S (170)
  AVERAGE WIND SPEED    12.0


SKY COVER
  POSSIBLE SUNSHINE  MM
  AVERAGE SKY COVER 0.4


WEATHER CONDITIONS
 THE FOLLOWING WEATHER WAS RECORDED YESTERDAY.
  NO SIGNIFICANT WEATHER WAS OBSERVED.


RELATIVE HUMIDITY (PERCENT)
 HIGHEST    84           600 AM
 LOWEST     44           200 PM
 AVERAGE    64

..........................................................


THE WICHITA EISENHOWER NATIONAL CLIMATE NORMALS FOR TODAY
                         NORMAL    RECORD    YEAR
 MAXIMUM TEMPERATURE (F)   80        99      1980
                                             1956
 MINIMUM TEMPERATURE (F)   57        37      1983


SUNRISE AND SUNSET
SEPTEMBER 21 2017.....SUNRISE   717 AM CDT   SUNSET   728 PM CDT
SEPTEMBER 22 2017.....SUNRISE   718 AM CDT   SUNSET   726 PM CDT


-  INDICATES NEGATIVE NUMBERS.
R  INDICATES RECORD WAS SET OR TIED.
MM INDICATES DATA IS MISSING.
T  INDICATES TRACE AMOUNT.




$$
