000
CDUS43 KICT 202309
CLIICT


CLIMATE REPORT
NATIONAL WEATHER SERVICE WICHITA KS
509 PM CST MON NOV 20 2017


...................................

...THE WICHITA EISENHOWER NATIONAL CLIMATE SUMMARY FOR NOVEMBER 20 2017...
VALID TODAY AS OF 0500 PM LOCAL TIME.

CLIMATE NORMAL PERIOD 1981 TO 2010
CLIMATE RECORD PERIOD 1888 TO 2017


WEATHER ITEM   OBSERVED TIME   RECORD YEAR NORMAL DEPARTURE LAST
                VALUE   (LST)  VALUE       VALUE  FROM      YEAR
                                                  NORMAL
..................................................................
TEMPERATURE (F)
 TODAY
  MAXIMUM         64    245 PM  83    1897  54     10       61
  MINIMUM         34    512 AM  13    1937  33      1       31
  AVERAGE         49                        43      6       46

PRECIPITATION (IN)
  TODAY            0.00          1.24 1979   0.04  -0.04     0.00
  MONTH TO DATE    0.12                      1.01  -0.89     0.14
  SINCE SEP 1      6.06                      6.93  -0.87    13.48
  SINCE JAN 1     33.41                     31.02   2.39    49.82

SNOWFALL (IN)
  TODAY            0.0           1.2  1906   0.1   -0.1      0.0
  MONTH TO DATE    0.0                       0.5   -0.5      0.0
  SINCE SEP 1      0.0                       0.6   -0.6      0.0
  SINCE JUL 1      0.0                       0.6   -0.6      0.0
  SNOW DEPTH       0

DEGREE DAYS
 HEATING
  TODAY           16                        22     -6       19
  MONTH TO DATE  347                       343      4      191
  SINCE SEP 1    571                       628    -57      281
  SINCE JUL 1    571                       629    -58      281

 COOLING
  TODAY            0                         0      0        0
  MONTH TO DATE    2                         0      2       11
  SINCE SEP 1    346                       257     89      382
  SINCE JAN 1   1785                      1684    101     2054
..................................................................


WIND (MPH)
  HIGHEST WIND SPEED    32   HIGHEST WIND DIRECTION     S (200)
  HIGHEST GUST SPEED    39   HIGHEST GUST DIRECTION     S (200)
  AVERAGE WIND SPEED    18.0


SKY COVER
  POSSIBLE SUNSHINE  MM
  AVERAGE SKY COVER 0.3


WEATHER CONDITIONS
 THE FOLLOWING WEATHER WAS RECORDED TODAY.
  NO SIGNIFICANT WEATHER WAS OBSERVED.


RELATIVE HUMIDITY (PERCENT)
 HIGHEST    70           500 AM
 LOWEST     25           100 PM
 AVERAGE    48

..........................................................


THE WICHITA EISENHOWER NATIONAL CLIMATE NORMALS FOR TOMORROW
                         NORMAL    RECORD    YEAR
 MAXIMUM TEMPERATURE (F)   53        74      2012
 MINIMUM TEMPERATURE (F)   32        10      1898


SUNRISE AND SUNSET
NOVEMBER 20 2017......SUNRISE   715 AM CST   SUNSET   515 PM CST
NOVEMBER 21 2017......SUNRISE   716 AM CST   SUNSET   515 PM CST


-  INDICATES NEGATIVE NUMBERS.
R  INDICATES RECORD WAS SET OR TIED.
MM INDICATES DATA IS MISSING.
T  INDICATES TRACE AMOUNT.




$$
