136
CDUS43 KICT 010621
CLIICT


CLIMATE REPORT
NATIONAL WEATHER SERVICE WICHITA KS
121 AM CDT SUN MAY 1 2016


...................................

...THE WICHITA EISENHOWER NATIONAL CLIMATE SUMMARY FOR APRIL 30 2016...

CLIMATE NORMAL PERIOD 1981 TO 2010
CLIMATE RECORD PERIOD 1888 TO 2016


WEATHER ITEM   OBSERVED TIME   RECORD YEAR NORMAL DEPARTURE LAST
                VALUE   (LST)  VALUE       VALUE  FROM      YEAR
                                                  NORMAL
..................................................................
TEMPERATURE (F)
 YESTERDAY
  MAXIMUM         64    302 PM  91    1959  72     -8       80
  MINIMUM         44   1124 PM  30    1907  50     -6       43
                                      1903
  AVERAGE         54                        61     -7       62

PRECIPITATION (IN)
  YESTERDAY        0.03          2.26 1951   0.11  -0.08     0.00
  MONTH TO DATE    6.23                      2.59   3.64     2.62
  SINCE MAR 1      7.76                      5.28   2.48     2.90
  SINCE JAN 1      8.50                      7.29   1.21     4.67

SNOWFALL (IN)
  YESTERDAY        0.0           0.0  2007   0.0    0.0      0.0
  MONTH TO DATE    0.0                       0.2   -0.2      0.0
  SINCE MAR 1      3.5                       2.5    1.0      1.1
  SINCE JUL 1      4.3                      14.9  -10.6     18.0
  SNOW DEPTH       0

DEGREE DAYS
 HEATING
  YESTERDAY       11                         5      6        3
  MONTH TO DATE  174                       290   -116      163
  SINCE MAR 1    563                       868   -305      637
  SINCE JUL 1   3413                      4508  -1095     4202

 COOLING
  YESTERDAY        0                         1     -1        0
  MONTH TO DATE   30                        24      6       28
  SINCE MAR 1     37                        26     11       28
  SINCE JAN 1     37                        26     11       28
..................................................................


WIND (MPH)
  HIGHEST WIND SPEED    23   HIGHEST WIND DIRECTION     W (290)
  HIGHEST GUST SPEED    30   HIGHEST GUST DIRECTION     W (270)
  AVERAGE WIND SPEED    12.5


SKY COVER
  POSSIBLE SUNSHINE  MM
  AVERAGE SKY COVER 0.6


WEATHER CONDITIONS
 THE FOLLOWING WEATHER WAS RECORDED YESTERDAY.
  LIGHT RAIN
  FOG


RELATIVE HUMIDITY (PERCENT)
 HIGHEST    96           300 AM
 LOWEST     46           600 PM
 AVERAGE    71

..........................................................


THE WICHITA EISENHOWER NATIONAL CLIMATE NORMALS FOR TODAY
                         NORMAL    RECORD    YEAR
 MAXIMUM TEMPERATURE (F)   72        91      1968
 MINIMUM TEMPERATURE (F)   50        27      1909


SUNRISE AND SUNSET
MAY  1 2016...........SUNRISE   634 AM CDT   SUNSET   820 PM CDT
MAY  2 2016...........SUNRISE   632 AM CDT   SUNSET   821 PM CDT


-  INDICATES NEGATIVE NUMBERS.
R  INDICATES RECORD WAS SET OR TIED.
MM INDICATES DATA IS MISSING.
T  INDICATES TRACE AMOUNT.




$$
