000
CDUS43 KICT 182208
CLIICT


CLIMATE REPORT
NATIONAL WEATHER SERVICE WICHITA KS
508 PM CDT THU SEP 18 2014


...................................

...THE WICHITA MID CONTINENT CLIMATE SUMMARY FOR SEPTEMBER 18 2014...
VALID TODAY AS OF 0500 PM LOCAL TIME.

CLIMATE NORMAL PERIOD 1981 TO 2010
CLIMATE RECORD PERIOD 1888 TO 2014


WEATHER ITEM   OBSERVED TIME   RECORD YEAR NORMAL DEPARTURE LAST
                VALUE   (LST)  VALUE       VALUE  FROM      YEAR
                                                  NORMAL
..................................................................
TEMPERATURE (F)
 TODAY
  MAXIMUM         90    306 PM 100    1997  82      8       94
  MINIMUM         69    830 AM  38    1973  58     11       70
  AVERAGE         80                        70     10       82

PRECIPITATION (IN)
  TODAY            0.00          1.79 1965   0.11  -0.11     0.00
  MONTH TO DATE    0.16                      1.91  -1.75     0.39
  SINCE SEP 1      0.16                      1.91  -1.75     0.39
  SINCE JAN 1     22.14                     26.00  -3.86    34.56

SNOWFALL (IN)
  TODAY            0.0           0.0  2007   0.0    0.0      0.0
  MONTH TO DATE    0.0                       0.0    0.0      0.0
  SINCE SEP 1      0.0                       0.0    0.0      0.0
  SINCE JUL 1      0.0                       0.0    0.0      0.0
  SNOW DEPTH       0

DEGREE DAYS
 HEATING
  TODAY            0                         1     -1        0
  MONTH TO DATE   20                         8     12        0
  SINCE SEP 1     20                         8     12        0
  SINCE JUL 1     21                         9     12        1

 COOLING
  TODAY           15                         6      9       17
  MONTH TO DATE  177                       165     12      255
  SINCE SEP 1    177                       165     12      255
  SINCE JAN 1   1673                      1592     81     1668
..................................................................


WIND (MPH)
  HIGHEST WIND SPEED    28   HIGHEST WIND DIRECTION     S (160)
  HIGHEST GUST SPEED    33   HIGHEST GUST DIRECTION    SE (150)
  AVERAGE WIND SPEED    14.3


SKY COVER
  POSSIBLE SUNSHINE  MM
  AVERAGE SKY COVER 0.7


WEATHER CONDITIONS
 THE FOLLOWING WEATHER WAS RECORDED TODAY.
  NO SIGNIFICANT WEATHER WAS OBSERVED.


RELATIVE HUMIDITY (PERCENT)
 HIGHEST    90           500 AM
 LOWEST     32           300 PM
 AVERAGE    61

..........................................................


THE WICHITA MID CONTINENT CLIMATE NORMALS FOR TOMORROW
                         NORMAL    RECORD    YEAR
 MAXIMUM TEMPERATURE (F)   81       101      1954
 MINIMUM TEMPERATURE (F)   58        38      1991


SUNRISE AND SUNSET
SEPTEMBER 18 2014.....SUNRISE   714 AM CDT   SUNSET   733 PM CDT
SEPTEMBER 19 2014.....SUNRISE   715 AM CDT   SUNSET   731 PM CDT


-  INDICATES NEGATIVE NUMBERS.
R  INDICATES RECORD WAS SET OR TIED.
MM INDICATES DATA IS MISSING.
T  INDICATES TRACE AMOUNT.




$$
