967
CDUS43 KICT 240622
CLIICT


CLIMATE REPORT
NATIONAL WEATHER SERVICE WICHITA KS
121 AM CDT MON APR 24 2017


...................................

...THE WICHITA EISENHOWER NATIONAL CLIMATE SUMMARY FOR APRIL 23 2017...

CLIMATE NORMAL PERIOD 1981 TO 2010
CLIMATE RECORD PERIOD 1888 TO 2017


WEATHER ITEM   OBSERVED TIME   RECORD YEAR NORMAL DEPARTURE LAST
                VALUE   (LST)  VALUE       VALUE  FROM      YEAR
                                                  NORMAL
..................................................................
TEMPERATURE (F)
 YESTERDAY
  MAXIMUM         68    450 PM  94    2006  70     -2       81
  MINIMUM         38    613 AM  32    2013  47     -9       49
  AVERAGE         53                        59     -6       65

PRECIPITATION (IN)
  YESTERDAY        0.00          1.40 1922   0.10  -0.10     0.00
  MONTH TO DATE    5.61                      1.85   3.76     2.75
  SINCE MAR 1      9.11                      4.54   4.57     4.28
  SINCE JAN 1     12.73                      6.55   6.18     5.02

SNOWFALL (IN)
  YESTERDAY        0.0           0.2  2013   0.0    0.0      0.0
  MONTH TO DATE    0.0                       0.2   -0.2      0.0
  SINCE MAR 1      T                         2.5   -2.5      3.5
  SINCE JUL 1      2.0                      14.9  -12.9      4.3
  SNOW DEPTH       0

DEGREE DAYS
 HEATING
  YESTERDAY       12                         7      5        0
  MONTH TO DATE  152                       246    -94      136
  SINCE MAR 1    581                       823   -242      525
  SINCE JUL 1   3425                      4463  -1038     3375

 COOLING
  YESTERDAY        0                         1     -1        0
  MONTH TO DATE   27                        16     11       12
  SINCE MAR 1     45                        18     27       19
  SINCE JAN 1     45                        18     27       19
..................................................................


WIND (MPH)
  HIGHEST WIND SPEED    14   HIGHEST WIND DIRECTION     S (160)
  HIGHEST GUST SPEED    26   HIGHEST GUST DIRECTION     S (190)
  AVERAGE WIND SPEED     5.9


SKY COVER
  POSSIBLE SUNSHINE  MM
  AVERAGE SKY COVER 0.2


WEATHER CONDITIONS
 THE FOLLOWING WEATHER WAS RECORDED YESTERDAY.
  NO SIGNIFICANT WEATHER WAS OBSERVED.


RELATIVE HUMIDITY (PERCENT)
 HIGHEST    86           300 AM
 LOWEST     29          1000 AM
 AVERAGE    58

..........................................................


THE WICHITA EISENHOWER NATIONAL CLIMATE NORMALS FOR TODAY
                         NORMAL    RECORD    YEAR
 MAXIMUM TEMPERATURE (F)   70        90      1989
                                             1893
 MINIMUM TEMPERATURE (F)   48        25      2013


SUNRISE AND SUNSET
APRIL 24 2017.........SUNRISE   642 AM CDT   SUNSET   814 PM CDT
APRIL 25 2017.........SUNRISE   641 AM CDT   SUNSET   815 PM CDT


-  INDICATES NEGATIVE NUMBERS.
R  INDICATES RECORD WAS SET OR TIED.
MM INDICATES DATA IS MISSING.
T  INDICATES TRACE AMOUNT.




$$
