000
CDUS43 KICT 270627
CLIICT


CLIMATE REPORT
NATIONAL WEATHER SERVICE WICHITA KS
1226 AM CST TUE JAN 27 2015


...................................

...THE WICHITA MID CONTINENT KS CLIMATE SUMMARY FOR JANUARY 26 2015...

CLIMATE NORMAL PERIOD 1981 TO 2010
CLIMATE RECORD PERIOD 1888 TO 2015


WEATHER ITEM   OBSERVED TIME   RECORD YEAR NORMAL DEPARTURE LAST
                VALUE   (LST)  VALUE       VALUE  FROM      YEAR
                                                  NORMAL
..................................................................
TEMPERATURE (F)
 YESTERDAY
  MAXIMUM         74R   357 PM  69    1953  44     30       62
                                      1951
  MINIMUM         25    432 AM  -6    1904  22      3       27
                                      1902
  AVERAGE         50                        33     17       45

PRECIPITATION (IN)
  YESTERDAY        0.00          0.89 1944   0.03  -0.03     0.00
  MONTH TO DATE    0.44                      0.66  -0.22     0.11
  SINCE DEC 1      1.73                      1.86  -0.13     0.71
  SINCE JAN 1      0.44                      0.66  -0.22     0.11

SNOWFALL (IN)
  YESTERDAY        0.0           4.0  1948   0.1   -0.1      0.0
  MONTH TO DATE    4.0                       2.9    1.1      2.9
  SINCE DEC 1      8.2                       7.1    1.1      6.3
  SINCE JUL 1     10.0                       8.5    1.5      6.3
  SNOW DEPTH       0

DEGREE DAYS
 HEATING
  YESTERDAY       15                        32    -17       20
  MONTH TO DATE  845                       854     -9      835
  SINCE DEC 1   1670                      1821   -151     1905
  SINCE JUL 1   2550                      2697   -147     2790

 COOLING
  YESTERDAY        0                         0      0        0
  MONTH TO DATE    0                         0      0        0
  SINCE DEC 1      0                         0      0        0
  SINCE JAN 1      0                         0      0        0
..................................................................


WIND (MPH)
  HIGHEST WIND SPEED    23   HIGHEST WIND DIRECTION    NW (320)
  HIGHEST GUST SPEED    26   HIGHEST GUST DIRECTION     N (340)
  AVERAGE WIND SPEED     8.5


SKY COVER
  POSSIBLE SUNSHINE  MM
  AVERAGE SKY COVER 0.1


WEATHER CONDITIONS
 THE FOLLOWING WEATHER WAS RECORDED YESTERDAY.
  NO SIGNIFICANT WEATHER WAS OBSERVED.


RELATIVE HUMIDITY (PERCENT)
 HIGHEST    92           200 AM
 LOWEST     23           400 PM
 AVERAGE    58

..........................................................


THE WICHITA MID CONTINENT KS CLIMATE NORMALS FOR TODAY
                         NORMAL    RECORD    YEAR
 MAXIMUM TEMPERATURE (F)   44        69      2013
                                             2002
 MINIMUM TEMPERATURE (F)   22        -6      1963


SUNRISE AND SUNSET
JANUARY 27 2015.......SUNRISE   737 AM CST   SUNSET   548 PM CST
JANUARY 28 2015.......SUNRISE   737 AM CST   SUNSET   549 PM CST


-  INDICATES NEGATIVE NUMBERS.
R  INDICATES RECORD WAS SET OR TIED.
MM INDICATES DATA IS MISSING.
T  INDICATES TRACE AMOUNT.




$$
