000
CDUS43 KICT 172307
CLIICT


CLIMATE REPORT
NATIONAL WEATHER SERVICE WICHITA KS
507 PM CST SAT FEB 17 2018


...................................

...THE WICHITA EISENHOWER NATIONAL CLIMATE SUMMARY FOR FEBRUARY 17 2018...
VALID TODAY AS OF 0500 PM LOCAL TIME.

CLIMATE NORMAL PERIOD 1981 TO 2010
CLIMATE RECORD PERIOD 1888 TO 2018


WEATHER ITEM   OBSERVED TIME   RECORD YEAR NORMAL DEPARTURE LAST
                VALUE   (LST)  VALUE       VALUE  FROM      YEAR
                                                  NORMAL
..................................................................
TEMPERATURE (F)
 TODAY
  MAXIMUM         61    336 PM  78    2011  49     12       73
  MINIMUM         31    756 AM  -4    1903  27      4       36
  AVERAGE         46                        38      8       55

PRECIPITATION (IN)
  TODAY            0.00          1.05 2000   0.04  -0.04     0.00
  MONTH TO DATE    T                         0.66  -0.66     0.03
  SINCE DEC 1      0.23                      2.69  -2.46     3.48
  SINCE JAN 1      0.20                      1.49  -1.29     2.82

SNOWFALL (IN)
  TODAY            0.0           1.9  1979   0.1   -0.1      0.0
  MONTH TO DATE    T                         2.3   -2.3      0.0
  SINCE DEC 1      0.3                      10.1   -9.8      2.0
  SINCE JUL 1      0.3                      11.5  -11.2      2.0
  SNOW DEPTH       0

DEGREE DAYS
 HEATING
  TODAY           19                        27     -8       10
  MONTH TO DATE  522                       500     22      359
  SINCE DEC 1   2339                      2484   -145     2218
  SINCE JUL 1   3069                      3360   -291     2671

 COOLING
  TODAY            0                         0      0        0
  MONTH TO DATE    0                         0      0        0
  SINCE DEC 1      0                         0      0        0
  SINCE JAN 1      0                         0      0        0
..................................................................


WIND (MPH)
  HIGHEST WIND SPEED    28   HIGHEST WIND DIRECTION     N (340)
  HIGHEST GUST SPEED    36   HIGHEST GUST DIRECTION     N (340)
  AVERAGE WIND SPEED    14.6


SKY COVER
  POSSIBLE SUNSHINE  MM
  AVERAGE SKY COVER 0.5


WEATHER CONDITIONS
 THE FOLLOWING WEATHER WAS RECORDED TODAY.
  NO SIGNIFICANT WEATHER WAS OBSERVED.


RELATIVE HUMIDITY (PERCENT)
 HIGHEST   100           800 AM
 LOWEST     14           400 PM
 AVERAGE    57

..........................................................


THE WICHITA EISENHOWER NATIONAL CLIMATE NORMALS FOR TOMORROW
                         NORMAL    RECORD    YEAR
 MAXIMUM TEMPERATURE (F)   49        77      2016
 MINIMUM TEMPERATURE (F)   27        -2      1889


SUNRISE AND SUNSET
FEBRUARY 17 2018......SUNRISE   717 AM CST   SUNSET   611 PM CST
FEBRUARY 18 2018......SUNRISE   715 AM CST   SUNSET   612 PM CST


-  INDICATES NEGATIVE NUMBERS.
R  INDICATES RECORD WAS SET OR TIED.
MM INDICATES DATA IS MISSING.
T  INDICATES TRACE AMOUNT.




$$
