000
CDUS43 KICT 210637
CLIICT


CLIMATE REPORT
NATIONAL WEATHER SERVICE WICHITA KS
137 AM CDT THU JUL 21 2016


...................................

...THE WICHITA EISENHOWER NATIONAL CLIMATE SUMMARY FOR JULY 20 2016...

CLIMATE NORMAL PERIOD 1981 TO 2010
CLIMATE RECORD PERIOD 1888 TO 2016


WEATHER ITEM   OBSERVED TIME   RECORD YEAR NORMAL DEPARTURE LAST
                VALUE   (LST)  VALUE       VALUE  FROM      YEAR
                                                  NORMAL
..................................................................
TEMPERATURE (F)
 YESTERDAY
  MAXIMUM        101    259 PM 109    2006  93      8       97
  MINIMUM         76    521 AM  55    1971  70      6       76
  AVERAGE         89                        81      8       87

PRECIPITATION (IN)
  YESTERDAY        0.00          1.93 1961   0.09  -0.09     0.02
  MONTH TO DATE    8.40                      2.28   6.12     4.89
  SINCE JUN 1     11.23                      7.48   3.75     7.09
  SINCE JAN 1     26.79                     19.34   7.45    23.53

SNOWFALL (IN)
  YESTERDAY        0.0           0.0  2007   0.0    0.0      0.0
  MONTH TO DATE    0.0                       0.0    0.0      0.0
  SINCE JUN 1      0.0                       0.0    0.0      0.0
  SINCE JUL 1      0.0                       0.0    0.0      0.0
  SNOW DEPTH       0

DEGREE DAYS
 HEATING
  YESTERDAY        0                         0      0        0
  MONTH TO DATE    0                         0      0        0
  SINCE JUN 1      0                         6     -6        0
  SINCE JUL 1      0                         0      0        0

 COOLING
  YESTERDAY       24                        16      8       22
  MONTH TO DATE  368                       315     53      337
  SINCE JUN 1    854                       644    210      796
  SINCE JAN 1    984                       780    204      909
..................................................................


WIND (MPH)
  HIGHEST WIND SPEED    24   HIGHEST WIND DIRECTION     S (160)
  HIGHEST GUST SPEED    33   HIGHEST GUST DIRECTION    SE (150)
  AVERAGE WIND SPEED    14.3


SKY COVER
  POSSIBLE SUNSHINE  MM
  AVERAGE SKY COVER 0.1


WEATHER CONDITIONS
 THE FOLLOWING WEATHER WAS RECORDED YESTERDAY.
  NO SIGNIFICANT WEATHER WAS OBSERVED.


RELATIVE HUMIDITY (PERCENT)
 HIGHEST    82           500 AM
 LOWEST     37           200 PM
 AVERAGE    60

..........................................................


THE WICHITA EISENHOWER NATIONAL CLIMATE NORMALS FOR TODAY
                         NORMAL    RECORD    YEAR
 MAXIMUM TEMPERATURE (F)   93       107      1974
 MINIMUM TEMPERATURE (F)   70        53      1970


SUNRISE AND SUNSET
JULY 21 2016..........SUNRISE   625 AM CDT   SUNSET   847 PM CDT
JULY 22 2016..........SUNRISE   626 AM CDT   SUNSET   846 PM CDT


-  INDICATES NEGATIVE NUMBERS.
R  INDICATES RECORD WAS SET OR TIED.
MM INDICATES DATA IS MISSING.
T  INDICATES TRACE AMOUNT.




$$
