000
CDUS43 KICT 262208
CLIICT


CLIMATE REPORT
NATIONAL WEATHER SERVICE WICHITA KS
508 PM CDT SUN MAR 26 2017


...................................

...THE WICHITA EISENHOWER NATIONAL CLIMATE SUMMARY FOR MARCH 26 2017...
VALID TODAY AS OF 0500 PM LOCAL TIME.

CLIMATE NORMAL PERIOD 1981 TO 2010
CLIMATE RECORD PERIOD 1888 TO 2017


WEATHER ITEM   OBSERVED TIME   RECORD YEAR NORMAL DEPARTURE LAST
                VALUE   (LST)  VALUE       VALUE  FROM      YEAR
                                                  NORMAL
..................................................................
TEMPERATURE (F)
 TODAY
  MAXIMUM         61    123 PM  83    1918  61      0       64
  MINIMUM         43    755 AM   6    1955  38      5       37
  AVERAGE         52                        50      2       51

PRECIPITATION (IN)
  TODAY            0.23          2.59 1961   0.09   0.14     0.09
  MONTH TO DATE    0.81                      2.19  -1.38     1.00
  SINCE MAR 1      0.81                      2.19  -1.38     1.00
  SINCE JAN 1      4.43                      4.20   0.23     1.74

SNOWFALL (IN)
  TODAY           MM             0.5  1916   0.0   MM        0.0
  MONTH TO DATE    T                         2.0   -2.0       T
  SINCE MAR 1      T                         2.0   -2.0       T
  SINCE JUL 1      2.0                      14.4  -12.4      0.8
  SNOW DEPTH       0

DEGREE DAYS
 HEATING
  TODAY           13                        16     -3       14
  MONTH TO DATE  353                       503   -150      334
  SINCE MAR 1    353                       503   -150      334
  SINCE JUL 1   3197                      4143   -946     3184

 COOLING
  TODAY            0                         0      0        0
  MONTH TO DATE   18                         0     18        3
  SINCE MAR 1     18                         0     18        3
  SINCE JAN 1     18                         0     18        3
..................................................................


WIND (MPH)
  HIGHEST WIND SPEED    21   HIGHEST WIND DIRECTION     E (70)
  HIGHEST GUST SPEED    40   HIGHEST GUST DIRECTION     E (70)
  AVERAGE WIND SPEED     5.0


SKY COVER
  POSSIBLE SUNSHINE  MM
  AVERAGE SKY COVER 0.9


WEATHER CONDITIONS
 THE FOLLOWING WEATHER WAS RECORDED TODAY.
  THUNDERSTORM
  HEAVY RAIN
  RAIN
  LIGHT RAIN
  FOG
  HAZE


RELATIVE HUMIDITY (PERCENT)
 HIGHEST   100           100 AM
 LOWEST     67           100 PM
 AVERAGE    84

..........................................................


THE WICHITA EISENHOWER NATIONAL CLIMATE NORMALS FOR TOMORROW
                         NORMAL    RECORD    YEAR
 MAXIMUM TEMPERATURE (F)   62        90      1895
 MINIMUM TEMPERATURE (F)   38        14      1955


SUNRISE AND SUNSET
MARCH 26 2017.........SUNRISE   724 AM CDT   SUNSET   747 PM CDT
MARCH 27 2017.........SUNRISE   722 AM CDT   SUNSET   748 PM CDT


-  INDICATES NEGATIVE NUMBERS.
R  INDICATES RECORD WAS SET OR TIED.
MM INDICATES DATA IS MISSING.
T  INDICATES TRACE AMOUNT.




$$
