107
CDUS43 KICT 260627
CLIICT


CLIMATE REPORT
NATIONAL WEATHER SERVICE WICHITA KS
126 AM CDT THU MAY 26 2016


...................................

...THE WICHITA EISENHOWER NATIONAL CLIMATE SUMMARY FOR MAY 25 2016...

CLIMATE NORMAL PERIOD 1981 TO 2010
CLIMATE RECORD PERIOD 1888 TO 2016


WEATHER ITEM   OBSERVED TIME   RECORD YEAR NORMAL DEPARTURE LAST
                VALUE   (LST)  VALUE       VALUE  FROM      YEAR
                                                  NORMAL
..................................................................
TEMPERATURE (F)
 YESTERDAY
  MAXIMUM         90    420 PM 100    1962  79     11       80
  MINIMUM         62   1222 AM  42    1925  58      4       58
  AVERAGE         76                        69      7       69

PRECIPITATION (IN)
  YESTERDAY        1.09          3.06 1963   0.15   0.94     0.54
  MONTH TO DATE    5.96                      3.58   2.38    11.12
  SINCE MAR 1     13.72                      8.86   4.86    14.02
  SINCE JAN 1     14.46                     10.87   3.59    15.79

SNOWFALL (IN)
  YESTERDAY        0.0           0.0  2007   0.0    0.0      0.0
                                      2001
  MONTH TO DATE    0.0                       0.0    0.0      0.0
  SINCE MAR 1      3.5                       2.5    1.0      1.1
  SINCE JUL 1      4.3                      14.9  -10.6     18.0
  SNOW DEPTH       0

DEGREE DAYS
 HEATING
  YESTERDAY        0                         1     -1        0
  MONTH TO DATE   91                        74     17       74
  SINCE MAR 1    654                       942   -288      711
  SINCE JUL 1   3504                      4582  -1078     4276

 COOLING
  YESTERDAY       11                         5      6        4
  MONTH TO DATE   52                        75    -23       59
  SINCE MAR 1     89                       101    -12       87
  SINCE JAN 1     89                       101    -12       87
..................................................................


WIND (MPH)
  HIGHEST WIND SPEED    28   HIGHEST WIND DIRECTION     S (170)
  HIGHEST GUST SPEED    35   HIGHEST GUST DIRECTION     S (170)
  AVERAGE WIND SPEED    16.9


SKY COVER
  POSSIBLE SUNSHINE  MM
  AVERAGE SKY COVER 0.7


WEATHER CONDITIONS
 THE FOLLOWING WEATHER WAS RECORDED YESTERDAY.
  THUNDERSTORM
  HEAVY RAIN
  LIGHT RAIN


RELATIVE HUMIDITY (PERCENT)
 HIGHEST    93          1200 AM
 LOWEST     56           400 PM
 AVERAGE    75

..........................................................


THE WICHITA EISENHOWER NATIONAL CLIMATE NORMALS FOR TODAY
                         NORMAL    RECORD    YEAR
 MAXIMUM TEMPERATURE (F)   80        98      1964
 MINIMUM TEMPERATURE (F)   59        40      1901


SUNRISE AND SUNSET
MAY 26 2016...........SUNRISE   612 AM CDT   SUNSET   842 PM CDT
MAY 27 2016...........SUNRISE   612 AM CDT   SUNSET   842 PM CDT


-  INDICATES NEGATIVE NUMBERS.
R  INDICATES RECORD WAS SET OR TIED.
MM INDICATES DATA IS MISSING.
T  INDICATES TRACE AMOUNT.




$$
