998
CDUS43 KICT 152310
CLIICT


CLIMATE REPORT
NATIONAL WEATHER SERVICE WICHITA KS
510 PM CST FRI DEC 15 2017


...................................

...THE WICHITA EISENHOWER NATIONAL CLIMATE SUMMARY FOR DECEMBER 15 2017...
VALID TODAY AS OF 0500 PM LOCAL TIME.

CLIMATE NORMAL PERIOD 1981 TO 2010
CLIMATE RECORD PERIOD 1888 TO 2017


WEATHER ITEM   OBSERVED TIME   RECORD YEAR NORMAL DEPARTURE LAST
                VALUE   (LST)  VALUE       VALUE  FROM      YEAR
                                                  NORMAL
..................................................................
TEMPERATURE (F)
 TODAY
  MAXIMUM         51    351 PM  66    2006  43      8       32
                                      1939
  MINIMUM         25    742 AM -10    1989  24      1       15
  AVERAGE         38                        33      5       24

PRECIPITATION (IN)
  TODAY            0.00          2.57 1984   0.04  -0.04      T
  MONTH TO DATE    0.00                      0.64  -0.64     0.37
  SINCE DEC 1      0.00                      0.64  -0.64     0.37
  SINCE JAN 1     33.81                     32.08   1.73    50.31

SNOWFALL (IN)
  TODAY            0.0           1.6  2007   0.1   -0.1      0.0
  MONTH TO DATE    0.0                       2.0   -2.0       T
  SINCE DEC 1      0.0                       2.0   -2.0       T
  SINCE JUL 1      0.0                       3.4   -3.4       T
  SNOW DEPTH       0

DEGREE DAYS
 HEATING
  TODAY           27                        32     -5       41
  MONTH TO DATE  336                       444   -108      486
  SINCE DEC 1    336                       444   -108      486
  SINCE JUL 1   1066                      1320   -254      939

 COOLING
  TODAY            0                         0      0        0
  MONTH TO DATE    0                         0      0        0
  SINCE DEC 1      0                         0      0        0
  SINCE JAN 1   1785                      1686     99     2054
..................................................................


WIND (MPH)
  HIGHEST WIND SPEED    20   HIGHEST WIND DIRECTION    SW (230)
  HIGHEST GUST SPEED    26   HIGHEST GUST DIRECTION    SW (220)
  AVERAGE WIND SPEED    10.4


SKY COVER
  POSSIBLE SUNSHINE  MM
  AVERAGE SKY COVER 0.2


WEATHER CONDITIONS
 THE FOLLOWING WEATHER WAS RECORDED TODAY.
  NO SIGNIFICANT WEATHER WAS OBSERVED.


RELATIVE HUMIDITY (PERCENT)
 HIGHEST    89           100 AM
 LOWEST     36           400 PM
 AVERAGE    63

..........................................................


THE WICHITA EISENHOWER NATIONAL CLIMATE NORMALS FOR TOMORROW
                         NORMAL    RECORD    YEAR
 MAXIMUM TEMPERATURE (F)   43        69      1939
 MINIMUM TEMPERATURE (F)   24        -6      1989


SUNRISE AND SUNSET
DECEMBER 15 2017......SUNRISE   738 AM CST   SUNSET   512 PM CST
DECEMBER 16 2017......SUNRISE   738 AM CST   SUNSET   513 PM CST


-  INDICATES NEGATIVE NUMBERS.
R  INDICATES RECORD WAS SET OR TIED.
MM INDICATES DATA IS MISSING.
T  INDICATES TRACE AMOUNT.




$$
