000
CDUS43 KICT 300637
CLIICT

CLIMATE REPORT
NATIONAL WEATHER SERVICE WICHITA KS
134 AM CDT TUE JUN 30 2015

...................................

...THE WICHITA EISENHOWER NATIONAL CLIMATE SUMMARY FOR JUNE 29 2015...

CLIMATE NORMAL PERIOD 1981 TO 2010
CLIMATE RECORD PERIOD 1888 TO 2015


WEATHER ITEM   OBSERVED TIME   RECORD YEAR NORMAL DEPARTURE LAST
                VALUE   (LST)  VALUE       VALUE  FROM      YEAR
                                                  NORMAL
..................................................................
TEMPERATURE (F)
 YESTERDAY
  MAXIMUM         92    425 PM 105    1998  91      1       88
                                      1990
                                      1933
  MINIMUM         64    535 AM  54    1923  68     -4       70
  AVERAGE         78                        80     -2       79

PRECIPITATION (IN)
  YESTERDAY        0.00          2.38 1987   0.14  -0.14     0.01
  MONTH TO DATE    2.20                      5.06  -2.86     9.33
  SINCE JUN 1      2.20                      5.06  -2.86     9.33
  SINCE JAN 1     18.64                     16.92   1.72    15.40

SNOWFALL (IN)
  YESTERDAY        0.0           0.0  2007   0.0    0.0      0.0
  MONTH TO DATE    0.0                       0.0    0.0      0.0
  SINCE JUN 1      0.0                       0.0    0.0      0.0
  SINCE JUL 1     18.0                      14.9    3.1     23.0
  SNOW DEPTH       0

DEGREE DAYS
 HEATING
  YESTERDAY        0                         0      0        0
  MONTH TO DATE    0                         3     -3        0
  SINCE JUN 1      0                         3     -3        0
  SINCE JUL 1   4279                      4591   -312     4939

 COOLING
  YESTERDAY       13                        15     -2       14
  MONTH TO DATE  441                       314    127      324
  SINCE JUN 1    441                       314    127      324
  SINCE JAN 1    554                       450    104      591
..................................................................


WIND (MPH)
  HIGHEST WIND SPEED    15   HIGHEST WIND DIRECTION     N (350)
  HIGHEST GUST SPEED    22   HIGHEST GUST DIRECTION     N (340)
  AVERAGE WIND SPEED     6.0


SKY COVER
  POSSIBLE SUNSHINE  MM
  AVERAGE SKY COVER 0.5


WEATHER CONDITIONS
 THE FOLLOWING WEATHER WAS RECORDED YESTERDAY.
  NO SIGNIFICANT WEATHER WAS OBSERVED.


RELATIVE HUMIDITY (PERCENT)
 HIGHEST    78           600 AM
 LOWEST     28           300 PM
 AVERAGE    53

..........................................................


THE WICHITA EISENHOWER NATIONAL CLIMATE NORMALS FOR TODAY
                         NORMAL    RECORD    YEAR
 MAXIMUM TEMPERATURE (F)   91       110      1980
 MINIMUM TEMPERATURE (F)   69        54      1943


SUNRISE AND SUNSET
JUNE 30 2015..........SUNRISE   611 AM CDT   SUNSET   855 PM CDT
JULY  1 2015..........SUNRISE   612 AM CDT   SUNSET   855 PM CDT


-  INDICATES NEGATIVE NUMBERS.
R  INDICATES RECORD WAS SET OR TIED.
MM INDICATES DATA IS MISSING.
T  INDICATES TRACE AMOUNT.

$$
