000
CDUS43 KICT 220635
CLIICT


CLIMATE REPORT
NATIONAL WEATHER SERVICE WICHITA KS
135 AM CDT SAT APR 22 2017


...................................

...THE WICHITA EISENHOWER NATIONAL CLIMATE SUMMARY FOR APRIL 21 2017...

CLIMATE NORMAL PERIOD 1981 TO 2010
CLIMATE RECORD PERIOD 1888 TO 2017


WEATHER ITEM   OBSERVED TIME   RECORD YEAR NORMAL DEPARTURE LAST
                VALUE   (LST)  VALUE       VALUE  FROM      YEAR
                                                  NORMAL
..................................................................
TEMPERATURE (F)
 YESTERDAY
  MAXIMUM         63    840 AM  92    1963  69     -6       75
  MINIMUM         46   1159 PM  28    1966  46      0       45
  AVERAGE         55                        58     -3       60

PRECIPITATION (IN)
  YESTERDAY        0.59          1.07 1908   0.09   0.50     0.00
  MONTH TO DATE    5.61                      1.65   3.96     2.75
  SINCE MAR 1      9.11                      4.34   4.77     4.28
  SINCE JAN 1     12.73                      6.35   6.38     5.02

SNOWFALL (IN)
  YESTERDAY       MM             T    1931   0.0   MM        0.0
  MONTH TO DATE    0.0                       0.2   -0.2      0.0
  SINCE MAR 1      T                         2.5   -2.5      3.5
  SINCE JUL 1      2.0                      14.9  -12.9      4.3
  SNOW DEPTH       0

DEGREE DAYS
 HEATING
  YESTERDAY       10                         8      2        5
  MONTH TO DATE  128                       231   -103      133
  SINCE MAR 1    557                       808   -251      522
  SINCE JUL 1   3401                      4448  -1047     3372

 COOLING
  YESTERDAY        0                         1     -1        0
  MONTH TO DATE   27                        14     13       12
  SINCE MAR 1     45                        16     29       19
  SINCE JAN 1     45                        16     29       19
..................................................................


WIND (MPH)
  HIGHEST WIND SPEED    35   HIGHEST WIND DIRECTION    NE (60)
  HIGHEST GUST SPEED    44   HIGHEST GUST DIRECTION     E (80)
  AVERAGE WIND SPEED    15.3


SKY COVER
  POSSIBLE SUNSHINE  MM
  AVERAGE SKY COVER 0.8


WEATHER CONDITIONS
 THE FOLLOWING WEATHER WAS RECORDED YESTERDAY.
  THUNDERSTORM
  HEAVY RAIN
  RAIN
  LIGHT RAIN
  FOG


RELATIVE HUMIDITY (PERCENT)
 HIGHEST   100          1000 AM
 LOWEST     67           300 AM
 AVERAGE    84

..........................................................


THE WICHITA EISENHOWER NATIONAL CLIMATE NORMALS FOR TODAY
                         NORMAL    RECORD    YEAR
 MAXIMUM TEMPERATURE (F)   70        91      2006
                                             1955
 MINIMUM TEMPERATURE (F)   47        32      1959


SUNRISE AND SUNSET
APRIL 22 2017.........SUNRISE   645 AM CDT   SUNSET   812 PM CDT
APRIL 23 2017.........SUNRISE   644 AM CDT   SUNSET   813 PM CDT


-  INDICATES NEGATIVE NUMBERS.
R  INDICATES RECORD WAS SET OR TIED.
MM INDICATES DATA IS MISSING.
T  INDICATES TRACE AMOUNT.




$$
