809
CDUS43 KICT 072302
CLIICT


CLIMATE REPORT
NATIONAL WEATHER SERVICE WICHITA KS
502 PM CST SUN FEB 7 2016


...................................

...THE WICHITA EISENHOWER NATIONAL CLIMATE SUMMARY FOR FEBRUARY 7 2016...
VALID TODAY AS OF 0500 PM LOCAL TIME.

CLIMATE NORMAL PERIOD 1981 TO 2010
CLIMATE RECORD PERIOD 1888 TO 2016


WEATHER ITEM   OBSERVED TIME   RECORD YEAR NORMAL DEPARTURE LAST
                VALUE   (LST)  VALUE       VALUE  FROM      YEAR
                                                  NORMAL
..................................................................
TEMPERATURE (F)
 TODAY
  MAXIMUM         57    230 PM  70    2009  46     11       67
  MINIMUM         30    544 AM -13    1895  24      6       30
  AVERAGE         44                        35      9       49

PRECIPITATION (IN)
  TODAY            0.00          0.63 1935   0.04  -0.04     0.00
  MONTH TO DATE    0.55                      0.24   0.31     0.03
  SINCE DEC 1      2.96                      2.27   0.69     2.43
  SINCE JAN 1      0.74                      1.07  -0.33     1.14

SNOWFALL (IN)
  TODAY            0.0           9.2  1980   0.2   -0.2      0.0
  MONTH TO DATE    0.0                       1.0   -1.0      0.1
  SINCE DEC 1      0.5                       8.8   -8.3      8.3
  SINCE JUL 1      0.8                      10.2   -9.4     10.1
  SNOW DEPTH       0

DEGREE DAYS
 HEATING
  TODAY           21                        30     -9       16
  MONTH TO DATE  183                       214    -31      224
  SINCE DEC 1   1865                      2198   -333     1998
  SINCE JUL 1   2434                      3074   -640     2878

 COOLING
  TODAY            0                         0      0        0
  MONTH TO DATE    0                         0      0        0
  SINCE DEC 1      0                         0      0        0
  SINCE JAN 1      0                         0      0        0
..................................................................


WIND (MPH)
  HIGHEST WIND SPEED    33   HIGHEST WIND DIRECTION    NW (330)
  HIGHEST GUST SPEED    40   HIGHEST GUST DIRECTION     N (340)
  AVERAGE WIND SPEED    13.1


SKY COVER
  POSSIBLE SUNSHINE  MM
  AVERAGE SKY COVER 0.5


WEATHER CONDITIONS
 THE FOLLOWING WEATHER WAS RECORDED TODAY.
  NO SIGNIFICANT WEATHER WAS OBSERVED.


RELATIVE HUMIDITY (PERCENT)
 HIGHEST    78           600 AM
 LOWEST     24           200 PM
 AVERAGE    51

..........................................................


THE WICHITA EISENHOWER NATIONAL CLIMATE NORMALS FOR TOMORROW
                         NORMAL    RECORD    YEAR
 MAXIMUM TEMPERATURE (F)   46        74      2015
 MINIMUM TEMPERATURE (F)   24       -12      1933


SUNRISE AND SUNSET
FEBRUARY  7 2016......SUNRISE   728 AM CST   SUNSET   600 PM CST
FEBRUARY  8 2016......SUNRISE   727 AM CST   SUNSET   601 PM CST


-  INDICATES NEGATIVE NUMBERS.
R  INDICATES RECORD WAS SET OR TIED.
MM INDICATES DATA IS MISSING.
T  INDICATES TRACE AMOUNT.




$$
