000
CDUS43 KICT 282309
CLIICT


CLIMATE REPORT
NATIONAL WEATHER SERVICE WICHITA KS
508 PM CST MON NOV 28 2016


...................................

...THE WICHITA EISENHOWER NATIONAL CLIMATE SUMMARY FOR NOVEMBER 28 2016...
VALID TODAY AS OF 0500 PM LOCAL TIME.

CLIMATE NORMAL PERIOD 1981 TO 2010
CLIMATE RECORD PERIOD 1888 TO 2016


WEATHER ITEM   OBSERVED TIME   RECORD YEAR NORMAL DEPARTURE LAST
                VALUE   (LST)  VALUE       VALUE  FROM      YEAR
                                                  NORMAL
..................................................................
TEMPERATURE (F)
 TODAY
  MAXIMUM         62    337 PM  72    1949  50     12       33
  MINIMUM         35    740 AM   5    1976  29      6       27
  AVERAGE         49                        39     10       30

PRECIPITATION (IN)
  TODAY            0.00          0.79 1908   0.04  -0.04     0.11
  MONTH TO DATE    0.26                      1.35  -1.09     3.36
  SINCE SEP 1     13.60                      7.27   6.33     6.57
  SINCE JAN 1     49.94                     31.36  18.58    38.99

SNOWFALL (IN)
  TODAY            0.0           1.8  1918   0.1   -0.1      0.0
  MONTH TO DATE    0.0                       1.1   -1.1      0.3
  SINCE SEP 1      0.0                       1.2   -1.2      0.3
  SINCE JUL 1      0.0                       1.2   -1.2      0.3
  SNOW DEPTH       0

DEGREE DAYS
 HEATING
  TODAY           16                        26    -10       35
  MONTH TO DATE  315                       535   -220      382
  SINCE SEP 1    405                       820   -415      507
  SINCE JUL 1    405                       821   -416      507

 COOLING
  TODAY            0                         0      0        0
  MONTH TO DATE   11                         0     11        2
  SINCE SEP 1    382                       257    125      416
  SINCE JAN 1   2054                      1684    370     1907
..................................................................


WIND (MPH)
  HIGHEST WIND SPEED    24   HIGHEST WIND DIRECTION    NW (300)
  HIGHEST GUST SPEED    30   HIGHEST GUST DIRECTION     W (290)
  AVERAGE WIND SPEED    13.0


SKY COVER
  POSSIBLE SUNSHINE  MM
  AVERAGE SKY COVER 0.3


WEATHER CONDITIONS
 THE FOLLOWING WEATHER WAS RECORDED TODAY.
  FOG


RELATIVE HUMIDITY (PERCENT)
 HIGHEST    93          1200 AM
 LOWEST     25           300 PM
 AVERAGE    59

..........................................................


THE WICHITA EISENHOWER NATIONAL CLIMATE NORMALS FOR TOMORROW
                         NORMAL    RECORD    YEAR
 MAXIMUM TEMPERATURE (F)   49        76      1933
 MINIMUM TEMPERATURE (F)   29         6      1976


SUNRISE AND SUNSET
NOVEMBER 28 2016......SUNRISE   724 AM CST   SUNSET   512 PM CST
NOVEMBER 29 2016......SUNRISE   725 AM CST   SUNSET   512 PM CST


-  INDICATES NEGATIVE NUMBERS.
R  INDICATES RECORD WAS SET OR TIED.
MM INDICATES DATA IS MISSING.
T  INDICATES TRACE AMOUNT.




$$
