000
CDUS43 KICT 250654
CLIICT


CLIMATE REPORT
NATIONAL WEATHER SERVICE WICHITA KS
154 AM CDT MON MAY 25 2015


...................................

...THE WICHITA EISENHOWER NATIONAL CLIMATE SUMMARY FOR MAY 24 2015...

CLIMATE NORMAL PERIOD 1981 TO 2010
CLIMATE RECORD PERIOD 1888 TO 2015


WEATHER ITEM   OBSERVED TIME   RECORD YEAR NORMAL DEPARTURE LAST
                VALUE   (LST)  VALUE       VALUE  FROM      YEAR
                                                  NORMAL
..................................................................
TEMPERATURE (F)
 YESTERDAY
  MAXIMUM         70   1255 PM  97    1967  79     -9       81
  MINIMUM         58    521 AM  41    1924  58      0       65
  AVERAGE         64                        68     -4       73

PRECIPITATION (IN)
  YESTERDAY        0.13          3.19 1891   0.15  -0.02     0.08
  MONTH TO DATE   10.58                      3.43   7.15     3.27
  SINCE MAR 1     13.48                      8.71   4.77     4.29
  SINCE JAN 1     15.25                     10.72   4.53     5.28

SNOWFALL (IN)
  YESTERDAY        0.0           T    2004   0.0    0.0      0.0
  MONTH TO DATE    0.0                       0.0    0.0      0.0
  SINCE MAR 1      1.1                       2.5   -1.4      3.5
  SINCE JUL 1     18.0                      14.9    3.1     23.0
  SNOW DEPTH       0

DEGREE DAYS
 HEATING
  YESTERDAY        1                         1      0        0
  MONTH TO DATE   74                        73      1       73
  SINCE MAR 1    711                       941   -230     1020
  SINCE JUL 1   4276                      4581   -305     4939

 COOLING
  YESTERDAY        0                         5     -5        8
  MONTH TO DATE   55                        70    -15      167
  SINCE MAR 1     83                        96    -13      200
  SINCE JAN 1     83                        96    -13      200
..................................................................


WIND (MPH)
  HIGHEST WIND SPEED    20   HIGHEST WIND DIRECTION     S (160)
  HIGHEST GUST SPEED    23   HIGHEST GUST DIRECTION     S (160)
  AVERAGE WIND SPEED     8.3


SKY COVER
  POSSIBLE SUNSHINE  MM
  AVERAGE SKY COVER 1.0


WEATHER CONDITIONS
 THE FOLLOWING WEATHER WAS RECORDED YESTERDAY.
  RAIN
  LIGHT RAIN
  FOG


RELATIVE HUMIDITY (PERCENT)
 HIGHEST   100           300 AM
 LOWEST     73           100 PM
 AVERAGE    87

..........................................................


THE WICHITA EISENHOWER NATIONAL CLIMATE NORMALS FOR TODAY
                         NORMAL    RECORD    YEAR
 MAXIMUM TEMPERATURE (F)   79       100      1962
 MINIMUM TEMPERATURE (F)   58        42      1925


SUNRISE AND SUNSET
MAY 25 2015...........SUNRISE   613 AM CDT   SUNSET   840 PM CDT
MAY 26 2015...........SUNRISE   613 AM CDT   SUNSET   841 PM CDT


-  INDICATES NEGATIVE NUMBERS.
R  INDICATES RECORD WAS SET OR TIED.
MM INDICATES DATA IS MISSING.
T  INDICATES TRACE AMOUNT.




$$
