000
CDUS43 KICT 282306
CLIICT


CLIMATE REPORT
NATIONAL WEATHER SERVICE WICHITA KS
505 PM CST WED JAN 28 2015


...................................

...THE WICHITA MID CONTINENT CLIMATE SUMMARY FOR JANUARY 28 2015...
VALID TODAY AS OF 0500 PM LOCAL TIME.

CLIMATE NORMAL PERIOD 1981 TO 2010
CLIMATE RECORD PERIOD 1888 TO 2015


WEATHER ITEM   OBSERVED TIME   RECORD YEAR NORMAL DEPARTURE LAST
                VALUE   (LST)  VALUE       VALUE  FROM      YEAR
                                                  NORMAL
..................................................................
TEMPERATURE (F)
 TODAY
  MAXIMUM         72    436 PM  74    2013  44     28       31
  MINIMUM         38    558 AM  -3    1948  22     16        6
  AVERAGE         55                        33     22       19

PRECIPITATION (IN)
  TODAY            0.00          0.98 2001   0.04  -0.04     0.00
  MONTH TO DATE    0.44                      0.73  -0.29     0.11
  SINCE DEC 1      1.73                      1.93  -0.20     0.71
  SINCE JAN 1      0.44                      0.73  -0.29     0.11

SNOWFALL (IN)
  TODAY            0.0           2.8  2005   0.1   -0.1      0.0
  MONTH TO DATE    4.0                       3.2    0.8      2.9
  SINCE DEC 1      8.2                       7.4    0.8      6.3
  SINCE JUL 1     10.0                       8.8    1.2      6.3
  SNOW DEPTH       0

DEGREE DAYS
 HEATING
  TODAY           10                        32    -22       46
  MONTH TO DATE  867                       918    -51      925
  SINCE DEC 1   1692                      1885   -193     1995
  SINCE JUL 1   2572                      2761   -189     2880

 COOLING
  TODAY            0                         0      0        0
  MONTH TO DATE    0                         0      0        0
  SINCE DEC 1      0                         0      0        0
  SINCE JAN 1      0                         0      0        0
..................................................................


WIND (MPH)
  HIGHEST WIND SPEED    23   HIGHEST WIND DIRECTION     W (250)
  HIGHEST GUST SPEED    28   HIGHEST GUST DIRECTION    SW (240)
  AVERAGE WIND SPEED    11.8


SKY COVER
  POSSIBLE SUNSHINE  MM
  AVERAGE SKY COVER 0.4


WEATHER CONDITIONS
 THE FOLLOWING WEATHER WAS RECORDED TODAY.
  NO SIGNIFICANT WEATHER WAS OBSERVED.


RELATIVE HUMIDITY (PERCENT)
 HIGHEST    79           500 AM
 LOWEST     25           400 PM
 AVERAGE    52

..........................................................


THE WICHITA MID CONTINENT CLIMATE NORMALS FOR TOMORROW
                         NORMAL    RECORD    YEAR
 MAXIMUM TEMPERATURE (F)   44        70      2011
                                             1971
 MINIMUM TEMPERATURE (F)   22        -3      1966


SUNRISE AND SUNSET
JANUARY 28 2015.......SUNRISE   737 AM CST   SUNSET   549 PM CST
JANUARY 29 2015.......SUNRISE   736 AM CST   SUNSET   550 PM CST


-  INDICATES NEGATIVE NUMBERS.
R  INDICATES RECORD WAS SET OR TIED.
MM INDICATES DATA IS MISSING.
T  INDICATES TRACE AMOUNT.




$$
