000
CDUS43 KICT 132307
CLIICT


CLIMATE REPORT
NATIONAL WEATHER SERVICE WICHITA KS
507 PM CST SAT FEB 13 2016


...................................

...THE WICHITA EISENHOWER NATIONAL CLIMATE SUMMARY FOR FEBRUARY 13 2016...
VALID TODAY AS OF 0500 PM LOCAL TIME.

CLIMATE NORMAL PERIOD 1981 TO 2010
CLIMATE RECORD PERIOD 1888 TO 2016


WEATHER ITEM   OBSERVED TIME   RECORD YEAR NORMAL DEPARTURE LAST
                VALUE   (LST)  VALUE       VALUE  FROM      YEAR
                                                  NORMAL
..................................................................
TEMPERATURE (F)
 TODAY
  MAXIMUM         45    358 PM  77    1921  48     -3       60
  MINIMUM         23    822 AM -18    1905  26     -3       22
  AVERAGE         34                        36     -2       41

PRECIPITATION (IN)
  TODAY            0.00          0.81 1908   0.04  -0.04     0.00
  MONTH TO DATE    0.55                      0.50   0.05     0.03
  SINCE DEC 1      2.96                      2.53   0.43     2.43
  SINCE JAN 1      0.74                      1.33  -0.59     1.14

SNOWFALL (IN)
  TODAY            0.0           4.1  1914   0.1   -0.1      0.0
  MONTH TO DATE    0.0                       1.8   -1.8      0.1
  SINCE DEC 1      0.5                       9.6   -9.1      8.3
  SINCE JUL 1      0.8                      11.0  -10.2     10.1
  SNOW DEPTH       0

DEGREE DAYS
 HEATING
  TODAY           31                        28      3       24
  MONTH TO DATE  341                       389    -48      366
  SINCE DEC 1   2023                      2373   -350     2140
  SINCE JUL 1   2592                      3249   -657     3020

 COOLING
  TODAY            0                         0      0        0
  MONTH TO DATE    0                         0      0        0
  SINCE DEC 1      0                         0      0        0
  SINCE JAN 1      0                         0      0        0
..................................................................


WIND (MPH)
  HIGHEST WIND SPEED    20   HIGHEST WIND DIRECTION    SE (150)
  HIGHEST GUST SPEED    25   HIGHEST GUST DIRECTION    SE (140)
  AVERAGE WIND SPEED    12.7


SKY COVER
  POSSIBLE SUNSHINE  MM
  AVERAGE SKY COVER 0.6


WEATHER CONDITIONS
 THE FOLLOWING WEATHER WAS RECORDED TODAY.
  NO SIGNIFICANT WEATHER WAS OBSERVED.


RELATIVE HUMIDITY (PERCENT)
 HIGHEST    59           700 AM
 LOWEST     21           100 PM
 AVERAGE    40

..........................................................


THE WICHITA EISENHOWER NATIONAL CLIMATE NORMALS FOR TOMORROW
                         NORMAL    RECORD    YEAR
 MAXIMUM TEMPERATURE (F)   48        80      1954
 MINIMUM TEMPERATURE (F)   26        -4      1936


SUNRISE AND SUNSET
FEBRUARY 13 2016......SUNRISE   722 AM CST   SUNSET   606 PM CST
FEBRUARY 14 2016......SUNRISE   721 AM CST   SUNSET   607 PM CST


-  INDICATES NEGATIVE NUMBERS.
R  INDICATES RECORD WAS SET OR TIED.
MM INDICATES DATA IS MISSING.
T  INDICATES TRACE AMOUNT.




$$
