000
CDUS43 KICT 290620
CLIICT


CLIMATE REPORT
NATIONAL WEATHER SERVICE WICHITA KS
120 AM CDT THU SEP 29 2016


...................................

...THE WICHITA EISENHOWER NATIONAL CLIMATE SUMMARY FOR SEPTEMBER 28 2016...

CLIMATE NORMAL PERIOD 1981 TO 2010
CLIMATE RECORD PERIOD 1888 TO 2016


WEATHER ITEM   OBSERVED TIME   RECORD YEAR NORMAL DEPARTURE LAST
                VALUE   (LST)  VALUE       VALUE  FROM      YEAR
                                                  NORMAL
..................................................................
TEMPERATURE (F)
 YESTERDAY
  MAXIMUM         77    258 PM 103    1953  77      0       86
  MINIMUM         56   1159 PM  35    1967  54      2       59
  AVERAGE         67                        65      2       73

PRECIPITATION (IN)
  YESTERDAY        0.00          1.37 1945   0.09  -0.09     0.00
  MONTH TO DATE   11.30                      2.95   8.35     2.13
  SINCE SEP 1     11.30                      2.95   8.35     2.13
  SINCE JAN 1     47.64                     27.04  20.60    34.55

SNOWFALL (IN)
  YESTERDAY        0.0           0.0  2007   0.0    0.0      0.0
  MONTH TO DATE    0.0                       0.0    0.0      0.0
  SINCE SEP 1      0.0                       0.0    0.0      0.0
  SINCE JUL 1      0.0                       0.0    0.0      0.0
  SNOW DEPTH       0

DEGREE DAYS
 HEATING
  YESTERDAY        0                         3     -3        0
  MONTH TO DATE    6                        33    -27        0
  SINCE SEP 1      6                        33    -27        0
  SINCE JUL 1      6                        34    -28        0

 COOLING
  YESTERDAY        2                         4     -2        8
  MONTH TO DATE  280                       213     67      339
  SINCE SEP 1    280                       213     67      339
  SINCE JAN 1   1952                      1640    312     1830
..................................................................


WIND (MPH)
  HIGHEST WIND SPEED    21   HIGHEST WIND DIRECTION    NE (30)
  HIGHEST GUST SPEED    38   HIGHEST GUST DIRECTION    NE (40)
  AVERAGE WIND SPEED    11.5


SKY COVER
  POSSIBLE SUNSHINE  MM
  AVERAGE SKY COVER 0.0


WEATHER CONDITIONS
 THE FOLLOWING WEATHER WAS RECORDED YESTERDAY.
  HAZE


RELATIVE HUMIDITY (PERCENT)
 HIGHEST    86           200 AM
 LOWEST     25           300 PM
 AVERAGE    56

..........................................................


THE WICHITA EISENHOWER NATIONAL CLIMATE NORMALS FOR TODAY
                         NORMAL    RECORD    YEAR
 MAXIMUM TEMPERATURE (F)   76        97      1998
                                             1994
 MINIMUM TEMPERATURE (F)   53        37      1984
                                             1972
                                             1908


SUNRISE AND SUNSET
SEPTEMBER 29 2016.....SUNRISE   724 AM CDT   SUNSET   715 PM CDT
SEPTEMBER 30 2016.....SUNRISE   725 AM CDT   SUNSET   713 PM CDT


-  INDICATES NEGATIVE NUMBERS.
R  INDICATES RECORD WAS SET OR TIED.
MM INDICATES DATA IS MISSING.
T  INDICATES TRACE AMOUNT.




$$
