000
CDUS43 KICT 310629
CLIICT


CLIMATE REPORT
NATIONAL WEATHER SERVICE WICHITA KS
1228 AM CST SAT JAN 31 2015


...................................

...THE WICHITA MID CONTINENT KS CLIMATE SUMMARY FOR JANUARY 30 2015...

CLIMATE NORMAL PERIOD 1981 TO 2010
CLIMATE RECORD PERIOD 1888 TO 2015


WEATHER ITEM   OBSERVED TIME   RECORD YEAR NORMAL DEPARTURE LAST
                VALUE   (LST)  VALUE       VALUE  FROM      YEAR
                                                  NORMAL
..................................................................
TEMPERATURE (F)
 YESTERDAY
  MAXIMUM         43    331 PM  70    1890  44     -1       51
  MINIMUM         21    453 AM  -6    1979  23     -2       32
                                      1949
  AVERAGE         32                        33     -1       42

PRECIPITATION (IN)
  YESTERDAY        T             0.95 2002   0.04  -0.04     0.00
  MONTH TO DATE    0.44                      0.80  -0.36     0.11
  SINCE DEC 1      1.73                      2.00  -0.27     0.71
  SINCE JAN 1      0.44                      0.80  -0.36     0.11

SNOWFALL (IN)
  YESTERDAY        0.0           2.5  1899   0.2   -0.2      0.0
  MONTH TO DATE    4.0                       3.5    0.5      2.9
  SINCE DEC 1      8.2                       7.7    0.5      6.3
  SINCE JUL 1     10.0                       9.1    0.9      6.3
  SNOW DEPTH       0

DEGREE DAYS
 HEATING
  YESTERDAY       33                        32      1       23
  MONTH TO DATE  922                       982    -60      983
  SINCE DEC 1   1747                      1949   -202     2053
  SINCE JUL 1   2627                      2825   -198     2938

 COOLING
  YESTERDAY        0                         0      0        0
  MONTH TO DATE    0                         0      0        0
  SINCE DEC 1      0                         0      0        0
  SINCE JAN 1      0                         0      0        0
..................................................................


WIND (MPH)
  HIGHEST WIND SPEED    10   HIGHEST WIND DIRECTION    SE (120)
  HIGHEST GUST SPEED    13   HIGHEST GUST DIRECTION     S (170)
  AVERAGE WIND SPEED     5.1


SKY COVER
  POSSIBLE SUNSHINE  MM
  AVERAGE SKY COVER 0.9


WEATHER CONDITIONS
 THE FOLLOWING WEATHER WAS RECORDED YESTERDAY.
  LIGHT RAIN


RELATIVE HUMIDITY (PERCENT)
 HIGHEST    81           200 AM
 LOWEST     49           200 PM
 AVERAGE    65

..........................................................


THE WICHITA MID CONTINENT KS CLIMATE NORMALS FOR TODAY
                         NORMAL    RECORD    YEAR
 MAXIMUM TEMPERATURE (F)   44        71      2009
 MINIMUM TEMPERATURE (F)   23        -9      1979


SUNRISE AND SUNSET
JANUARY 31 2015.......SUNRISE   734 AM CST   SUNSET   552 PM CST
FEBRUARY  1 2015......SUNRISE   734 AM CST   SUNSET   553 PM CST


-  INDICATES NEGATIVE NUMBERS.
R  INDICATES RECORD WAS SET OR TIED.
MM INDICATES DATA IS MISSING.
T  INDICATES TRACE AMOUNT.




$$
