000
CDUS43 KICT 100623
CLIICT


CLIMATE REPORT
NATIONAL WEATHER SERVICE WICHITA KS
1221 AM CST WED JAN 10 2018


...................................

...THE WICHITA EISENHOWER NATIONAL CLIMATE SUMMARY FOR JANUARY 9 2018...

CLIMATE NORMAL PERIOD 1981 TO 2010
CLIMATE RECORD PERIOD 1888 TO 2018


WEATHER ITEM   OBSERVED TIME   RECORD YEAR NORMAL DEPARTURE LAST
                VALUE   (LST)  VALUE       VALUE  FROM      YEAR
                                                  NORMAL
..................................................................
TEMPERATURE (F)
 YESTERDAY
  MAXIMUM         59    334 PM  69    1902  42     17       51
  MINIMUM         32    409 AM  -7    1973  22     10       21
  AVERAGE         46                        32     14       36

PRECIPITATION (IN)
  YESTERDAY        0.00          1.12 1929   0.03  -0.03     0.00
  MONTH TO DATE    0.06                      0.22  -0.16     0.05
  SINCE DEC 1      0.09                      1.42  -1.33     0.71
  SINCE JAN 1      0.06                      0.22  -0.16     0.05

SNOWFALL (IN)
  YESTERDAY        0.0           5.1  1993   0.1   -0.1      0.0
  MONTH TO DATE    0.0                       1.0   -1.0       T
  SINCE DEC 1      T                         5.2   -5.2      2.0
  SINCE JUL 1      T                         6.6   -6.6      2.0
  SNOW DEPTH       0

DEGREE DAYS
 HEATING
  YESTERDAY       19                        33    -14       29
  MONTH TO DATE  326                       297     29      326
  SINCE DEC 1   1192                      1264    -72     1313
  SINCE JUL 1   1922                      2140   -218     1766

 COOLING
  YESTERDAY        0                         0      0        0
  MONTH TO DATE    0                         0      0        0
  SINCE DEC 1      0                         0      0        0
  SINCE JAN 1      0                         0      0        0
..................................................................


WIND (MPH)
  HIGHEST WIND SPEED    28   HIGHEST WIND DIRECTION     S (180)
  HIGHEST GUST SPEED    35   HIGHEST GUST DIRECTION     S (180)
  AVERAGE WIND SPEED    14.4


SKY COVER
  POSSIBLE SUNSHINE  MM
  AVERAGE SKY COVER 0.6


WEATHER CONDITIONS
 THE FOLLOWING WEATHER WAS RECORDED YESTERDAY.
  FOG


RELATIVE HUMIDITY (PERCENT)
 HIGHEST    92           900 PM
 LOWEST     40           200 PM
 AVERAGE    66

..........................................................


THE WICHITA EISENHOWER NATIONAL CLIMATE NORMALS FOR TODAY
                         NORMAL    RECORD    YEAR
 MAXIMUM TEMPERATURE (F)   42        74      1911
 MINIMUM TEMPERATURE (F)   22       -10      1982


SUNRISE AND SUNSET
JANUARY 10 2018.......SUNRISE   745 AM CST   SUNSET   530 PM CST
JANUARY 11 2018.......SUNRISE   745 AM CST   SUNSET   531 PM CST


-  INDICATES NEGATIVE NUMBERS.
R  INDICATES RECORD WAS SET OR TIED.
MM INDICATES DATA IS MISSING.
T  INDICATES TRACE AMOUNT.




$$
