000
CDUS43 KICT 180655
CLIICT

CLIMATE REPORT
NATIONAL WEATHER SERVICE WICHITA KS
151 AM CDT SUN JUN 18 2017

...................................

...THE WICHITA EISENHOWER NATIONAL CLIMATE SUMMARY FOR JUNE 17 2017...

CLIMATE NORMAL PERIOD 1981 TO 2010
CLIMATE RECORD PERIOD 1888 TO 2017


WEATHER ITEM   OBSERVED TIME   RECORD YEAR NORMAL DEPARTURE LAST
                VALUE   (LST)  VALUE       VALUE  FROM      YEAR
                                                  NORMAL
..................................................................
TEMPERATURE (F)
 YESTERDAY
  MAXIMUM         94    530 PM 104    1948  87      7       98
  MINIMUM         72    917 PM  49    1912  66      6       77
  AVERAGE         83                        76      7       88

PRECIPITATION (IN)
  YESTERDAY        0.54          2.50 1890   0.18   0.36     0.00
  MONTH TO DATE    2.78                      3.06  -0.28     0.59
  SINCE JUN 1      2.78                      3.06  -0.28     0.59
  SINCE JAN 1     21.62                     14.92   6.70    16.15

SNOWFALL (IN)
  YESTERDAY        0.0                       0.0    0.0      0.0
  MONTH TO DATE    0.0                       0.0    0.0      0.0
  SINCE JUN 1      0.0                       0.0    0.0      0.0
  SINCE JUL 1      2.0                      14.9  -12.9      4.3
  SNOW DEPTH       0

DEGREE DAYS
 HEATING
  YESTERDAY        0                         0      0        0
  MONTH TO DATE    0                         3     -3        0
  SINCE JUN 1      0                         3     -3        0
  SINCE JUL 1   3584                      4591  -1007     3504

 COOLING
  YESTERDAY       18                        12      6       23
  MONTH TO DATE  212                       155     57      248
  SINCE JUN 1    212                       155     57      248
  SINCE JAN 1    368                       291     77      378
..................................................................


WIND (MPH)
  HIGHEST WIND SPEED    44   HIGHEST WIND DIRECTION    NE (40)
  HIGHEST GUST SPEED    52   HIGHEST GUST DIRECTION    NE (30)
  AVERAGE WIND SPEED    14.0


SKY COVER
  AVERAGE SKY COVER 0.7


WEATHER CONDITIONS
 THE FOLLOWING WEATHER WAS RECORDED YESTERDAY.
  THUNDERSTORM
  HEAVY RAIN
  LIGHT RAIN
  FOG


RELATIVE HUMIDITY (PERCENT)
 HIGHEST   100          1100 PM
 LOWEST     56           400 PM
 AVERAGE    78

..........................................................


THE WICHITA EISENHOWER NATIONAL CLIMATE NORMALS FOR TODAY
                         NORMAL    RECORD    YEAR
 MAXIMUM TEMPERATURE (F)   88       105      1936
 MINIMUM TEMPERATURE (F)   66        50      2000
                                             1969


SUNRISE AND SUNSET
JUNE 18 2017..........SUNRISE   608 AM CDT   SUNSET   854 PM CDT
JUNE 19 2017..........SUNRISE   608 AM CDT   SUNSET   854 PM CDT


-  INDICATES NEGATIVE NUMBERS.
R  INDICATES RECORD WAS SET OR TIED.
MM INDICATES DATA IS MISSING.
T  INDICATES TRACE AMOUNT.

$$
