345
CDUS43 KICT 250634
CLIICT


CLIMATE REPORT
NATIONAL WEATHER SERVICE WICHITA KS
133 AM CDT TUE APR 25 2017


...................................

...THE WICHITA EISENHOWER NATIONAL CLIMATE SUMMARY FOR APRIL 24 2017...

CLIMATE NORMAL PERIOD 1981 TO 2010
CLIMATE RECORD PERIOD 1888 TO 2017


WEATHER ITEM   OBSERVED TIME   RECORD YEAR NORMAL DEPARTURE LAST
                VALUE   (LST)  VALUE       VALUE  FROM      YEAR
                                                  NORMAL
..................................................................
TEMPERATURE (F)
 YESTERDAY
  MAXIMUM         76    342 PM  90    1989  70      6       82
                                      1893
  MINIMUM         46    458 AM  25    2013  48     -2       60
  AVERAGE         61                        59      2       71

PRECIPITATION (IN)
  YESTERDAY        0.00          1.25 1942   0.10  -0.10     0.00
  MONTH TO DATE    5.61                      1.95   3.66     2.75
  SINCE MAR 1      9.11                      4.64   4.47     4.28
  SINCE JAN 1     12.73                      6.65   6.08     5.02

SNOWFALL (IN)
  YESTERDAY        0.0           0.0  2007   0.0    0.0      0.0
  MONTH TO DATE    0.0                       0.2   -0.2      0.0
  SINCE MAR 1      T                         2.5   -2.5      3.5
  SINCE JUL 1      2.0                      14.9  -12.9      4.3
  SNOW DEPTH       0

DEGREE DAYS
 HEATING
  YESTERDAY        4                         7     -3        0
  MONTH TO DATE  156                       253    -97      136
  SINCE MAR 1    585                       830   -245      525
  SINCE JUL 1   3429                      4470  -1041     3375

 COOLING
  YESTERDAY        0                         1     -1        6
  MONTH TO DATE   27                        17     10       18
  SINCE MAR 1     45                        19     26       25
  SINCE JAN 1     45                        19     26       25
..................................................................


WIND (MPH)
  HIGHEST WIND SPEED    37   HIGHEST WIND DIRECTION     S (180)
  HIGHEST GUST SPEED    46   HIGHEST GUST DIRECTION     S (180)
  AVERAGE WIND SPEED    18.6


SKY COVER
  POSSIBLE SUNSHINE  MM
  AVERAGE SKY COVER 0.5


WEATHER CONDITIONS
 THE FOLLOWING WEATHER WAS RECORDED YESTERDAY.
  NO SIGNIFICANT WEATHER WAS OBSERVED.


RELATIVE HUMIDITY (PERCENT)
 HIGHEST    77           200 AM
 LOWEST     38           100 PM
 AVERAGE    58

..........................................................


THE WICHITA EISENHOWER NATIONAL CLIMATE NORMALS FOR TODAY
                         NORMAL    RECORD    YEAR
 MAXIMUM TEMPERATURE (F)   71        95      2012
 MINIMUM TEMPERATURE (F)   48        33      2013


SUNRISE AND SUNSET
APRIL 25 2017.........SUNRISE   641 AM CDT   SUNSET   815 PM CDT
APRIL 26 2017.........SUNRISE   640 AM CDT   SUNSET   816 PM CDT


-  INDICATES NEGATIVE NUMBERS.
R  INDICATES RECORD WAS SET OR TIED.
MM INDICATES DATA IS MISSING.
T  INDICATES TRACE AMOUNT.




$$
