000
CDUS43 KICT 310640
CLIICT


CLIMATE REPORT
NATIONAL WEATHER SERVICE WICHITA KS
128 AM CDT SUN MAY 31 2015


...................................

...THE WICHITA EISENHOWER NATIONAL CLIMATE SUMMARY FOR MAY 30 2015...

CLIMATE NORMAL PERIOD 1981 TO 2010
CLIMATE RECORD PERIOD 1888 TO 2015


WEATHER ITEM   OBSERVED TIME   RECORD YEAR NORMAL DEPARTURE LAST
                VALUE   (LST)  VALUE       VALUE  FROM      YEAR
                                                  NORMAL
..................................................................
TEMPERATURE (F)
 YESTERDAY
  MAXIMUM         69    406 PM  99    1998  81    -12       83
                                      1985
  MINIMUM         55    848 AM  42    1889  60     -5       67
  AVERAGE         62                        70     -8       75

PRECIPITATION (IN)
  YESTERDAY        T             1.88 2013   0.18  -0.18     0.00
  MONTH TO DATE   11.77                      4.40   7.37     4.06
  SINCE MAR 1     14.67                      9.68   4.99     5.08
  SINCE JAN 1     16.44                     11.69   4.75     6.07

SNOWFALL (IN)
  YESTERDAY        0.0           0.0  2007   0.0    0.0      0.0
                                      2001
  MONTH TO DATE    0.0                       0.0    0.0      0.0
  SINCE MAR 1      1.1                       2.5   -1.4      3.5
  SINCE JUL 1     18.0                      14.9    3.1     23.0
  SNOW DEPTH       0

DEGREE DAYS
 HEATING
  YESTERDAY        3                         1      2        0
  MONTH TO DATE   77                        79     -2       73
  SINCE MAR 1    714                       947   -233     1020
  SINCE JUL 1   4279                      4587   -308     4939

 COOLING
  YESTERDAY        0                         6     -6       10
  MONTH TO DATE   83                       104    -21      223
  SINCE MAR 1    111                       130    -19      256
  SINCE JAN 1    111                       130    -19      256
..................................................................


WIND (MPH)
  HIGHEST WIND SPEED    26   HIGHEST WIND DIRECTION     N (350)
  HIGHEST GUST SPEED    32   HIGHEST GUST DIRECTION    NW (330)
  AVERAGE WIND SPEED    13.9


SKY COVER
  POSSIBLE SUNSHINE  MM
  AVERAGE SKY COVER 0.9


WEATHER CONDITIONS
 THE FOLLOWING WEATHER WAS RECORDED YESTERDAY.
  LIGHT RAIN


RELATIVE HUMIDITY (PERCENT)
 HIGHEST    84           200 AM
 LOWEST     58           300 PM
 AVERAGE    71

..........................................................


THE WICHITA EISENHOWER NATIONAL CLIMATE NORMALS FOR TODAY
                         NORMAL    RECORD    YEAR
 MAXIMUM TEMPERATURE (F)   81       100      1934
 MINIMUM TEMPERATURE (F)   60        44      1975


SUNRISE AND SUNSET
MAY 31 2015...........SUNRISE   610 AM CDT   SUNSET   845 PM CDT
JUNE  1 2015..........SUNRISE   610 AM CDT   SUNSET   845 PM CDT


-  INDICATES NEGATIVE NUMBERS.
R  INDICATES RECORD WAS SET OR TIED.
MM INDICATES DATA IS MISSING.
T  INDICATES TRACE AMOUNT.




$$
