000
CDUS43 KICT 120700
CLIICT


CLIMATE REPORT
NATIONAL WEATHER SERVICE WICHITA KS
100 AM CST FRI JAN 12 2018


...................................

...THE WICHITA EISENHOWER NATIONAL CLIMATE SUMMARY FOR JANUARY 11 2018...

CLIMATE NORMAL PERIOD 1981 TO 2010
CLIMATE RECORD PERIOD 1888 TO 2018


WEATHER ITEM   OBSERVED TIME   RECORD YEAR NORMAL DEPARTURE LAST
                VALUE   (LST)  VALUE       VALUE  FROM      YEAR
                                                  NORMAL
..................................................................
TEMPERATURE (F)
 YESTERDAY
  MAXIMUM         50    405 AM  70    2007  42      8       66
  MINIMUM         15   1159 PM -14    1918  22     -7       23
  AVERAGE         33                        32      1       45

PRECIPITATION (IN)
  YESTERDAY        0.11          0.44 1891   0.02   0.09     0.00
  MONTH TO DATE    0.17                      0.26  -0.09     0.05
  SINCE DEC 1      0.20                      1.46  -1.26     0.71
  SINCE JAN 1      0.17                      0.26  -0.09     0.05

SNOWFALL (IN)
  YESTERDAY        T             2.6  1963   0.1   -0.1      0.0
  MONTH TO DATE    T                         1.2   -1.2       T
  SINCE DEC 1      T                         5.4   -5.4      2.0
  SINCE JUL 1      T                         6.8   -6.8      2.0
  SNOW DEPTH       0

DEGREE DAYS
 HEATING
  YESTERDAY       32                        33     -1       20
  MONTH TO DATE  373                       363     10      362
  SINCE DEC 1   1239                      1330    -91     1349
  SINCE JUL 1   1969                      2206   -237     1802

 COOLING
  YESTERDAY        0                         0      0        0
  MONTH TO DATE    0                         0      0        0
  SINCE DEC 1      0                         0      0        0
  SINCE JAN 1      0                         0      0        0
..................................................................


WIND (MPH)
  HIGHEST WIND SPEED    39   HIGHEST WIND DIRECTION     N (350)
  HIGHEST GUST SPEED    50   HIGHEST GUST DIRECTION     N (350)
  AVERAGE WIND SPEED    22.8


SKY COVER
  POSSIBLE SUNSHINE  MM
  AVERAGE SKY COVER 0.7


WEATHER CONDITIONS
 THE FOLLOWING WEATHER WAS RECORDED YESTERDAY.
  RAIN
  LIGHT RAIN
  FREEZING RAIN
  LT FREEZING RAIN
  LIGHT SNOW
  SLEET
  FOG
  BLOWING SNOW


RELATIVE HUMIDITY (PERCENT)
 HIGHEST    93           300 AM
 LOWEST     61           900 PM
 AVERAGE    77

..........................................................


THE WICHITA EISENHOWER NATIONAL CLIMATE NORMALS FOR TODAY
                         NORMAL    RECORD    YEAR
 MAXIMUM TEMPERATURE (F)   42        70      2014
 MINIMUM TEMPERATURE (F)   22       -15      1912


SUNRISE AND SUNSET
JANUARY 12 2018.......SUNRISE   744 AM CST   SUNSET   532 PM CST
JANUARY 13 2018.......SUNRISE   744 AM CST   SUNSET   533 PM CST


-  INDICATES NEGATIVE NUMBERS.
R  INDICATES RECORD WAS SET OR TIED.
MM INDICATES DATA IS MISSING.
T  INDICATES TRACE AMOUNT.




$$
