000
CDUS43 KICT 132304
CLIICT


CLIMATE REPORT
NATIONAL WEATHER SERVICE WICHITA KS
504 PM CST SAT DEC 13 2014


...................................

...THE WICHITA MID CONTINENT CLIMATE SUMMARY FOR DECEMBER 13 2014...
VALID TODAY AS OF 0500 PM LOCAL TIME.

CLIMATE NORMAL PERIOD 1981 TO 2010
CLIMATE RECORD PERIOD 1888 TO 2014


WEATHER ITEM   OBSERVED TIME   RECORD YEAR NORMAL DEPARTURE LAST
                VALUE   (LST)  VALUE       VALUE  FROM      YEAR
                                                  NORMAL
..................................................................
TEMPERATURE (F)
 TODAY
  MAXIMUM         54    459 PM  75    1921  44     10       46
  MINIMUM         49    838 AM  -2    1961  24     25       31
                                      1917
  AVERAGE         52                        34     18       39

PRECIPITATION (IN)
  TODAY            0.03          0.64 1992   0.04  -0.01      T
  MONTH TO DATE    0.60                      0.56   0.04      T
  SINCE DEC 1      0.60                      0.56   0.04      T
  SINCE JAN 1     24.91                     32.00  -7.09    39.85

SNOWFALL (IN)
  TODAY           MM             4.5  1945   0.1   MM        0.0
  MONTH TO DATE    0.0                       1.7   -1.7       T
  SINCE DEC 1      0.0                       1.7   -1.7       T
  SINCE JUL 1      1.8                       3.1   -1.3       T
  SNOW DEPTH       0

DEGREE DAYS
 HEATING
  TODAY           13                        31    -18       26
  MONTH TO DATE  305                       381    -76      479
  SINCE DEC 1    305                       381    -76      479
  SINCE JUL 1   1185                      1257    -72     1364

 COOLING
  TODAY            0                         0      0        0
  MONTH TO DATE    0                         0      0        0
  SINCE DEC 1      0                         0      0        0
  SINCE JAN 1   1849                      1686    163     1778
..................................................................


WIND (MPH)
  HIGHEST WIND SPEED    20   HIGHEST WIND DIRECTION    SE (150)
  HIGHEST GUST SPEED    23   HIGHEST GUST DIRECTION    SE (150)
  AVERAGE WIND SPEED    11.8


SKY COVER
  POSSIBLE SUNSHINE  MM
  AVERAGE SKY COVER 1.0


WEATHER CONDITIONS
 THE FOLLOWING WEATHER WAS RECORDED TODAY.
  LIGHT RAIN
  FOG
  FOG W/VISIBILITY <= 1/4 MILE


RELATIVE HUMIDITY (PERCENT)
 HIGHEST   100          1200 PM
 LOWEST     89          1100 AM
 AVERAGE    95

..........................................................


THE WICHITA MID CONTINENT CLIMATE NORMALS FOR TOMORROW
                         NORMAL    RECORD    YEAR
 MAXIMUM TEMPERATURE (F)   43        70      1948
 MINIMUM TEMPERATURE (F)   24        -6      1901


SUNRISE AND SUNSET
DECEMBER 13 2014......SUNRISE   736 AM CST   SUNSET   512 PM CST
DECEMBER 14 2014......SUNRISE   737 AM CST   SUNSET   512 PM CST


-  INDICATES NEGATIVE NUMBERS.
R  INDICATES RECORD WAS SET OR TIED.
MM INDICATES DATA IS MISSING.
T  INDICATES TRACE AMOUNT.




$$
