627
CDUS43 KICT 040640
CLIICT


CLIMATE REPORT
NATIONAL WEATHER SERVICE WICHITA KS
1240 AM CST THU FEB 4 2016


...................................

...THE WICHITA EISENHOWER NATIONAL CLIMATE SUMMARY FOR FEBRUARY 3 2016...

CLIMATE NORMAL PERIOD 1981 TO 2010
CLIMATE RECORD PERIOD 1888 TO 2016


WEATHER ITEM   OBSERVED TIME   RECORD YEAR NORMAL DEPARTURE LAST
                VALUE   (LST)  VALUE       VALUE  FROM      YEAR
                                                  NORMAL
..................................................................
TEMPERATURE (F)
 YESTERDAY
  MAXIMUM         41    236 PM  75    1934  45     -4       55
  MINIMUM         20   1052 PM  -7    1989  23     -3       20
                                      1905
  AVERAGE         31                        34     -3       38

PRECIPITATION (IN)
  YESTERDAY        0.00          2.86 2012   0.03  -0.03     0.00
  MONTH TO DATE    0.55                      0.10   0.45     0.02
  SINCE DEC 1      2.96                      2.13   0.83     2.42
  SINCE JAN 1      0.74                      0.93  -0.19     1.13

SNOWFALL (IN)
  YESTERDAY        0.0           3.8  1955   0.1   -0.1      0.0
  MONTH TO DATE    0.0                       0.4   -0.4       T
  SINCE DEC 1      0.5                       8.2   -7.7      8.2
  SINCE JUL 1      0.8                       9.6   -8.8     10.0
  SNOW DEPTH       0

DEGREE DAYS
 HEATING
  YESTERDAY       34                        31      3       27
  MONTH TO DATE   80                        93    -13      110
  SINCE DEC 1   1762                      2077   -315     1884
  SINCE JUL 1   2331                      2953   -622     2764

 COOLING
  YESTERDAY        0                         0      0        0
  MONTH TO DATE    0                         0      0        0
  SINCE DEC 1      0                         0      0        0
  SINCE JAN 1      0                         0      0        0
..................................................................


WIND (MPH)
  HIGHEST WIND SPEED    35   HIGHEST WIND DIRECTION    NW (330)
  HIGHEST GUST SPEED    45   HIGHEST GUST DIRECTION    NW (320)
  AVERAGE WIND SPEED    15.5


SKY COVER
  POSSIBLE SUNSHINE  MM
  AVERAGE SKY COVER 0.5


WEATHER CONDITIONS
 THE FOLLOWING WEATHER WAS RECORDED YESTERDAY.
  NO SIGNIFICANT WEATHER WAS OBSERVED.


RELATIVE HUMIDITY (PERCENT)
 HIGHEST    77          1100 PM
 LOWEST     40           200 PM
 AVERAGE    59

..........................................................


THE WICHITA EISENHOWER NATIONAL CLIMATE NORMALS FOR TODAY
                         NORMAL    RECORD    YEAR
 MAXIMUM TEMPERATURE (F)   45        73      1946
                                             1890
 MINIMUM TEMPERATURE (F)   23        -7      1996


SUNRISE AND SUNSET
FEBRUARY  4 2016......SUNRISE   731 AM CST   SUNSET   556 PM CST
FEBRUARY  5 2016......SUNRISE   730 AM CST   SUNSET   557 PM CST


-  INDICATES NEGATIVE NUMBERS.
R  INDICATES RECORD WAS SET OR TIED.
MM INDICATES DATA IS MISSING.
T  INDICATES TRACE AMOUNT.




$$
