000
CDUS43 KICT 142305
CLIICT

CLIMATE REPORT
NATIONAL WEATHER SERVICE WICHITA KS
505 PM CST TUE FEB 14 2017

...................................

...THE WICHITA EISENHOWER NATIONAL CLIMATE SUMMARY FOR FEBRUARY 14 2017...
VALID TODAY AS OF 500 PM LOCAL TIME.

CLIMATE NORMAL PERIOD 1981 TO 2010
CLIMATE RECORD PERIOD 1888 TO 2017


WEATHER ITEM   OBSERVED TIME   RECORD YEAR NORMAL DEPARTURE LAST
                VALUE   (LST)  VALUE       VALUE  FROM      YEAR
                                                  NORMAL
..................................................................
TEMPERATURE (F)
 TODAY
  MAXIMUM         51    459 PM  80    1954  48      3       55
  MINIMUM         38    932 AM  -4    1936  26     12       24
  AVERAGE         45                        37      8       40

PRECIPITATION (IN)
  TODAY            0.01          0.68 1969   0.04  -0.03     0.00
  MONTH TO DATE    0.03                      0.54  -0.51     0.55
  SINCE DEC 1      3.48                      2.57   0.91     2.96
  SINCE JAN 1      2.82                      1.37   1.45     0.74

SNOWFALL (IN)
  TODAY            0.0           4.6  1969   0.1   -0.1      0.0
  MONTH TO DATE    0.0                       1.9   -1.9      0.0
  SINCE DEC 1      2.0                       9.7   -7.7      0.5
  SINCE JUL 1      2.0                      11.1   -9.1      0.8
  SNOW DEPTH       0

DEGREE DAYS
 HEATING
  TODAY           20                        28     -8       25
  MONTH TO DATE  314                       417   -103      366
  SINCE DEC 1   2173                      2401   -228     2048
  SINCE JUL 1   2626                      3277   -651     2617

 COOLING
  TODAY            0                         0      0        0
  MONTH TO DATE    0                         0      0        0
  SINCE DEC 1      0                         0      0        0
  SINCE JAN 1      0                         0      0        0
..................................................................


WIND (MPH)
  HIGHEST WIND SPEED    21   HIGHEST WIND DIRECTION     N (350)
  HIGHEST GUST SPEED    25   HIGHEST GUST DIRECTION     N (350)
  AVERAGE WIND SPEED    10.9


SKY COVER
  POSSIBLE SUNSHINE  MM
  AVERAGE SKY COVER 1.0


WEATHER CONDITIONS
 THE FOLLOWING WEATHER WAS RECORDED TODAY.
  LIGHT RAIN


RELATIVE HUMIDITY (PERCENT)
 HIGHEST    92           200 AM
 LOWEST     38           400 PM
 AVERAGE    65

..........................................................


THE WICHITA EISENHOWER NATIONAL CLIMATE NORMALS FOR TOMORROW
                         NORMAL    RECORD    YEAR
 MAXIMUM TEMPERATURE (F)   48        72      1947
                                             1927
 MINIMUM TEMPERATURE (F)   26        -5      1936


SUNRISE AND SUNSET
FEBRUARY 14 2017......SUNRISE   720 AM CST   SUNSET   608 PM CST
FEBRUARY 15 2017......SUNRISE   719 AM CST   SUNSET   609 PM CST


-  INDICATES NEGATIVE NUMBERS.
R  INDICATES RECORD WAS SET OR TIED.
MM INDICATES DATA IS MISSING.
T  INDICATES TRACE AMOUNT.

$$
