109
CDUS43 KICT 250622
CLIICT


CLIMATE REPORT
NATIONAL WEATHER SERVICE WICHITA KS
122 AM CDT THU AUG 25 2016


...................................

...THE WICHITA EISENHOWER NATIONAL CLIMATE SUMMARY FOR AUGUST 24 2016...

CLIMATE NORMAL PERIOD 1981 TO 2010
CLIMATE RECORD PERIOD 1888 TO 2016


WEATHER ITEM   OBSERVED TIME   RECORD YEAR NORMAL DEPARTURE LAST
                VALUE   (LST)  VALUE       VALUE  FROM      YEAR
                                                  NORMAL
..................................................................
TEMPERATURE (F)
 YESTERDAY
  MAXIMUM         94    404 PM 107    2011  90      4       81
  MINIMUM         73   1149 PM  47    1891  68      5       55
  AVERAGE         84                        79      5       68

PRECIPITATION (IN)
  YESTERDAY        T             3.10 1960   0.12  -0.12     0.00
  MONTH TO DATE    8.12                      2.84   5.28     6.29
  SINCE JUN 1     20.62                     11.36   9.26    15.89
  SINCE JAN 1     36.18                     23.22  12.96    32.33

SNOWFALL (IN)
  YESTERDAY        0.0           0.0  2007   0.0    0.0      0.0
  MONTH TO DATE    0.0                       0.0    0.0      0.0
  SINCE JUN 1      0.0                       0.0    0.0      0.0
  SINCE JUL 1      0.0                       0.0    0.0      0.0
  SNOW DEPTH       0

DEGREE DAYS
 HEATING
  YESTERDAY        0                         0      0        0
  MONTH TO DATE    0                         0      0        0
  SINCE JUN 1      0                         6     -6        0
  SINCE JUL 1      0                         0      0        0

 COOLING
  YESTERDAY       19                        14      5        3
  MONTH TO DATE  369                       372     -3      298
  SINCE JUN 1   1443                      1198    245     1300
  SINCE JAN 1   1573                      1334    239     1413
..................................................................


WIND (MPH)
  HIGHEST WIND SPEED    23   HIGHEST WIND DIRECTION    NW (310)
  HIGHEST GUST SPEED    29   HIGHEST GUST DIRECTION    NW (330)
  AVERAGE WIND SPEED     9.0


SKY COVER
  POSSIBLE SUNSHINE  MM
  AVERAGE SKY COVER 0.8


WEATHER CONDITIONS
 THE FOLLOWING WEATHER WAS RECORDED YESTERDAY.
  THUNDERSTORM
  LIGHT RAIN


RELATIVE HUMIDITY (PERCENT)
 HIGHEST    87          1100 PM
 LOWEST     39           400 PM
 AVERAGE    63

..........................................................


THE WICHITA EISENHOWER NATIONAL CLIMATE NORMALS FOR TODAY
                         NORMAL    RECORD    YEAR
 MAXIMUM TEMPERATURE (F)   90       105      2000
 MINIMUM TEMPERATURE (F)   68        54      2015
                                             1910


SUNRISE AND SUNSET
AUGUST 25 2016........SUNRISE   654 AM CDT   SUNSET   808 PM CDT
AUGUST 26 2016........SUNRISE   655 AM CDT   SUNSET   807 PM CDT


-  INDICATES NEGATIVE NUMBERS.
R  INDICATES RECORD WAS SET OR TIED.
MM INDICATES DATA IS MISSING.
T  INDICATES TRACE AMOUNT.




$$
