000
CDUS43 KICT 262204
CLIICT


CLIMATE REPORT
NATIONAL WEATHER SERVICE WICHITA KS
504 PM CDT FRI SEP 26 2014


...................................

...THE WICHITA MID CONTINENT CLIMATE SUMMARY FOR SEPTEMBER 26 2014...
VALID TODAY AS OF 0500 PM LOCAL TIME.

CLIMATE NORMAL PERIOD 1981 TO 2010
CLIMATE RECORD PERIOD 1888 TO 2014


WEATHER ITEM   OBSERVED TIME   RECORD YEAR NORMAL DEPARTURE LAST
                VALUE   (LST)  VALUE       VALUE  FROM      YEAR
                                                  NORMAL
..................................................................
TEMPERATURE (F)
 TODAY
  MAXIMUM         85    353 PM  97    1904  78      7       93
  MINIMUM         56    510 AM  36    1942  55      1       64
  AVERAGE         71                        66      5       79

PRECIPITATION (IN)
  TODAY            0.00          5.78 1999   0.11  -0.11     0.00
  MONTH TO DATE    0.47                      2.76  -2.29     1.58
  SINCE SEP 1      0.47                      2.76  -2.29     1.58
  SINCE JAN 1     22.45                     26.85  -4.40    35.75

SNOWFALL (IN)
  TODAY            0.0           T    1942   0.0    0.0      0.0
  MONTH TO DATE    0.0                       0.0    0.0      0.0
  SINCE SEP 1      0.0                       0.0    0.0      0.0
  SINCE JUL 1      0.0                       0.0    0.0      0.0
  SNOW DEPTH       0

DEGREE DAYS
 HEATING
  TODAY            0                         3     -3        0
  MONTH TO DATE   20                        27     -7        0
  SINCE SEP 1     20                        27     -7        0
  SINCE JUL 1     21                        28     -7        1

 COOLING
  TODAY            6                         4      2       14
  MONTH TO DATE  239                       205     34      301
  SINCE SEP 1    239                       205     34      301
  SINCE JAN 1   1735                      1632    103     1714
..................................................................


WIND (MPH)
  HIGHEST WIND SPEED    18   HIGHEST WIND DIRECTION     S (200)
  HIGHEST GUST SPEED    21   HIGHEST GUST DIRECTION    SW (210)
  AVERAGE WIND SPEED     7.6


SKY COVER
  POSSIBLE SUNSHINE  MM
  AVERAGE SKY COVER 0.1


WEATHER CONDITIONS
 THE FOLLOWING WEATHER WAS RECORDED TODAY.
  NO SIGNIFICANT WEATHER WAS OBSERVED.


RELATIVE HUMIDITY (PERCENT)
 HIGHEST    86           500 AM
 LOWEST     32           200 PM
 AVERAGE    59

..........................................................


THE WICHITA MID CONTINENT CLIMATE NORMALS FOR TOMORROW
                         NORMAL    RECORD    YEAR
 MAXIMUM TEMPERATURE (F)   77        98      1898
 MINIMUM TEMPERATURE (F)   54        32      1942


SUNRISE AND SUNSET
SEPTEMBER 26 2014.....SUNRISE   721 AM CDT   SUNSET   720 PM CDT
SEPTEMBER 27 2014.....SUNRISE   722 AM CDT   SUNSET   719 PM CDT


-  INDICATES NEGATIVE NUMBERS.
R  INDICATES RECORD WAS SET OR TIED.
MM INDICATES DATA IS MISSING.
T  INDICATES TRACE AMOUNT.




$$
