000
CDUS43 KICT 160650
CLIICT


CLIMATE REPORT
NATIONAL WEATHER SERVICE WICHITA KS
149 AM CDT SAT SEP 16 2017


...................................

...THE WICHITA EISENHOWER NATIONAL CLIMATE SUMMARY FOR SEPTEMBER 15 2017...

CLIMATE NORMAL PERIOD 1981 TO 2010
CLIMATE RECORD PERIOD 1888 TO 2017


WEATHER ITEM   OBSERVED TIME   RECORD YEAR NORMAL DEPARTURE LAST
                VALUE   (LST)  VALUE       VALUE  FROM      YEAR
                                                  NORMAL
..................................................................
TEMPERATURE (F)
 YESTERDAY
  MAXIMUM         84    508 PM 103    1978  83      1       86
  MINIMUM         68    513 AM  37    1993  60      8       67
  AVERAGE         76                        71      5       77

PRECIPITATION (IN)
  YESTERDAY        0.09          1.76 1969   0.10  -0.01     0.00
  MONTH TO DATE    0.22                      1.60  -1.38     9.26
  SINCE SEP 1      0.22                      1.60  -1.38     9.26
  SINCE JAN 1     27.57                     25.69   1.88    45.60

SNOWFALL (IN)
  YESTERDAY        0.0           0.0  2007   0.0    0.0      0.0
  MONTH TO DATE    0.0                       0.0    0.0      0.0
  SINCE SEP 1      0.0                       0.0    0.0      0.0
  SINCE JUL 1      0.0                       0.0    0.0      0.0
  SNOW DEPTH       0

DEGREE DAYS
 HEATING
  YESTERDAY        0                         1     -1        0
  MONTH TO DATE    1                         5     -4        0
  SINCE SEP 1      1                         5     -4        0
  SINCE JUL 1      1                         6     -5        0

 COOLING
  YESTERDAY       11                         7      4       12
  MONTH TO DATE  122                       145    -23      165
  SINCE SEP 1    122                       145    -23      165
  SINCE JAN 1   1561                      1572    -11     1837
..................................................................


WIND (MPH)
  HIGHEST WIND SPEED    30   HIGHEST WIND DIRECTION    SE (150)
  HIGHEST GUST SPEED    38   HIGHEST GUST DIRECTION    SE (150)
  AVERAGE WIND SPEED    14.3


SKY COVER
  POSSIBLE SUNSHINE  MM
  AVERAGE SKY COVER 0.6


WEATHER CONDITIONS
 THE FOLLOWING WEATHER WAS RECORDED YESTERDAY.
  THUNDERSTORM
  RAIN
  LIGHT RAIN
  FOG


RELATIVE HUMIDITY (PERCENT)
 HIGHEST    84           900 AM
 LOWEST     65           400 PM
 AVERAGE    75

..........................................................


THE WICHITA EISENHOWER NATIONAL CLIMATE NORMALS FOR TODAY
                         NORMAL    RECORD    YEAR
 MAXIMUM TEMPERATURE (F)   83       105      1978
 MINIMUM TEMPERATURE (F)   59        42      1903


SUNRISE AND SUNSET
SEPTEMBER 16 2017.....SUNRISE   713 AM CDT   SUNSET   735 PM CDT
SEPTEMBER 17 2017.....SUNRISE   713 AM CDT   SUNSET   734 PM CDT


-  INDICATES NEGATIVE NUMBERS.
R  INDICATES RECORD WAS SET OR TIED.
MM INDICATES DATA IS MISSING.
T  INDICATES TRACE AMOUNT.




$$
