000
CDUS43 KICT 160632
CLIICT


CLIMATE REPORT
NATIONAL WEATHER SERVICE WICHITA KS
132 AM CDT SAT AUG 16 2014


...................................

...THE WICHITA MID CONTINENT KS CLIMATE SUMMARY FOR AUGUST 15 2014...

CLIMATE NORMAL PERIOD 1981 TO 2010
CLIMATE RECORD PERIOD 1888 TO 2014


WEATHER ITEM   OBSERVED TIME   RECORD YEAR NORMAL DEPARTURE LAST
                VALUE   (LST)  VALUE       VALUE  FROM      YEAR
                                                  NORMAL
..................................................................
TEMPERATURE (F)
 YESTERDAY
  MAXIMUM         94   1250 PM 107    1956  92      2       82
                                      1936
  MINIMUM         71    636 AM  55    1994  69      2       62
                                      1992
  AVERAGE         83                        80      3       72

PRECIPITATION (IN)
  YESTERDAY        0.04          5.53 1938   0.13  -0.09     0.66
  MONTH TO DATE    1.80                      1.72   0.08    10.62
  SINCE JUN 1     15.33                     10.24   5.09    20.14
  SINCE JAN 1     21.40                     22.10  -0.70    34.16

SNOWFALL (IN)
  YESTERDAY        0.0           T    2009   0.0    0.0      0.0
  MONTH TO DATE    0.0                       0.0    0.0      0.0
  SINCE JUN 1      0.0                       0.0    0.0      0.0
  SINCE JUL 1      0.0                       0.0    0.0      0.0
  SNOW DEPTH       0

DEGREE DAYS
 HEATING
  YESTERDAY        0                         0      0        0
  MONTH TO DATE    0                         0      0        0
  SINCE JUN 1      1                         6     -5        4
  SINCE JUL 1      1                         0      1        1

 COOLING
  YESTERDAY       18                        15      3        7
  MONTH TO DATE  207                       239    -32      176
  SINCE JUN 1    932                      1065   -133     1037
  SINCE JAN 1   1199                      1201     -2     1175
..................................................................


WIND (MPH)
  HIGHEST WIND SPEED    25   HIGHEST WIND DIRECTION     S (200)
  HIGHEST GUST SPEED    29   HIGHEST GUST DIRECTION     S (200)
  AVERAGE WIND SPEED    12.1


SKY COVER
  POSSIBLE SUNSHINE  MM
  AVERAGE SKY COVER 0.8


WEATHER CONDITIONS
 THE FOLLOWING WEATHER WAS RECORDED YESTERDAY.
  LIGHT RAIN
  HAZE


RELATIVE HUMIDITY (PERCENT)
 HIGHEST    84          1100 PM
 LOWEST     33           100 PM
 AVERAGE    59

..........................................................


THE WICHITA MID CONTINENT KS CLIMATE NORMALS FOR TODAY
                         NORMAL    RECORD    YEAR
 MAXIMUM TEMPERATURE (F)   92       106      1983
                                             1956
 MINIMUM TEMPERATURE (F)   69        56      1992


SUNRISE AND SUNSET
AUGUST 16 2014........SUNRISE   646 AM CDT   SUNSET   821 PM CDT
AUGUST 17 2014........SUNRISE   647 AM CDT   SUNSET   820 PM CDT


-  INDICATES NEGATIVE NUMBERS.
R  INDICATES RECORD WAS SET OR TIED.
MM INDICATES DATA IS MISSING.
T  INDICATES TRACE AMOUNT.




$$
