000
CDUS43 KICT 110631
CLIICT


CLIMATE REPORT
NATIONAL WEATHER SERVICE WICHITA KS
1230 AM CST SAT FEB 11 2017


...................................

...THE WICHITA EISENHOWER NATIONAL CLIMATE SUMMARY FOR FEBRUARY 10 2017...

CLIMATE NORMAL PERIOD 1981 TO 2010
CLIMATE RECORD PERIOD 1888 TO 2017


WEATHER ITEM   OBSERVED TIME   RECORD YEAR NORMAL DEPARTURE LAST
                VALUE   (LST)  VALUE       VALUE  FROM      YEAR
                                                  NORMAL
..................................................................
TEMPERATURE (F)
 YESTERDAY
  MAXIMUM         74    427 PM  76    1922  47     27       71
  MINIMUM         39    143 AM -17    2011  25     14       24
  AVERAGE         57                        36     21       48

PRECIPITATION (IN)
  YESTERDAY        0.00          1.45 1898   0.05  -0.05     0.00
  MONTH TO DATE    T                         0.37  -0.37     0.55
  SINCE DEC 1      3.45                      2.40   1.05     2.96
  SINCE JAN 1      2.79                      1.20   1.59     0.74

SNOWFALL (IN)
  YESTERDAY        0.0           4.2  2014   0.1   -0.1      0.0
  MONTH TO DATE    0.0                       1.4   -1.4      0.0
  SINCE DEC 1      2.0                       9.2   -7.2      0.5
  SINCE JUL 1      2.0                      10.6   -8.6      0.8
  SNOW DEPTH       0

DEGREE DAYS
 HEATING
  YESTERDAY        8                        29    -21       17
  MONTH TO DATE  243                       303    -60      256
  SINCE DEC 1   2102                      2287   -185     1938
  SINCE JUL 1   2555                      3163   -608     2507

 COOLING
  YESTERDAY        0                         0      0        0
  MONTH TO DATE    0                         0      0        0
  SINCE DEC 1      0                         0      0        0
  SINCE JAN 1      0                         0      0        0
..................................................................


WIND (MPH)
  HIGHEST WIND SPEED    24   HIGHEST WIND DIRECTION     S (180)
  HIGHEST GUST SPEED    31   HIGHEST GUST DIRECTION     S (200)
  AVERAGE WIND SPEED    16.7


SKY COVER
  POSSIBLE SUNSHINE  MM
  AVERAGE SKY COVER 0.5


WEATHER CONDITIONS
 THE FOLLOWING WEATHER WAS RECORDED YESTERDAY.
  NO SIGNIFICANT WEATHER WAS OBSERVED.


RELATIVE HUMIDITY (PERCENT)
 HIGHEST    62           700 AM
 LOWEST     27           300 PM
 AVERAGE    45

..........................................................


THE WICHITA EISENHOWER NATIONAL CLIMATE NORMALS FOR TODAY
                         NORMAL    RECORD    YEAR
 MAXIMUM TEMPERATURE (F)   47        77      1951
 MINIMUM TEMPERATURE (F)   25       -17      1899


SUNRISE AND SUNSET
FEBRUARY 11 2017......SUNRISE   723 AM CST   SUNSET   605 PM CST
FEBRUARY 12 2017......SUNRISE   722 AM CST   SUNSET   606 PM CST


-  INDICATES NEGATIVE NUMBERS.
R  INDICATES RECORD WAS SET OR TIED.
MM INDICATES DATA IS MISSING.
T  INDICATES TRACE AMOUNT.




$$
