000
CDUS43 KICT 232305
CLIICT


CLIMATE REPORT
NATIONAL WEATHER SERVICE WICHITA KS
505 PM CST TUE DEC 23 2014


...................................

...THE WICHITA MID CONTINENT CLIMATE SUMMARY FOR DECEMBER 23 2014...
VALID TODAY AS OF 0500 PM LOCAL TIME.

CLIMATE NORMAL PERIOD 1981 TO 2010
CLIMATE RECORD PERIOD 1888 TO 2014


WEATHER ITEM   OBSERVED TIME   RECORD YEAR NORMAL DEPARTURE LAST
                VALUE   (LST)  VALUE       VALUE  FROM      YEAR
                                                  NORMAL
..................................................................
TEMPERATURE (F)
 TODAY
  MAXIMUM         40    201 PM  67    1893  42     -2       18
  MINIMUM         34    141 AM -15    1989  23     11        4
  AVERAGE         37                        32      5       11

PRECIPITATION (IN)
  TODAY            T             1.44 1918   0.04  -0.04     0.03
  MONTH TO DATE    1.20                      0.95   0.25     0.60
  SINCE DEC 1      1.20                      0.95   0.25     0.60
  SINCE JAN 1     25.51                     32.39  -6.88    40.45

SNOWFALL (IN)
  TODAY           MM            10.0  1918   0.1   MM        0.2
  MONTH TO DATE    2.7                       3.1   -0.4      3.4
  SINCE DEC 1      2.7                       3.1   -0.4      3.4
  SINCE JUL 1      4.5                       4.5    0.0      3.4
  SNOW DEPTH       0

DEGREE DAYS
 HEATING
  TODAY           28                        33     -5       54
  MONTH TO DATE  550                       703   -153      797
  SINCE DEC 1    550                       703   -153      797
  SINCE JUL 1   1430                      1579   -149     1682

 COOLING
  TODAY            0                         0      0        0
  MONTH TO DATE    0                         0      0        0
  SINCE DEC 1      0                         0      0        0
  SINCE JAN 1   1849                      1686    163     1778
..................................................................


WIND (MPH)
  HIGHEST WIND SPEED    23   HIGHEST WIND DIRECTION    NW (320)
  HIGHEST GUST SPEED    29   HIGHEST GUST DIRECTION    NW (300)
  AVERAGE WIND SPEED    15.5


SKY COVER
  POSSIBLE SUNSHINE  MM
  AVERAGE SKY COVER 0.6


WEATHER CONDITIONS
 THE FOLLOWING WEATHER WAS RECORDED TODAY.
  LIGHT RAIN


RELATIVE HUMIDITY (PERCENT)
 HIGHEST    85           400 PM
 LOWEST     59           300 AM
 AVERAGE    72

..........................................................


THE WICHITA MID CONTINENT CLIMATE NORMALS FOR TOMORROW
                         NORMAL    RECORD    YEAR
 MAXIMUM TEMPERATURE (F)   42        83      1955
 MINIMUM TEMPERATURE (F)   23       -10      1983


SUNRISE AND SUNSET
DECEMBER 23 2014......SUNRISE   742 AM CST   SUNSET   516 PM CST
DECEMBER 24 2014......SUNRISE   742 AM CST   SUNSET   516 PM CST


-  INDICATES NEGATIVE NUMBERS.
R  INDICATES RECORD WAS SET OR TIED.
MM INDICATES DATA IS MISSING.
T  INDICATES TRACE AMOUNT.




$$
