000
CDUS43 KICT 160650
CLIICT

CLIMATE REPORT
NATIONAL WEATHER SERVICE WICHITA KS
148 AM CDT MON MAY 16 2016

...................................

...THE WICHITA EISENHOWER NATIONAL CLIMATE SUMMARY FOR MAY 15 2016...

CLIMATE NORMAL PERIOD 1981 TO 2010
CLIMATE RECORD PERIOD 1888 TO 2016


WEATHER ITEM   OBSERVED TIME   RECORD YEAR NORMAL DEPARTURE LAST
                VALUE   (LST)  VALUE       VALUE  FROM      YEAR
                                                  NORMAL
..................................................................
TEMPERATURE (F)
 YESTERDAY
  MAXIMUM         66    144 PM  92    1966  76    -10       80
                                      1963
  MINIMUM         53    635 AM  33    1907  55     -2       64
  AVERAGE         60                        66     -6       72

PRECIPITATION (IN)
  YESTERDAY        0.01          1.81 1900   0.14  -0.13     0.06
  MONTH TO DATE    0.46                      2.06  -1.60     3.87
  SINCE MAR 1      8.22                      7.34   0.88     6.77
  SINCE JAN 1      8.96                      9.35  -0.39     8.54

SNOWFALL (IN)
  YESTERDAY        0.0           0.0  2007   0.0    0.0      0.0
                                      2001
  MONTH TO DATE    0.0                       0.0    0.0      0.0
  SINCE MAR 1      3.5                       2.5    1.0      1.1
  SINCE JUL 1      4.3                      14.9  -10.6     18.0
  SNOW DEPTH       0

DEGREE DAYS
 HEATING
  YESTERDAY        5                         3      2        0
  MONTH TO DATE   55                        56     -1       30
  SINCE MAR 1    618                       924   -306      667
  SINCE JUL 1   3468                      4564  -1096     4232

 COOLING
  YESTERDAY        0                         3     -3        7
  MONTH TO DATE   19                        33    -14       50
  SINCE MAR 1     56                        59     -3       78
  SINCE JAN 1     56                        59     -3       78
..................................................................


WIND (MPH)
  HIGHEST WIND SPEED    16   HIGHEST WIND DIRECTION    SE (150)
  HIGHEST GUST SPEED    19   HIGHEST GUST DIRECTION    SE (140)
  AVERAGE WIND SPEED     8.7


SKY COVER
  POSSIBLE SUNSHINE  MM
  AVERAGE SKY COVER 1.0


WEATHER CONDITIONS
 THE FOLLOWING WEATHER WAS RECORDED YESTERDAY.
  LIGHT RAIN


RELATIVE HUMIDITY (PERCENT)
 HIGHEST    57          1100 PM
 LOWEST     34           100 PM
 AVERAGE    46

..........................................................


THE WICHITA EISENHOWER NATIONAL CLIMATE NORMALS FOR TODAY
                         NORMAL    RECORD    YEAR
 MAXIMUM TEMPERATURE (F)   77        91      2001
                                             1996
                                             1931
 MINIMUM TEMPERATURE (F)   55        36      1890


SUNRISE AND SUNSET
MAY 16 2016...........SUNRISE   619 AM CDT   SUNSET   834 PM CDT
MAY 17 2016...........SUNRISE   618 AM CDT   SUNSET   835 PM CDT


-  INDICATES NEGATIVE NUMBERS.
R  INDICATES RECORD WAS SET OR TIED.
MM INDICATES DATA IS MISSING.
T  INDICATES TRACE AMOUNT.

$$
