903
CDUS43 KICT 220640
CLIICT

CLIMATE REPORT
NATIONAL WEATHER SERVICE WICHITA KS
139 AM CDT MON MAY 22 2017


...................................

...THE WICHITA EISENHOWER NATIONAL CLIMATE SUMMARY FOR MAY 21 2017...

CLIMATE NORMAL PERIOD 1981 TO 2010
CLIMATE RECORD PERIOD 1888 TO 2017


WEATHER ITEM   OBSERVED TIME   RECORD YEAR NORMAL DEPARTURE LAST
                VALUE   (LST)  VALUE       VALUE  FROM      YEAR
                                                  NORMAL
..................................................................
TEMPERATURE (F)
 YESTERDAY
  MAXIMUM         73    446 PM  99    1925  78     -5       77
  MINIMUM         44    500 AM  36    1967  57    -13       58
  AVERAGE         59                        68     -9       68

PRECIPITATION (IN)
  YESTERDAY        T             3.05 1891   0.15  -0.15     0.00
  MONTH TO DATE    4.23                      2.97   1.26     1.90
  SINCE MAR 1     15.01                      8.25   6.76     9.66
  SINCE JAN 1     18.63                     10.26   8.37    10.40

SNOWFALL (IN)
  YESTERDAY       MM             0.0  2007   0.0   MM        0.0
                                      2001
  MONTH TO DATE    0.0                       0.0    0.0      0.0
  SINCE MAR 1      T                         2.5   -2.5      3.5
  SINCE JUL 1      2.0                      14.9  -12.9      4.3
  SNOW DEPTH       0

DEGREE DAYS
 HEATING
  YESTERDAY        6                         2      4        0
  MONTH TO DATE   60                        68     -8       91
  SINCE MAR 1    725                       936   -211      654
  SINCE JUL 1   3569                      4576  -1007     3504

 COOLING
  YESTERDAY        0                         4     -4        3
  MONTH TO DATE   62                        56      6       22
  SINCE MAR 1    107                        82     25       59
  SINCE JAN 1    107                        82     25       59
..................................................................


WIND (MPH)
  HIGHEST WIND SPEED    16   HIGHEST WIND DIRECTION    NW (320)
  HIGHEST GUST SPEED    19   HIGHEST GUST DIRECTION    NW (320)
  AVERAGE WIND SPEED     5.8


SKY COVER
  POSSIBLE SUNSHINE  MM
  AVERAGE SKY COVER 0.3


WEATHER CONDITIONS
 THE FOLLOWING WEATHER WAS RECORDED YESTERDAY.
  NO SIGNIFICANT WEATHER WAS OBSERVED.


RELATIVE HUMIDITY (PERCENT)
 HIGHEST    86          1000 PM
 LOWEST     44           100 PM
 AVERAGE    65

..........................................................


THE WICHITA EISENHOWER NATIONAL CLIMATE NORMALS FOR TODAY
                         NORMAL    RECORD    YEAR
 MAXIMUM TEMPERATURE (F)   78        95      1956
 MINIMUM TEMPERATURE (F)   57        38      1931


SUNRISE AND SUNSET
MAY 22 2017...........SUNRISE   615 AM CDT   SUNSET   838 PM CDT
MAY 23 2017...........SUNRISE   614 AM CDT   SUNSET   839 PM CDT


-  INDICATES NEGATIVE NUMBERS.
R  INDICATES RECORD WAS SET OR TIED.
MM INDICATES DATA IS MISSING.
T  INDICATES TRACE AMOUNT.




$$
