000
CDUS43 KICT 210713
CLIICT


CLIMATE REPORT
NATIONAL WEATHER SERVICE WICHITA KS
213 AM CDT THU APR 21 2016


...................................

...THE WICHITA EISENHOWER NATIONAL CLIMATE SUMMARY FOR APRIL 20 2016...

CLIMATE NORMAL PERIOD 1981 TO 2010
CLIMATE RECORD PERIOD 1888 TO 2016


WEATHER ITEM   OBSERVED TIME   RECORD YEAR NORMAL DEPARTURE LAST
                VALUE   (LST)  VALUE       VALUE  FROM      YEAR
                                                  NORMAL
..................................................................
TEMPERATURE (F)
 YESTERDAY
  MAXIMUM         70    340 PM  93    1961  69      1       64
  MINIMUM         51    613 AM  31    1978  46      5       40
                                      1966
                                      1918
  AVERAGE         61                        58      3       52

PRECIPITATION (IN)
  YESTERDAY        0.04          2.20 1974   0.08  -0.04     0.00
  MONTH TO DATE    2.75                      1.56   1.19     2.60
  SINCE MAR 1      4.28                      4.25   0.03     2.88
  SINCE JAN 1      5.02                      6.26  -1.24     4.65

SNOWFALL (IN)
  YESTERDAY        0.0           0.1  1918   0.0    0.0     MM
  MONTH TO DATE    0.0                       0.2   -0.2      0.0
  SINCE MAR 1      3.5                       2.5    1.0      1.1
  SINCE JUL 1      4.3                      14.9  -10.6     18.0
  SNOW DEPTH       0

DEGREE DAYS
 HEATING
  YESTERDAY        4                         8     -4       13
  MONTH TO DATE  128                       223    -95      111
  SINCE MAR 1    517                       800   -283      585
  SINCE JUL 1   3367                      4440  -1073     4150

 COOLING
  YESTERDAY        0                         1     -1        0
  MONTH TO DATE   12                        13     -1       25
  SINCE MAR 1     19                        15      4       25
  SINCE JAN 1     19                        15      4       25
..................................................................


WIND (MPH)
  HIGHEST WIND SPEED    20   HIGHEST WIND DIRECTION     N (340)
  HIGHEST GUST SPEED    24   HIGHEST GUST DIRECTION     N (340)
  AVERAGE WIND SPEED     9.1


SKY COVER
  POSSIBLE SUNSHINE  MM
  AVERAGE SKY COVER 0.5


WEATHER CONDITIONS
 THE FOLLOWING WEATHER WAS RECORDED YESTERDAY.
  LIGHT RAIN


RELATIVE HUMIDITY (PERCENT)
 HIGHEST    89           600 AM
 LOWEST     40           500 PM
 AVERAGE    65

..........................................................


THE WICHITA EISENHOWER NATIONAL CLIMATE NORMALS FOR TODAY
                         NORMAL    RECORD    YEAR
 MAXIMUM TEMPERATURE (F)   69        92      1963
 MINIMUM TEMPERATURE (F)   46        28      1966


SUNRISE AND SUNSET
APRIL 21 2016.........SUNRISE   646 AM CDT   SUNSET   811 PM CDT
APRIL 22 2016.........SUNRISE   645 AM CDT   SUNSET   812 PM CDT


-  INDICATES NEGATIVE NUMBERS.
R  INDICATES RECORD WAS SET OR TIED.
MM INDICATES DATA IS MISSING.
T  INDICATES TRACE AMOUNT.




$$
