000
CDUS43 KICT 270628
CLIICT


CLIMATE REPORT
NATIONAL WEATHER SERVICE WICHITA KS
128 AM CDT SUN JUL 27 2014


...................................

...THE WICHITA MID CONTINENT KS CLIMATE SUMMARY FOR JULY 26 2014...

CLIMATE NORMAL PERIOD 1981 TO 2010
CLIMATE RECORD PERIOD 1888 TO 2014


WEATHER ITEM   OBSERVED TIME   RECORD YEAR NORMAL DEPARTURE LAST
                VALUE   (LST)  VALUE       VALUE  FROM      YEAR
                                                  NORMAL
..................................................................
TEMPERATURE (F)
 YESTERDAY
  MAXIMUM        104    249 PM 105    2006  93     11       87
                                      1952
                                      1910
  MINIMUM         75    631 AM  57    2004  70      5       68
  AVERAGE         90                        81      9       78

PRECIPITATION (IN)
  YESTERDAY        0.00          2.13 2013   0.09  -0.09     2.13
  MONTH TO DATE    2.86                      2.84   0.02     5.80
  SINCE JUN 1     13.32                      8.04   5.28     7.63
  SINCE JAN 1     19.39                     19.90  -0.51    21.65

SNOWFALL (IN)
  YESTERDAY        0.0           0.0  2007   0.0    0.0      0.0
  MONTH TO DATE    0.0                       0.0    0.0      0.0
  SINCE JUN 1      0.0                       0.0    0.0      0.0
  SINCE JUL 1      0.0                       0.0    0.0      0.0
  SNOW DEPTH       0

DEGREE DAYS
 HEATING
  YESTERDAY        0                         0      0        0
  MONTH TO DATE    1                         0      1        0
  SINCE JUN 1      1                         6     -5        3
  SINCE JUL 1      1                         0      1        0

 COOLING
  YESTERDAY       25                        16      9       13
  MONTH TO DATE  331                       411    -80      416
  SINCE JUN 1    673                       740    -67      818
  SINCE JAN 1    940                       876     64      956
..................................................................


WIND (MPH)
  HIGHEST WIND SPEED    23   HIGHEST WIND DIRECTION    SW (210)
  HIGHEST GUST SPEED    29   HIGHEST GUST DIRECTION     S (200)
  AVERAGE WIND SPEED    12.3


SKY COVER
  POSSIBLE SUNSHINE  MM
  AVERAGE SKY COVER 0.5


WEATHER CONDITIONS
 THE FOLLOWING WEATHER WAS RECORDED YESTERDAY.
  NO SIGNIFICANT WEATHER WAS OBSERVED.


RELATIVE HUMIDITY (PERCENT)
 HIGHEST    69           400 AM
 LOWEST     25           500 PM
 AVERAGE    47

..........................................................


THE WICHITA MID CONTINENT KS CLIMATE NORMALS FOR TODAY
                         NORMAL    RECORD    YEAR
 MAXIMUM TEMPERATURE (F)   93       111      2011
 MINIMUM TEMPERATURE (F)   70        58      2005
                                             2004
                                             1994


SUNRISE AND SUNSET
JULY 27 2014..........SUNRISE   629 AM CDT   SUNSET   843 PM CDT
JULY 28 2014..........SUNRISE   630 AM CDT   SUNSET   842 PM CDT


-  INDICATES NEGATIVE NUMBERS.
R  INDICATES RECORD WAS SET OR TIED.
MM INDICATES DATA IS MISSING.
T  INDICATES TRACE AMOUNT.




$$
