000
CDUS43 KICT 172205
CLIICT


CLIMATE REPORT
NATIONAL WEATHER SERVICE WICHITA KS
505 PM CDT SUN SEP 17 2017


...................................

...THE WICHITA EISENHOWER NATIONAL CLIMATE SUMMARY FOR SEPTEMBER 17 2017...
VALID TODAY AS OF 0500 PM LOCAL TIME.

CLIMATE NORMAL PERIOD 1981 TO 2010
CLIMATE RECORD PERIOD 1888 TO 2017


WEATHER ITEM   OBSERVED TIME   RECORD YEAR NORMAL DEPARTURE LAST
                VALUE   (LST)  VALUE       VALUE  FROM      YEAR
                                                  NORMAL
..................................................................
TEMPERATURE (F)
 TODAY
  MAXIMUM         75    328 PM 100    1931  82     -7       83
  MINIMUM         63    934 AM  40    1973  59      4       60
  AVERAGE         69                        70     -1       72

PRECIPITATION (IN)
  TODAY            0.04          3.12 1905   0.10  -0.06     0.00
  MONTH TO DATE    0.34                      1.80  -1.46     9.65
  SINCE SEP 1      0.34                      1.80  -1.46     9.65
  SINCE JAN 1     27.69                     25.89   1.80    45.99

SNOWFALL (IN)
  TODAY            0.0           0.0  2007   0.0    0.0      0.0
  MONTH TO DATE    0.0                       0.0    0.0      0.0
  SINCE SEP 1      0.0                       0.0    0.0      0.0
  SINCE JUL 1      0.0                       0.0    0.0      0.0
  SNOW DEPTH       0

DEGREE DAYS
 HEATING
  TODAY            0                         1     -1        0
  MONTH TO DATE    1                         7     -6        0
  SINCE SEP 1      1                         7     -6        0
  SINCE JUL 1      1                         8     -7        0

 COOLING
  TODAY            4                         7     -3        7
  MONTH TO DATE  142                       159    -17      177
  SINCE SEP 1    142                       159    -17      177
  SINCE JAN 1   1581                      1586     -5     1849
..................................................................


WIND (MPH)
  HIGHEST WIND SPEED    17   HIGHEST WIND DIRECTION     N (10)
  HIGHEST GUST SPEED    22   HIGHEST GUST DIRECTION     N (10)
  AVERAGE WIND SPEED    11.3


SKY COVER
  POSSIBLE SUNSHINE  MM
  AVERAGE SKY COVER 0.9


WEATHER CONDITIONS
 THE FOLLOWING WEATHER WAS RECORDED TODAY.
  LIGHT RAIN
  FOG


RELATIVE HUMIDITY (PERCENT)
 HIGHEST   100           600 AM
 LOWEST     82           200 PM
 AVERAGE    91

..........................................................


THE WICHITA EISENHOWER NATIONAL CLIMATE NORMALS FOR TOMORROW
                         NORMAL    RECORD    YEAR
 MAXIMUM TEMPERATURE (F)   82       100      1997
 MINIMUM TEMPERATURE (F)   58        38      1973


SUNRISE AND SUNSET
SEPTEMBER 17 2017.....SUNRISE   713 AM CDT   SUNSET   734 PM CDT
SEPTEMBER 18 2017.....SUNRISE   714 AM CDT   SUNSET   732 PM CDT


-  INDICATES NEGATIVE NUMBERS.
R  INDICATES RECORD WAS SET OR TIED.
MM INDICATES DATA IS MISSING.
T  INDICATES TRACE AMOUNT.




$$
