000
CDUS43 KICT 230631
CLIICT


CLIMATE REPORT
NATIONAL WEATHER SERVICE WICHITA KS
130 AM CDT SUN APR 23 2017


...................................

...THE WICHITA EISENHOWER NATIONAL CLIMATE SUMMARY FOR APRIL 22 2017...

CLIMATE NORMAL PERIOD 1981 TO 2010
CLIMATE RECORD PERIOD 1888 TO 2017


WEATHER ITEM   OBSERVED TIME   RECORD YEAR NORMAL DEPARTURE LAST
                VALUE   (LST)  VALUE       VALUE  FROM      YEAR
                                                  NORMAL
..................................................................
TEMPERATURE (F)
 YESTERDAY
  MAXIMUM         61    639 PM  91    2006  70     -9       75
                                      1955
  MINIMUM         44   1143 PM  32    1959  47     -3       49
  AVERAGE         53                        58     -5       62

PRECIPITATION (IN)
  YESTERDAY        T             6.03 1944   0.10  -0.10     0.00
  MONTH TO DATE    5.61                      1.75   3.86     2.75
  SINCE MAR 1      9.11                      4.44   4.67     4.28
  SINCE JAN 1     12.73                      6.45   6.28     5.02

SNOWFALL (IN)
  YESTERDAY       MM             0.0  2007   0.0   MM        0.0
                                      2001
  MONTH TO DATE    0.0                       0.2   -0.2      0.0
  SINCE MAR 1      T                         2.5   -2.5      3.5
  SINCE JUL 1      2.0                      14.9  -12.9      4.3
  SNOW DEPTH       0

DEGREE DAYS
 HEATING
  YESTERDAY       12                         8      4        3
  MONTH TO DATE  140                       239    -99      136
  SINCE MAR 1    569                       816   -247      525
  SINCE JUL 1   3413                      4456  -1043     3375

 COOLING
  YESTERDAY        0                         1     -1        0
  MONTH TO DATE   27                        15     12       12
  SINCE MAR 1     45                        17     28       19
  SINCE JAN 1     45                        17     28       19
..................................................................


WIND (MPH)
  HIGHEST WIND SPEED    23   HIGHEST WIND DIRECTION     N (350)
  HIGHEST GUST SPEED    31   HIGHEST GUST DIRECTION     N (350)
  AVERAGE WIND SPEED    12.7


SKY COVER
  POSSIBLE SUNSHINE  MM
  AVERAGE SKY COVER 0.7


WEATHER CONDITIONS
 THE FOLLOWING WEATHER WAS RECORDED YESTERDAY.
  LIGHT RAIN


RELATIVE HUMIDITY (PERCENT)
 HIGHEST    86          1200 AM
 LOWEST     39           600 PM
 AVERAGE    63

..........................................................


THE WICHITA EISENHOWER NATIONAL CLIMATE NORMALS FOR TODAY
                         NORMAL    RECORD    YEAR
 MAXIMUM TEMPERATURE (F)   70        94      2006
 MINIMUM TEMPERATURE (F)   47        32      2013


SUNRISE AND SUNSET
APRIL 23 2017.........SUNRISE   644 AM CDT   SUNSET   813 PM CDT
APRIL 24 2017.........SUNRISE   642 AM CDT   SUNSET   814 PM CDT


-  INDICATES NEGATIVE NUMBERS.
R  INDICATES RECORD WAS SET OR TIED.
MM INDICATES DATA IS MISSING.
T  INDICATES TRACE AMOUNT.




$$
