000
CDUS43 KICT 172310
CLIICT


CLIMATE REPORT
NATIONAL WEATHER SERVICE WICHITA KS
510 PM CST SUN DEC 17 2017


...................................

...THE WICHITA EISENHOWER NATIONAL CLIMATE SUMMARY FOR DECEMBER 17 2017...
VALID TODAY AS OF 0500 PM LOCAL TIME.

CLIMATE NORMAL PERIOD 1981 TO 2010
CLIMATE RECORD PERIOD 1888 TO 2017


WEATHER ITEM   OBSERVED TIME   RECORD YEAR NORMAL DEPARTURE LAST
                VALUE   (LST)  VALUE       VALUE  FROM      YEAR
                                                  NORMAL
..................................................................
TEMPERATURE (F)
 TODAY
  MAXIMUM         48    346 PM  72    1939  43      5       34
  MINIMUM         40    714 AM   1    1901  24     16        4
  AVERAGE         44                        33     11       19

PRECIPITATION (IN)
  TODAY            0.01          0.52 2005   0.04  -0.03     0.08
  MONTH TO DATE    0.03                      0.72  -0.69     0.48
  SINCE DEC 1      0.03                      0.72  -0.69     0.48
  SINCE JAN 1     33.84                     32.16   1.68    50.42

SNOWFALL (IN)
  TODAY           MM             5.5  2005   0.1   MM        2.0
  MONTH TO DATE    0.0                       2.3   -2.3      2.0
  SINCE DEC 1      0.0                       2.3   -2.3      2.0
  SINCE JUL 1      0.0                       3.7   -3.7      2.0
  SNOW DEPTH       0

DEGREE DAYS
 HEATING
  TODAY           21                        32    -11       46
  MONTH TO DATE  376                       508   -132      561
  SINCE DEC 1    376                       508   -132      561
  SINCE JUL 1   1106                      1384   -278     1014

 COOLING
  TODAY            0                         0      0        0
  MONTH TO DATE    0                         0      0        0
  SINCE DEC 1      0                         0      0        0
  SINCE JAN 1   1785                      1686     99     2054
..................................................................


WIND (MPH)
  HIGHEST WIND SPEED    18   HIGHEST WIND DIRECTION     S (160)
  HIGHEST GUST SPEED    22   HIGHEST GUST DIRECTION     S (160)
  AVERAGE WIND SPEED     8.3


SKY COVER
  POSSIBLE SUNSHINE  MM
  AVERAGE SKY COVER 0.8


WEATHER CONDITIONS
 THE FOLLOWING WEATHER WAS RECORDED TODAY.
  LIGHT RAIN
  FOG


RELATIVE HUMIDITY (PERCENT)
 HIGHEST   100           400 AM
 LOWEST     76          1100 AM
 AVERAGE    88

..........................................................


THE WICHITA EISENHOWER NATIONAL CLIMATE NORMALS FOR TOMORROW
                         NORMAL    RECORD    YEAR
 MAXIMUM TEMPERATURE (F)   42        68      2001
                                             1889
 MINIMUM TEMPERATURE (F)   23       -10      2016


SUNRISE AND SUNSET
DECEMBER 17 2017......SUNRISE   739 AM CST   SUNSET   513 PM CST
DECEMBER 18 2017......SUNRISE   739 AM CST   SUNSET   513 PM CST


-  INDICATES NEGATIVE NUMBERS.
R  INDICATES RECORD WAS SET OR TIED.
MM INDICATES DATA IS MISSING.
T  INDICATES TRACE AMOUNT.




$$
