799
CDUS43 KICT 122204
CLIICT


CLIMATE REPORT
NATIONAL WEATHER SERVICE WICHITA KS
504 PM CDT TUE MAY 12 2015


...................................

...THE WICHITA EISENHOWER NATIONAL CLIMATE SUMMARY FOR MAY 12 2015...
VALID TODAY AS OF 0500 PM LOCAL TIME.

CLIMATE NORMAL PERIOD 1981 TO 2010
CLIMATE RECORD PERIOD 1888 TO 2015


WEATHER ITEM   OBSERVED TIME   RECORD YEAR NORMAL DEPARTURE LAST
                VALUE   (LST)  VALUE       VALUE  FROM      YEAR
                                                  NORMAL
..................................................................
TEMPERATURE (F)
 TODAY
  MAXIMUM         69    359 PM  92    1956  75     -6       77
  MINIMUM         40    514 AM  38    1960  54    -14       47
  AVERAGE         55                        65    -10       62

PRECIPITATION (IN)
  TODAY            0.00          1.82 1935   0.15  -0.15     0.15
  MONTH TO DATE    2.92                      1.63   1.29     0.47
  SINCE MAR 1      5.82                      6.91  -1.09     1.49
  SINCE JAN 1      7.59                      8.92  -1.33     2.48

SNOWFALL (IN)
  TODAY            0.0           T    2010   0.0    0.0      0.0
                                      2004
  MONTH TO DATE    0.0                       0.0    0.0      0.0
  SINCE MAR 1      1.1                       2.5   -1.4      3.5
  SINCE JUL 1     18.0                      14.9    3.1     23.0
  SNOW DEPTH       0

DEGREE DAYS
 HEATING
  TODAY           10                         3      7        3
  MONTH TO DATE   22                        47    -25       26
  SINCE MAR 1    659                       915   -256      973
  SINCE JUL 1   4224                      4555   -331     4892

 COOLING
  TODAY            0                         3     -3        0
  MONTH TO DATE   40                        24     16       94
  SINCE MAR 1     68                        50     18      127
  SINCE JAN 1     68                        50     18      127
..................................................................


WIND (MPH)
  HIGHEST WIND SPEED    14   HIGHEST WIND DIRECTION     S (180)
  HIGHEST GUST SPEED    19   HIGHEST GUST DIRECTION    SE (140)
  AVERAGE WIND SPEED     7.0


SKY COVER
  POSSIBLE SUNSHINE  MM
  AVERAGE SKY COVER 0.5


WEATHER CONDITIONS
 THE FOLLOWING WEATHER WAS RECORDED TODAY.
  NO SIGNIFICANT WEATHER WAS OBSERVED.


RELATIVE HUMIDITY (PERCENT)
 HIGHEST    82           500 AM
 LOWEST     32           200 PM
 AVERAGE    57

..........................................................


THE WICHITA EISENHOWER NATIONAL CLIMATE NORMALS FOR TOMORROW
                         NORMAL    RECORD    YEAR
 MAXIMUM TEMPERATURE (F)   76        90      1988
 MINIMUM TEMPERATURE (F)   54        32      1966


SUNRISE AND SUNSET
MAY 12 2015...........SUNRISE   623 AM CDT   SUNSET   830 PM CDT
MAY 13 2015...........SUNRISE   622 AM CDT   SUNSET   830 PM CDT


-  INDICATES NEGATIVE NUMBERS.
R  INDICATES RECORD WAS SET OR TIED.
MM INDICATES DATA IS MISSING.
T  INDICATES TRACE AMOUNT.




$$
