000
CDUS43 KICT 240629
CLIICT


CLIMATE REPORT
NATIONAL WEATHER SERVICE WICHITA KS
129 AM CDT SUN APR 24 2016


...................................

...THE WICHITA EISENHOWER NATIONAL CLIMATE SUMMARY FOR APRIL 23 2016...

CLIMATE NORMAL PERIOD 1981 TO 2010
CLIMATE RECORD PERIOD 1888 TO 2016


WEATHER ITEM   OBSERVED TIME   RECORD YEAR NORMAL DEPARTURE LAST
                VALUE   (LST)  VALUE       VALUE  FROM      YEAR
                                                  NORMAL
..................................................................
TEMPERATURE (F)
 YESTERDAY
  MAXIMUM         81    329 PM  94    2006  70     11       65
  MINIMUM         49    553 AM  32    2013  47      2       51
  AVERAGE         65                        59      6       58

PRECIPITATION (IN)
  YESTERDAY        0.00          1.40 1922   0.10  -0.10     0.00
  MONTH TO DATE    2.75                      1.85   0.90     2.61
  SINCE MAR 1      4.28                      4.54  -0.26     2.89
  SINCE JAN 1      5.02                      6.55  -1.53     4.66

SNOWFALL (IN)
  YESTERDAY        0.0           0.2  2013   0.0    0.0      0.0
  MONTH TO DATE    0.0                       0.2   -0.2      0.0
  SINCE MAR 1      3.5                       2.5    1.0      1.1
  SINCE JUL 1      4.3                      14.9  -10.6     18.0
  SNOW DEPTH       0

DEGREE DAYS
 HEATING
  YESTERDAY        0                         7     -7        7
  MONTH TO DATE  136                       246   -110      134
  SINCE MAR 1    525                       823   -298      608
  SINCE JUL 1   3375                      4463  -1088     4173

 COOLING
  YESTERDAY        0                         1     -1        0
  MONTH TO DATE   12                        16     -4       25
  SINCE MAR 1     19                        18      1       25
  SINCE JAN 1     19                        18      1       25
..................................................................


WIND (MPH)
  HIGHEST WIND SPEED    28   HIGHEST WIND DIRECTION     S (180)
  HIGHEST GUST SPEED    33   HIGHEST GUST DIRECTION     S (170)
  AVERAGE WIND SPEED    14.1


SKY COVER
  POSSIBLE SUNSHINE  MM
  AVERAGE SKY COVER 0.2


WEATHER CONDITIONS
 THE FOLLOWING WEATHER WAS RECORDED YESTERDAY.
  FOG


RELATIVE HUMIDITY (PERCENT)
 HIGHEST    93           600 AM
 LOWEST     35           200 PM
 AVERAGE    64

..........................................................


THE WICHITA EISENHOWER NATIONAL CLIMATE NORMALS FOR TODAY
                         NORMAL    RECORD    YEAR
 MAXIMUM TEMPERATURE (F)   70        90      1989
                                             1893
 MINIMUM TEMPERATURE (F)   48        25      2013


SUNRISE AND SUNSET
APRIL 24 2016.........SUNRISE   642 AM CDT   SUNSET   814 PM CDT
APRIL 25 2016.........SUNRISE   641 AM CDT   SUNSET   815 PM CDT


-  INDICATES NEGATIVE NUMBERS.
R  INDICATES RECORD WAS SET OR TIED.
MM INDICATES DATA IS MISSING.
T  INDICATES TRACE AMOUNT.




$$
