000
CDUS43 KICT 200726
CLIICT


CLIMATE REPORT
NATIONAL WEATHER SERVICE WICHITA KS
226 AM CDT TUE JUN 20 2017


...................................

...THE WICHITA EISENHOWER NATIONAL CLIMATE SUMMARY FOR JUNE 19 2017...

CLIMATE NORMAL PERIOD 1981 TO 2010
CLIMATE RECORD PERIOD 1888 TO 2017


WEATHER ITEM   OBSERVED TIME   RECORD YEAR NORMAL DEPARTURE LAST
                VALUE   (LST)  VALUE       VALUE  FROM      YEAR
                                                  NORMAL
..................................................................
TEMPERATURE (F)
 YESTERDAY
  MAXIMUM         86    514 PM 105    1990  88     -2       91
  MINIMUM         60    531 AM  49    1976  66     -6       73
  AVERAGE         73                        77     -4       82

PRECIPITATION (IN)
  YESTERDAY        0.00          2.47 1890   0.17  -0.17     0.00
  MONTH TO DATE    3.14                      3.41  -0.27     2.10
  SINCE JUN 1      3.14                      3.41  -0.27     2.10
  SINCE JAN 1     21.98                     15.27   6.71    17.66

SNOWFALL (IN)
  YESTERDAY        0.0           0.0  2007   0.0    0.0      0.0
                                      2001
  MONTH TO DATE    0.0                       0.0    0.0      0.0
  SINCE JUN 1      0.0                       0.0    0.0      0.0
  SINCE JUL 1      2.0                      14.9  -12.9      4.3
  SNOW DEPTH       0

DEGREE DAYS
 HEATING
  YESTERDAY        0                         0      0        0
  MONTH TO DATE    0                         3     -3        0
  SINCE JUN 1      0                         3     -3        0
  SINCE JUL 1   3584                      4591  -1007     3504

 COOLING
  YESTERDAY        8                        12     -4       17
  MONTH TO DATE  230                       179     51      280
  SINCE JUN 1    230                       179     51      280
  SINCE JAN 1    386                       315     71      410
..................................................................


WIND (MPH)
  HIGHEST WIND SPEED    12   HIGHEST WIND DIRECTION     S (190)
  HIGHEST GUST SPEED    16   HIGHEST GUST DIRECTION    SW (210)
  AVERAGE WIND SPEED     5.1


SKY COVER
  POSSIBLE SUNSHINE  MM
  AVERAGE SKY COVER 0.5


WEATHER CONDITIONS
 THE FOLLOWING WEATHER WAS RECORDED YESTERDAY.
  NO SIGNIFICANT WEATHER WAS OBSERVED.


RELATIVE HUMIDITY (PERCENT)
 HIGHEST    97           400 AM
 LOWEST     37           400 PM
 AVERAGE    67

..........................................................


THE WICHITA EISENHOWER NATIONAL CLIMATE NORMALS FOR TODAY
                         NORMAL    RECORD    YEAR
 MAXIMUM TEMPERATURE (F)   88       108      1998
 MINIMUM TEMPERATURE (F)   66        50      1946


SUNRISE AND SUNSET
JUNE 20 2017..........SUNRISE   608 AM CDT   SUNSET   854 PM CDT
JUNE 21 2017..........SUNRISE   608 AM CDT   SUNSET   855 PM CDT


-  INDICATES NEGATIVE NUMBERS.
R  INDICATES RECORD WAS SET OR TIED.
MM INDICATES DATA IS MISSING.
T  INDICATES TRACE AMOUNT.




$$
