112
CDUS43 KICT 140658
CLIICT


CLIMATE REPORT
NATIONAL WEATHER SERVICE WICHITA KS
1258 AM CST SUN JAN 14 2018


...................................

...THE WICHITA EISENHOWER NATIONAL CLIMATE SUMMARY FOR JANUARY 13 2018...

CLIMATE NORMAL PERIOD 1981 TO 2010
CLIMATE RECORD PERIOD 1888 TO 2018


WEATHER ITEM   OBSERVED TIME   RECORD YEAR NORMAL DEPARTURE LAST
                VALUE   (LST)  VALUE       VALUE  FROM      YEAR
                                                  NORMAL
..................................................................
TEMPERATURE (F)
 YESTERDAY
  MAXIMUM         26    927 PM  70    1996  42    -16       29
  MINIMUM         15    326 AM -11    1916  22     -7       21
  AVERAGE         21                        32    -11       25

PRECIPITATION (IN)
  YESTERDAY        0.00          0.54 1898   0.02  -0.02     0.04
  MONTH TO DATE    0.17                      0.30  -0.13     0.09
  SINCE DEC 1      0.20                      1.50  -1.30     0.75
  SINCE JAN 1      0.17                      0.30  -0.13     0.09

SNOWFALL (IN)
  YESTERDAY        0.0           4.5  1898   0.1   -0.1      0.0
  MONTH TO DATE    T                         1.4   -1.4       T
  SINCE DEC 1      T                         5.6   -5.6      2.0
  SINCE JUL 1      T                         7.0   -7.0      2.0
  SNOW DEPTH       0

DEGREE DAYS
 HEATING
  YESTERDAY       44                        33     11       40
  MONTH TO DATE  467                       429     38      442
  SINCE DEC 1   1333                      1396    -63     1429
  SINCE JUL 1   2063                      2272   -209     1882

 COOLING
  YESTERDAY        0                         0      0        0
  MONTH TO DATE    0                         0      0        0
  SINCE DEC 1      0                         0      0        0
  SINCE JAN 1      0                         0      0        0
..................................................................


WIND (MPH)
  HIGHEST WIND SPEED    18   HIGHEST WIND DIRECTION     N (360)
  HIGHEST GUST SPEED    22   HIGHEST GUST DIRECTION     N (360)
  AVERAGE WIND SPEED     5.5


SKY COVER
  POSSIBLE SUNSHINE  MM
  AVERAGE SKY COVER 0.8


WEATHER CONDITIONS
 THE FOLLOWING WEATHER WAS RECORDED YESTERDAY.
  NO SIGNIFICANT WEATHER WAS OBSERVED.


RELATIVE HUMIDITY (PERCENT)
 HIGHEST    67           800 AM
 LOWEST     40           200 PM
 AVERAGE    54

..........................................................


THE WICHITA EISENHOWER NATIONAL CLIMATE NORMALS FOR TODAY
                         NORMAL    RECORD    YEAR
 MAXIMUM TEMPERATURE (F)   42        68      1928
 MINIMUM TEMPERATURE (F)   22        -9      1905


SUNRISE AND SUNSET
JANUARY 14 2018.......SUNRISE   744 AM CST   SUNSET   534 PM CST
JANUARY 15 2018.......SUNRISE   743 AM CST   SUNSET   535 PM CST


-  INDICATES NEGATIVE NUMBERS.
R  INDICATES RECORD WAS SET OR TIED.
MM INDICATES DATA IS MISSING.
T  INDICATES TRACE AMOUNT.




$$
