000
CDUS43 KICT 220631
CLIICT


CLIMATE REPORT
NATIONAL WEATHER SERVICE WICHITA KS
130 AM CDT WED MAR 22 2017


...................................

...THE WICHITA EISENHOWER NATIONAL CLIMATE SUMMARY FOR MARCH 21 2017...

CLIMATE NORMAL PERIOD 1981 TO 2010
CLIMATE RECORD PERIOD 1888 TO 2017


WEATHER ITEM   OBSERVED TIME   RECORD YEAR NORMAL DEPARTURE LAST
                VALUE   (LST)  VALUE       VALUE  FROM      YEAR
                                                  NORMAL
..................................................................
TEMPERATURE (F)
 YESTERDAY
  MAXIMUM         67    228 PM  92    1916  60      7       70
  MINIMUM         53   1159 PM  10    1974  37     16       27
                                      1913
  AVERAGE         60                        48     12       49

PRECIPITATION (IN)
  YESTERDAY        0.00          1.69 1944   0.09  -0.09     0.00
  MONTH TO DATE    0.02                      1.72  -1.70     0.91
  SINCE MAR 1      0.02                      1.72  -1.70     0.91
  SINCE JAN 1      3.64                      3.73  -0.09     1.65

SNOWFALL (IN)
  YESTERDAY        0.0           4.0  1932   0.1   -0.1      0.0
  MONTH TO DATE    T                         1.7   -1.7       T
  SINCE MAR 1      T                         1.7   -1.7       T
  SINCE JUL 1      2.0                      14.1  -12.1      0.8
  SNOW DEPTH       0

DEGREE DAYS
 HEATING
  YESTERDAY        5                        17    -12       16
  MONTH TO DATE  304                       422   -118      272
  SINCE MAR 1    304                       422   -118      272
  SINCE JUL 1   3148                      4062   -914     3122

 COOLING
  YESTERDAY        0                         0      0        0
  MONTH TO DATE   15                         0     15        3
  SINCE MAR 1     15                         0     15        3
  SINCE JAN 1     15                         0     15        3
..................................................................


WIND (MPH)
  HIGHEST WIND SPEED    32   HIGHEST WIND DIRECTION    NE (40)
  HIGHEST GUST SPEED    39   HIGHEST GUST DIRECTION    NE (40)
  AVERAGE WIND SPEED    20.5


SKY COVER
  POSSIBLE SUNSHINE  MM
  AVERAGE SKY COVER 0.7


WEATHER CONDITIONS
 THE FOLLOWING WEATHER WAS RECORDED YESTERDAY.
  NO SIGNIFICANT WEATHER WAS OBSERVED.


RELATIVE HUMIDITY (PERCENT)
 HIGHEST    61           500 AM
 LOWEST     33          1000 PM
 AVERAGE    47

..........................................................


THE WICHITA EISENHOWER NATIONAL CLIMATE NORMALS FOR TODAY
                         NORMAL    RECORD    YEAR
 MAXIMUM TEMPERATURE (F)   60        92      1907
 MINIMUM TEMPERATURE (F)   37        12      2002


SUNRISE AND SUNSET
MARCH 22 2017.........SUNRISE   730 AM CDT   SUNSET   744 PM CDT
MARCH 23 2017.........SUNRISE   728 AM CDT   SUNSET   745 PM CDT


-  INDICATES NEGATIVE NUMBERS.
R  INDICATES RECORD WAS SET OR TIED.
MM INDICATES DATA IS MISSING.
T  INDICATES TRACE AMOUNT.




$$
