000
CDUS43 KICT 260620
CLIICT


CLIMATE REPORT
NATIONAL WEATHER SERVICE WICHITA KS
119 AM CDT FRI SEP 26 2014


...................................

...THE WICHITA MID CONTINENT KS CLIMATE SUMMARY FOR SEPTEMBER 25 2014...

CLIMATE NORMAL PERIOD 1981 TO 2010
CLIMATE RECORD PERIOD 1888 TO 2014


WEATHER ITEM   OBSERVED TIME   RECORD YEAR NORMAL DEPARTURE LAST
                VALUE   (LST)  VALUE       VALUE  FROM      YEAR
                                                  NORMAL
..................................................................
TEMPERATURE (F)
 YESTERDAY
  MAXIMUM         86    335 PM  96    1904  78      8       84
                                      1898
  MINIMUM         59    652 AM  39    2000  55      4       51
                                      1926
                                      1912
  AVERAGE         73                        67      6       68

PRECIPITATION (IN)
  YESTERDAY        0.00          2.26 1955   0.11  -0.11     0.00
  MONTH TO DATE    0.47                      2.65  -2.18     1.58
  SINCE SEP 1      0.47                      2.65  -2.18     1.58
  SINCE JAN 1     22.45                     26.74  -4.29    35.75

SNOWFALL (IN)
  YESTERDAY        0.0           0.0  2007   0.0    0.0      0.0
  MONTH TO DATE    0.0                       0.0    0.0      0.0
  SINCE SEP 1      0.0                       0.0    0.0      0.0
  SINCE JUL 1      0.0                       0.0    0.0      0.0
  SNOW DEPTH       0

DEGREE DAYS
 HEATING
  YESTERDAY        0                         3     -3        0
  MONTH TO DATE   20                        24     -4        0
  SINCE SEP 1     20                        24     -4        0
  SINCE JUL 1     21                        25     -4        1

 COOLING
  YESTERDAY        8                         4      4        3
  MONTH TO DATE  233                       201     32      287
  SINCE SEP 1    233                       201     32      287
  SINCE JAN 1   1729                      1628    101     1700
..................................................................


WIND (MPH)
  HIGHEST WIND SPEED    16   HIGHEST WIND DIRECTION     S (180)
  HIGHEST GUST SPEED    23   HIGHEST GUST DIRECTION     S (200)
  AVERAGE WIND SPEED     8.9


SKY COVER
  POSSIBLE SUNSHINE  MM
  AVERAGE SKY COVER 0.3


WEATHER CONDITIONS
 THE FOLLOWING WEATHER WAS RECORDED YESTERDAY.
  NO SIGNIFICANT WEATHER WAS OBSERVED.


RELATIVE HUMIDITY (PERCENT)
 HIGHEST    78           200 AM
 LOWEST     34           300 PM
 AVERAGE    56

..........................................................


THE WICHITA MID CONTINENT KS CLIMATE NORMALS FOR TODAY
                         NORMAL    RECORD    YEAR
 MAXIMUM TEMPERATURE (F)   78        97      1904
 MINIMUM TEMPERATURE (F)   55        36      1942


SUNRISE AND SUNSET
SEPTEMBER 26 2014.....SUNRISE   721 AM CDT   SUNSET   720 PM CDT
SEPTEMBER 27 2014.....SUNRISE   722 AM CDT   SUNSET   719 PM CDT


-  INDICATES NEGATIVE NUMBERS.
R  INDICATES RECORD WAS SET OR TIED.
MM INDICATES DATA IS MISSING.
T  INDICATES TRACE AMOUNT.




$$
