000
CDUS43 KICT 230634
CLIICT


CLIMATE REPORT
NATIONAL WEATHER SERVICE WICHITA KS
134 AM CDT SAT APR 23 2016


...................................

...THE WICHITA EISENHOWER NATIONAL CLIMATE SUMMARY FOR APRIL 22 2016...

CLIMATE NORMAL PERIOD 1981 TO 2010
CLIMATE RECORD PERIOD 1888 TO 2016


WEATHER ITEM   OBSERVED TIME   RECORD YEAR NORMAL DEPARTURE LAST
                VALUE   (LST)  VALUE       VALUE  FROM      YEAR
                                                  NORMAL
..................................................................
TEMPERATURE (F)
 YESTERDAY
  MAXIMUM         75    440 PM  91    2006  70      5       64
                                      1955
  MINIMUM         49    203 AM  32    1959  47      2       46
  AVERAGE         62                        58      4       55

PRECIPITATION (IN)
  YESTERDAY        0.00          6.03 1944   0.10  -0.10     0.00
  MONTH TO DATE    2.75                      1.75   1.00     2.61
  SINCE MAR 1      4.28                      4.44  -0.16     2.89
  SINCE JAN 1      5.02                      6.45  -1.43     4.66

SNOWFALL (IN)
  YESTERDAY        0.0           0.0  2007   0.0    0.0     MM
                                      2001
  MONTH TO DATE    0.0                       0.2   -0.2      0.0
  SINCE MAR 1      3.5                       2.5    1.0      1.1
  SINCE JUL 1      4.3                      14.9  -10.6     18.0
  SNOW DEPTH       0

DEGREE DAYS
 HEATING
  YESTERDAY        3                         8     -5       10
  MONTH TO DATE  136                       239   -103      127
  SINCE MAR 1    525                       816   -291      601
  SINCE JUL 1   3375                      4456  -1081     4166

 COOLING
  YESTERDAY        0                         1     -1        0
  MONTH TO DATE   12                        15     -3       25
  SINCE MAR 1     19                        17      2       25
  SINCE JAN 1     19                        17      2       25
..................................................................


WIND (MPH)
  HIGHEST WIND SPEED    15   HIGHEST WIND DIRECTION    NW (330)
  HIGHEST GUST SPEED    20   HIGHEST GUST DIRECTION     N (360)
  AVERAGE WIND SPEED     6.9


SKY COVER
  POSSIBLE SUNSHINE  MM
  AVERAGE SKY COVER 0.0


WEATHER CONDITIONS
 THE FOLLOWING WEATHER WAS RECORDED YESTERDAY.
  NO SIGNIFICANT WEATHER WAS OBSERVED.


RELATIVE HUMIDITY (PERCENT)
 HIGHEST    83           100 AM
 LOWEST     33           400 PM
 AVERAGE    58

..........................................................


THE WICHITA EISENHOWER NATIONAL CLIMATE NORMALS FOR TODAY
                         NORMAL    RECORD    YEAR
 MAXIMUM TEMPERATURE (F)   70        94      2006
 MINIMUM TEMPERATURE (F)   47        32      2013


SUNRISE AND SUNSET
APRIL 23 2016.........SUNRISE   643 AM CDT   SUNSET   813 PM CDT
APRIL 24 2016.........SUNRISE   642 AM CDT   SUNSET   814 PM CDT


-  INDICATES NEGATIVE NUMBERS.
R  INDICATES RECORD WAS SET OR TIED.
MM INDICATES DATA IS MISSING.
T  INDICATES TRACE AMOUNT.




$$
