000
CDUS43 KICT 120641
CLIICT


CLIMATE REPORT
NATIONAL WEATHER SERVICE WICHITA KS
1241 AM CST WED NOV 12 2014


...................................

...THE WICHITA MID CONTINENT KS CLIMATE SUMMARY FOR NOVEMBER 11 2014...

CLIMATE NORMAL PERIOD 1981 TO 2010
CLIMATE RECORD PERIOD 1888 TO 2014


WEATHER ITEM   OBSERVED TIME   RECORD YEAR NORMAL DEPARTURE LAST
                VALUE   (LST)  VALUE       VALUE  FROM      YEAR
                                                  NORMAL
..................................................................
TEMPERATURE (F)
 YESTERDAY
  MAXIMUM         36    327 PM  80    1989  59    -23       58
                                      1956
  MINIMUM         22   1159 PM  10    1911  37    -15       30
  AVERAGE         29                        48    -19       44

PRECIPITATION (IN)
  YESTERDAY        0.00          3.68 1922   0.05  -0.05      T
  MONTH TO DATE    0.13                      0.62  -0.49     0.30
  SINCE SEP 1      2.01                      6.54  -4.53     5.38
  SINCE JAN 1     23.99                     30.63  -6.64    39.55

SNOWFALL (IN)
  YESTERDAY        0.0           0.2  1904   0.0    0.0      0.0
  MONTH TO DATE    0.0                       0.1   -0.1      0.0
  SINCE SEP 1      0.0                       0.2   -0.2       T
  SINCE JUL 1      0.0                       0.2   -0.2       T
  SNOW DEPTH       0

DEGREE DAYS
 HEATING
  YESTERDAY       36                        17     19       21
  MONTH TO DATE  169                       165      4      160
  SINCE SEP 1    331                       450   -119      413
  SINCE JUL 1    332                       451   -119      414

 COOLING
  YESTERDAY        0                         0      0        0
  MONTH TO DATE    0                         0      0        0
  SINCE SEP 1    353                       257     96      365
  SINCE JAN 1   1849                      1684    165     1778
..................................................................


WIND (MPH)
  HIGHEST WIND SPEED    35   HIGHEST WIND DIRECTION     N (360)
  HIGHEST GUST SPEED    45   HIGHEST GUST DIRECTION     N (360)
  AVERAGE WIND SPEED    19.9


SKY COVER
  POSSIBLE SUNSHINE  MM
  AVERAGE SKY COVER 0.5


WEATHER CONDITIONS
 THE FOLLOWING WEATHER WAS RECORDED YESTERDAY.
  NO SIGNIFICANT WEATHER WAS OBSERVED.


RELATIVE HUMIDITY (PERCENT)
 HIGHEST    63           300 AM
 LOWEST     23           300 PM
 AVERAGE    43

..........................................................


THE WICHITA MID CONTINENT KS CLIMATE NORMALS FOR TODAY
                         NORMAL    RECORD    YEAR
 MAXIMUM TEMPERATURE (F)   58        82      1894
 MINIMUM TEMPERATURE (F)   36         9      1911


SUNRISE AND SUNSET
NOVEMBER 12 2014......SUNRISE   706 AM CST   SUNSET   521 PM CST
NOVEMBER 13 2014......SUNRISE   707 AM CST   SUNSET   520 PM CST


-  INDICATES NEGATIVE NUMBERS.
R  INDICATES RECORD WAS SET OR TIED.
MM INDICATES DATA IS MISSING.
T  INDICATES TRACE AMOUNT.




$$
