000
CDUS43 KICT 152205
CLIICT


CLIMATE REPORT
NATIONAL WEATHER SERVICE WICHITA KS
505 PM CDT MON MAY 15 2017


...................................

...THE WICHITA EISENHOWER NATIONAL CLIMATE SUMMARY FOR MAY 15 2017...
VALID TODAY AS OF 500 PM LOCAL TIME.

CLIMATE NORMAL PERIOD 1981 TO 2010
CLIMATE RECORD PERIOD 1888 TO 2017


WEATHER ITEM   OBSERVED TIME   RECORD YEAR NORMAL DEPARTURE LAST
                VALUE   (LST)  VALUE       VALUE  FROM      YEAR
                                                  NORMAL
..................................................................
TEMPERATURE (F)
 TODAY
  MAXIMUM         88    337 PM  92    1966  76     12       66
                                      1963
  MINIMUM         66    613 AM  33    1907  55     11       53
  AVERAGE         77                        66     11       60

PRECIPITATION (IN)
  TODAY            0.00          1.81 1900   0.14  -0.14     0.01
  MONTH TO DATE    3.31                      2.06   1.25     0.46
  SINCE MAR 1     14.09                      7.34   6.75     8.22
  SINCE JAN 1     17.71                      9.35   8.36     8.96

SNOWFALL (IN)
  TODAY            0.0           0.0  2007   0.0    0.0      0.0
                                      2001
  MONTH TO DATE    0.0                       0.0    0.0      0.0
  SINCE MAR 1      T                         2.5   -2.5      3.5
  SINCE JUL 1      2.0                      14.9  -12.9      4.3
  SNOW DEPTH       0

DEGREE DAYS
 HEATING
  TODAY            0                         3     -3        5
  MONTH TO DATE   45                        56    -11       55
  SINCE MAR 1    710                       924   -214      618
  SINCE JUL 1   3554                      4564  -1010     3468

 COOLING
  TODAY           12                         3      9        0
  MONTH TO DATE   39                        33      6       19
  SINCE MAR 1     84                        59     25       56
  SINCE JAN 1     84                        59     25       56
..................................................................


WIND (MPH)
  HIGHEST WIND SPEED    23   HIGHEST WIND DIRECTION     S (170)
  HIGHEST GUST SPEED    29   HIGHEST GUST DIRECTION     S (200)
  AVERAGE WIND SPEED    16.2


SKY COVER
  POSSIBLE SUNSHINE  MM
  AVERAGE SKY COVER 0.7


WEATHER CONDITIONS
 THE FOLLOWING WEATHER WAS RECORDED TODAY.
  NO SIGNIFICANT WEATHER WAS OBSERVED.


RELATIVE HUMIDITY (PERCENT)
 HIGHEST    87           500 AM
 LOWEST     53           200 PM
 AVERAGE    70

..........................................................


THE WICHITA EISENHOWER NATIONAL CLIMATE NORMALS FOR TOMORROW
                         NORMAL    RECORD    YEAR
 MAXIMUM TEMPERATURE (F)   77        91      2001
                                             1996
                                             1931
 MINIMUM TEMPERATURE (F)   55        36      1890


SUNRISE AND SUNSET
MAY 15 2017...........SUNRISE   620 AM CDT   SUNSET   833 PM CDT
MAY 16 2017...........SUNRISE   619 AM CDT   SUNSET   833 PM CDT


-  INDICATES NEGATIVE NUMBERS.
R  INDICATES RECORD WAS SET OR TIED.
MM INDICATES DATA IS MISSING.
T  INDICATES TRACE AMOUNT.




$$
