000
CDUS43 KICT 162209
CLIICT


CLIMATE REPORT
NATIONAL WEATHER SERVICE WICHITA KS
509 PM CDT SAT AUG 16 2014


...................................

...THE WICHITA MID CONTINENT CLIMATE SUMMARY FOR AUGUST 16 2014...
VALID TODAY AS OF 0500 PM LOCAL TIME.

CLIMATE NORMAL PERIOD 1981 TO 2010
CLIMATE RECORD PERIOD 1888 TO 2014


WEATHER ITEM   OBSERVED TIME   RECORD YEAR NORMAL DEPARTURE LAST
                VALUE   (LST)  VALUE       VALUE  FROM      YEAR
                                                  NORMAL
..................................................................
TEMPERATURE (F)
 TODAY
  MAXIMUM         96    356 PM 106    1983  92      4       80
                                      1956
  MINIMUM         70    531 AM  56    1992  69      1       62
  AVERAGE         83                        80      3       71

PRECIPITATION (IN)
  TODAY            0.00          2.16 1968   0.13  -0.13     0.01
  MONTH TO DATE    1.80                      1.85  -0.05    10.63
  SINCE JUN 1     15.33                     10.37   4.96    20.15
  SINCE JAN 1     21.40                     22.23  -0.83    34.17

SNOWFALL (IN)
  TODAY            0.0           0.0  2007   0.0    0.0      0.0
  MONTH TO DATE    0.0                       0.0    0.0      0.0
  SINCE JUN 1      0.0                       0.0    0.0      0.0
  SINCE JUL 1      0.0                       0.0    0.0      0.0
  SNOW DEPTH       0

DEGREE DAYS
 HEATING
  TODAY            0                         0      0        0
  MONTH TO DATE    0                         0      0        0
  SINCE JUN 1      1                         6     -5        4
  SINCE JUL 1      1                         0      1        1

 COOLING
  TODAY           18                        15      3        6
  MONTH TO DATE  225                       254    -29      182
  SINCE JUN 1    950                      1080   -130     1043
  SINCE JAN 1   1217                      1216      1     1181
..................................................................


WIND (MPH)
  HIGHEST WIND SPEED    15   HIGHEST WIND DIRECTION     N (340)
  HIGHEST GUST SPEED    21   HIGHEST GUST DIRECTION     N (340)
  AVERAGE WIND SPEED     7.6


SKY COVER
  POSSIBLE SUNSHINE  MM
  AVERAGE SKY COVER 0.4


WEATHER CONDITIONS
 THE FOLLOWING WEATHER WAS RECORDED TODAY.
  NO SIGNIFICANT WEATHER WAS OBSERVED.


RELATIVE HUMIDITY (PERCENT)
 HIGHEST    84          1200 AM
 LOWEST     35           400 PM
 AVERAGE    60

..........................................................


THE WICHITA MID CONTINENT CLIMATE NORMALS FOR TOMORROW
                         NORMAL    RECORD    YEAR
 MAXIMUM TEMPERATURE (F)   91       106      1956
                                             1909
 MINIMUM TEMPERATURE (F)   69        57      1992


SUNRISE AND SUNSET
AUGUST 16 2014........SUNRISE   646 AM CDT   SUNSET   821 PM CDT
AUGUST 17 2014........SUNRISE   647 AM CDT   SUNSET   820 PM CDT


-  INDICATES NEGATIVE NUMBERS.
R  INDICATES RECORD WAS SET OR TIED.
MM INDICATES DATA IS MISSING.
T  INDICATES TRACE AMOUNT.




$$
