190
CDUS43 KICT 310655
CLIICT


CLIMATE REPORT
NATIONAL WEATHER SERVICE WICHITA KS
1255 AM CST SUN JAN 31 2016


...................................

...THE WICHITA EISENHOWER NATIONAL CLIMATE SUMMARY FOR JANUARY 30 2016...

CLIMATE NORMAL PERIOD 1981 TO 2010
CLIMATE RECORD PERIOD 1888 TO 2016


WEATHER ITEM   OBSERVED TIME   RECORD YEAR NORMAL DEPARTURE LAST
                VALUE   (LST)  VALUE       VALUE  FROM      YEAR
                                                  NORMAL
..................................................................
TEMPERATURE (F)
 YESTERDAY
  MAXIMUM         63    330 PM  70    1890  44     19       43
  MINIMUM         28    718 AM  -6    1979  23      5       21
                                      1949
  AVERAGE         46                        33     13       32

PRECIPITATION (IN)
  YESTERDAY        0.00          0.95 2002   0.04  -0.04      T
  MONTH TO DATE    0.19                      0.80  -0.61     0.44
  SINCE DEC 1      2.41                      2.00   0.41     1.73
  SINCE JAN 1      0.19                      0.80  -0.61     0.44

SNOWFALL (IN)
  YESTERDAY        0.0           2.5  1899   0.2   -0.2      0.0
  MONTH TO DATE    0.1                       3.5   -3.4      4.0
  SINCE DEC 1      0.5                       7.7   -7.2      8.2
  SINCE JUL 1      0.8                       9.1   -8.3     10.0
  SNOW DEPTH       0

DEGREE DAYS
 HEATING
  YESTERDAY       19                        32    -13       33
  MONTH TO DATE  934                       982    -48      922
  SINCE DEC 1   1664                      1949   -285     1747
  SINCE JUL 1   2233                      2825   -592     2627

 COOLING
  YESTERDAY        0                         0      0        0
  MONTH TO DATE    0                         0      0        0
  SINCE DEC 1      0                         0      0        0
  SINCE JAN 1      0                         0      0        0
..................................................................


WIND (MPH)
  HIGHEST WIND SPEED    21   HIGHEST WIND DIRECTION     S (170)
  HIGHEST GUST SPEED    24   HIGHEST GUST DIRECTION     S (160)
  AVERAGE WIND SPEED     8.1


SKY COVER
  POSSIBLE SUNSHINE  MM
  AVERAGE SKY COVER 0.5


WEATHER CONDITIONS
 THE FOLLOWING WEATHER WAS RECORDED YESTERDAY.
  NO SIGNIFICANT WEATHER WAS OBSERVED.


RELATIVE HUMIDITY (PERCENT)
 HIGHEST    85           300 AM
 LOWEST     36           300 PM
 AVERAGE    61

..........................................................


THE WICHITA EISENHOWER NATIONAL CLIMATE NORMALS FOR TODAY
                         NORMAL    RECORD    YEAR
 MAXIMUM TEMPERATURE (F)   44        71      2009
 MINIMUM TEMPERATURE (F)   23        -9      1979


SUNRISE AND SUNSET
JANUARY 31 2016.......SUNRISE   735 AM CST   SUNSET   552 PM CST
FEBRUARY  1 2016......SUNRISE   734 AM CST   SUNSET   553 PM CST


-  INDICATES NEGATIVE NUMBERS.
R  INDICATES RECORD WAS SET OR TIED.
MM INDICATES DATA IS MISSING.
T  INDICATES TRACE AMOUNT.




$$
