880
CDUS43 KICT 170647
CLIICT


CLIMATE REPORT
NATIONAL WEATHER SERVICE WICHITA KS
1247 AM CST WED JAN 17 2018


...................................

...THE WICHITA EISENHOWER NATIONAL CLIMATE SUMMARY FOR JANUARY 16 2018...

CLIMATE NORMAL PERIOD 1981 TO 2010
CLIMATE RECORD PERIOD 1888 TO 2018


WEATHER ITEM   OBSERVED TIME   RECORD YEAR NORMAL DEPARTURE LAST
                VALUE   (LST)  VALUE       VALUE  FROM      YEAR
                                                  NORMAL
..................................................................
TEMPERATURE (F)
 YESTERDAY
  MAXIMUM         17    332 PM  72    1894  42    -25       43
  MINIMUM          3   1159 PM  -5    1930  22    -19       35
  AVERAGE         10                        32    -22       39

PRECIPITATION (IN)
  YESTERDAY        0.00          0.86 2017   0.03  -0.03     0.86
  MONTH TO DATE    0.20                      0.38  -0.18     2.55
  SINCE DEC 1      0.23                      1.58  -1.35     3.21
  SINCE JAN 1      0.20                      0.38  -0.18     2.55

SNOWFALL (IN)
  YESTERDAY        0.0           3.5  1987   0.1   -0.1      0.0
  MONTH TO DATE    0.3                       1.7   -1.4       T
  SINCE DEC 1      0.3                       5.9   -5.6      2.0
  SINCE JUL 1      0.3                       7.3   -7.0      2.0
  SNOW DEPTH       0

DEGREE DAYS
 HEATING
  YESTERDAY       55                        33     22       26
  MONTH TO DATE  590                       528     62      532
  SINCE DEC 1   1456                      1495    -39     1519
  SINCE JUL 1   2186                      2371   -185     1972

 COOLING
  YESTERDAY        0                         0      0        0
  MONTH TO DATE    0                         0      0        0
  SINCE DEC 1      0                         0      0        0
  SINCE JAN 1      0                         0      0        0
..................................................................


WIND (MPH)
  HIGHEST WIND SPEED    21   HIGHEST WIND DIRECTION     N (350)
  HIGHEST GUST SPEED    26   HIGHEST GUST DIRECTION     N (350)
  AVERAGE WIND SPEED     9.9


SKY COVER
  POSSIBLE SUNSHINE  MM
  AVERAGE SKY COVER 0.1


WEATHER CONDITIONS
 THE FOLLOWING WEATHER WAS RECORDED YESTERDAY.
  NO SIGNIFICANT WEATHER WAS OBSERVED.


RELATIVE HUMIDITY (PERCENT)
 HIGHEST    88           900 PM
 LOWEST     63          1200 AM
 AVERAGE    76

..........................................................


THE WICHITA EISENHOWER NATIONAL CLIMATE NORMALS FOR TODAY
                         NORMAL    RECORD    YEAR
 MAXIMUM TEMPERATURE (F)   42        66      1923
 MINIMUM TEMPERATURE (F)   22       -12      1930


SUNRISE AND SUNSET
JANUARY 17 2018.......SUNRISE   743 AM CST   SUNSET   537 PM CST
JANUARY 18 2018.......SUNRISE   742 AM CST   SUNSET   538 PM CST


-  INDICATES NEGATIVE NUMBERS.
R  INDICATES RECORD WAS SET OR TIED.
MM INDICATES DATA IS MISSING.
T  INDICATES TRACE AMOUNT.




$$
