000
CDUS43 KICT 150627
CLIICT


CLIMATE REPORT
NATIONAL WEATHER SERVICE WICHITA KS
127 AM CDT FRI SEP 15 2017


...................................

...THE WICHITA EISENHOWER NATIONAL CLIMATE SUMMARY FOR SEPTEMBER 14 2017...

CLIMATE NORMAL PERIOD 1981 TO 2010
CLIMATE RECORD PERIOD 1888 TO 2017


WEATHER ITEM   OBSERVED TIME   RECORD YEAR NORMAL DEPARTURE LAST
                VALUE   (LST)  VALUE       VALUE  FROM      YEAR
                                                  NORMAL
..................................................................
TEMPERATURE (F)
 YESTERDAY
  MAXIMUM         95    411 PM 100    1893  83     12       78
  MINIMUM         57    617 AM  44    1974  60     -3       60
                                      1961
  AVERAGE         76                        72      4       69

PRECIPITATION (IN)
  YESTERDAY        0.00          1.76 1962   0.10  -0.10     0.30
  MONTH TO DATE    0.13                      1.50  -1.37     9.26
  SINCE SEP 1      0.13                      1.50  -1.37     9.26
  SINCE JAN 1     27.48                     25.59   1.89    45.60

SNOWFALL (IN)
  YESTERDAY        0.0           0.0  2007   0.0    0.0      0.0
  MONTH TO DATE    0.0                       0.0    0.0      0.0
  SINCE SEP 1      0.0                       0.0    0.0      0.0
  SINCE JUL 1      0.0                       0.0    0.0      0.0
  SNOW DEPTH       0

DEGREE DAYS
 HEATING
  YESTERDAY        0                         1     -1        0
  MONTH TO DATE    1                         4     -3        0
  SINCE SEP 1      1                         4     -3        0
  SINCE JUL 1      1                         5     -4        0

 COOLING
  YESTERDAY       11                         8      3        4
  MONTH TO DATE  111                       138    -27      153
  SINCE SEP 1    111                       138    -27      153
  SINCE JAN 1   1550                      1565    -15     1825
..................................................................


WIND (MPH)
  HIGHEST WIND SPEED    23   HIGHEST WIND DIRECTION     S (180)
  HIGHEST GUST SPEED    29   HIGHEST GUST DIRECTION    SE (150)
  AVERAGE WIND SPEED    12.6


SKY COVER
  POSSIBLE SUNSHINE  MM
  AVERAGE SKY COVER 0.3


WEATHER CONDITIONS
 THE FOLLOWING WEATHER WAS RECORDED YESTERDAY.
  NO SIGNIFICANT WEATHER WAS OBSERVED.


RELATIVE HUMIDITY (PERCENT)
 HIGHEST    80           600 AM
 LOWEST     20           200 PM
 AVERAGE    50

..........................................................


THE WICHITA EISENHOWER NATIONAL CLIMATE NORMALS FOR TODAY
                         NORMAL    RECORD    YEAR
 MAXIMUM TEMPERATURE (F)   83       103      1978
 MINIMUM TEMPERATURE (F)   60        37      1993


SUNRISE AND SUNSET
SEPTEMBER 15 2017.....SUNRISE   712 AM CDT   SUNSET   737 PM CDT
SEPTEMBER 16 2017.....SUNRISE   713 AM CDT   SUNSET   735 PM CDT


-  INDICATES NEGATIVE NUMBERS.
R  INDICATES RECORD WAS SET OR TIED.
MM INDICATES DATA IS MISSING.
T  INDICATES TRACE AMOUNT.




$$
