650
CDUS43 KICT 190711
CLIICT


CLIMATE REPORT
NATIONAL WEATHER SERVICE WICHITA KS
211 AM CDT MON JUN 19 2017


...................................

...THE WICHITA EISENHOWER NATIONAL CLIMATE SUMMARY FOR JUNE 18 2017...

CLIMATE NORMAL PERIOD 1981 TO 2010
CLIMATE RECORD PERIOD 1888 TO 2017


WEATHER ITEM   OBSERVED TIME   RECORD YEAR NORMAL DEPARTURE LAST
                VALUE   (LST)  VALUE       VALUE  FROM      YEAR
                                                  NORMAL
..................................................................
TEMPERATURE (F)
 YESTERDAY
  MAXIMUM         85    413 PM 105    1936  88     -3       92
  MINIMUM         64   1005 PM  50    2000  66     -2       68
                                      1969
  AVERAGE         75                        77     -2       80

PRECIPITATION (IN)
  YESTERDAY        0.36          1.77 1902   0.18   0.18     1.51
  MONTH TO DATE    3.14                      3.24  -0.10     2.10
  SINCE JUN 1      3.14                      3.24  -0.10     2.10
  SINCE JAN 1     21.98                     15.10   6.88    17.66

SNOWFALL (IN)
  YESTERDAY        0.0           0.0  2007   0.0    0.0      0.0
                                      2001
  MONTH TO DATE    0.0                       0.0    0.0      0.0
  SINCE JUN 1      0.0                       0.0    0.0      0.0
  SINCE JUL 1      2.0                      14.9  -12.9      4.3
  SNOW DEPTH       0

DEGREE DAYS
 HEATING
  YESTERDAY        0                         0      0        0
  MONTH TO DATE    0                         3     -3        0
  SINCE JUN 1      0                         3     -3        0
  SINCE JUL 1   3584                      4591  -1007     3504

 COOLING
  YESTERDAY       10                        12     -2       15
  MONTH TO DATE  222                       167     55      263
  SINCE JUN 1    222                       167     55      263
  SINCE JAN 1    378                       303     75      393
..................................................................


WIND (MPH)
  HIGHEST WIND SPEED    26   HIGHEST WIND DIRECTION     N (340)
  HIGHEST GUST SPEED    32   HIGHEST GUST DIRECTION     N (350)
  AVERAGE WIND SPEED     9.7


SKY COVER
  POSSIBLE SUNSHINE  MM
  AVERAGE SKY COVER 0.7


WEATHER CONDITIONS
 THE FOLLOWING WEATHER WAS RECORDED YESTERDAY.
  THUNDERSTORM
  LIGHT RAIN
  FOG


RELATIVE HUMIDITY (PERCENT)
 HIGHEST    93           400 AM
 LOWEST     34           400 PM
 AVERAGE    64

..........................................................


THE WICHITA EISENHOWER NATIONAL CLIMATE NORMALS FOR TODAY
                         NORMAL    RECORD    YEAR
 MAXIMUM TEMPERATURE (F)   88       105      1990
 MINIMUM TEMPERATURE (F)   66        49      1976


SUNRISE AND SUNSET
JUNE 19 2017..........SUNRISE   608 AM CDT   SUNSET   854 PM CDT
JUNE 20 2017..........SUNRISE   608 AM CDT   SUNSET   854 PM CDT


-  INDICATES NEGATIVE NUMBERS.
R  INDICATES RECORD WAS SET OR TIED.
MM INDICATES DATA IS MISSING.
T  INDICATES TRACE AMOUNT.




$$
