000
CDUS43 KICT 100634
CLIICT


CLIMATE REPORT
NATIONAL WEATHER SERVICE WICHITA KS
134 AM CDT TUE OCT 10 2017


...................................

...THE WICHITA EISENHOWER NATIONAL CLIMATE SUMMARY FOR OCTOBER 9 2017...

CLIMATE NORMAL PERIOD 1981 TO 2010
CLIMATE RECORD PERIOD 1888 TO 2017


WEATHER ITEM   OBSERVED TIME   RECORD YEAR NORMAL DEPARTURE LAST
                VALUE   (LST)  VALUE       VALUE  FROM      YEAR
                                                  NORMAL
..................................................................
TEMPERATURE (F)
 YESTERDAY
  MAXIMUM         75   1248 PM  92    1963  72      3       75
                                      1921
  MINIMUM         49   1159 PM  26    2000  49      0       50
  AVERAGE         62                        61      1       63

PRECIPITATION (IN)
  YESTERDAY        T             3.09 1985   0.10  -0.10      T
  MONTH TO DATE    2.85                      0.93   1.92     0.63
  SINCE SEP 1      5.19                      4.07   1.12    11.93
  SINCE JAN 1     32.54                     28.16   4.38    48.27

SNOWFALL (IN)
  YESTERDAY       MM             0.0  2007   0.0   MM        0.0
  MONTH TO DATE    0.0                       0.0    0.0      0.0
  SINCE SEP 1      0.0                       0.0    0.0      0.0
  SINCE JUL 1      0.0                       0.0    0.0      0.0
  SNOW DEPTH       0

DEGREE DAYS
 HEATING
  YESTERDAY        3                         6     -3        2
  MONTH TO DATE    3                        44    -41       22
  SINCE SEP 1      9                        86    -77       36
  SINCE JUL 1      9                        87    -78       36

 COOLING
  YESTERDAY        0                         2     -2        0
  MONTH TO DATE   48                        21     27       22
  SINCE SEP 1    324                       243     81      302
  SINCE JAN 1   1763                      1670     93     1974
..................................................................


WIND (MPH)
  HIGHEST WIND SPEED    31   HIGHEST WIND DIRECTION     N (350)
  HIGHEST GUST SPEED    41   HIGHEST GUST DIRECTION     N (360)
  AVERAGE WIND SPEED    16.2


SKY COVER
  POSSIBLE SUNSHINE  MM
  AVERAGE SKY COVER 0.5


WEATHER CONDITIONS
 THE FOLLOWING WEATHER WAS RECORDED YESTERDAY.
  LIGHT RAIN


RELATIVE HUMIDITY (PERCENT)
 HIGHEST    72           700 AM
 LOWEST     53           800 PM
 AVERAGE    63

..........................................................


THE WICHITA EISENHOWER NATIONAL CLIMATE NORMALS FOR TODAY
                         NORMAL    RECORD    YEAR
 MAXIMUM TEMPERATURE (F)   72        94      1965
 MINIMUM TEMPERATURE (F)   49        29      2000


SUNRISE AND SUNSET
OCTOBER 10 2017.......SUNRISE   734 AM CDT   SUNSET   659 PM CDT
OCTOBER 11 2017.......SUNRISE   734 AM CDT   SUNSET   658 PM CDT


-  INDICATES NEGATIVE NUMBERS.
R  INDICATES RECORD WAS SET OR TIED.
MM INDICATES DATA IS MISSING.
T  INDICATES TRACE AMOUNT.




$$
