138
CDUS43 KICT 110640
CLIICT


CLIMATE REPORT
NATIONAL WEATHER SERVICE WICHITA KS
139 AM CDT MON MAY 11 2015


...................................

...THE WICHITA EISENHOWER NATIONAL CLIMATE SUMMARY FOR MAY 10 2015...

CLIMATE NORMAL PERIOD 1981 TO 2010
CLIMATE RECORD PERIOD 1888 TO 2015


WEATHER ITEM   OBSERVED TIME   RECORD YEAR NORMAL DEPARTURE LAST
                VALUE   (LST)  VALUE       VALUE  FROM      YEAR
                                                  NORMAL
..................................................................
TEMPERATURE (F)
 YESTERDAY
  MAXIMUM         74   1057 AM 100    1967  75     -1       93
  MINIMUM         50   1159 PM  37    1946  53     -3       59
  AVERAGE         62                        64     -2       76

PRECIPITATION (IN)
  YESTERDAY        0.04          1.60 1912   0.14  -0.10     0.32
  MONTH TO DATE    2.92                      1.34   1.58     0.32
  SINCE MAR 1      5.82                      6.62  -0.80     1.34
  SINCE JAN 1      7.59                      8.63  -1.04     2.33

SNOWFALL (IN)
  YESTERDAY        0.0           0.0  2007   0.0    0.0      0.0
                                      2001
  MONTH TO DATE    0.0                       0.0    0.0      0.0
  SINCE MAR 1      1.1                       2.5   -1.4      3.5
  SINCE JUL 1     18.0                      14.9    3.1     23.0
  SNOW DEPTH       0

DEGREE DAYS
 HEATING
  YESTERDAY        3                         3      0        0
  MONTH TO DATE    3                        41    -38       23
  SINCE MAR 1    640                       909   -269      970
  SINCE JUL 1   4205                      4549   -344     4889

 COOLING
  YESTERDAY        0                         2     -2       11
  MONTH TO DATE   40                        18     22       80
  SINCE MAR 1     68                        44     24      113
  SINCE JAN 1     68                        44     24      113
..................................................................


WIND (MPH)
  HIGHEST WIND SPEED    22   HIGHEST WIND DIRECTION    NW (320)
  HIGHEST GUST SPEED    29   HIGHEST GUST DIRECTION    SE (150)
  AVERAGE WIND SPEED    12.7


SKY COVER
  POSSIBLE SUNSHINE  MM
  AVERAGE SKY COVER 0.7


WEATHER CONDITIONS
 THE FOLLOWING WEATHER WAS RECORDED YESTERDAY.
  LIGHT RAIN
  FOG


RELATIVE HUMIDITY (PERCENT)
 HIGHEST    93           600 AM
 LOWEST     44           700 PM
 AVERAGE    69

..........................................................


THE WICHITA EISENHOWER NATIONAL CLIMATE NORMALS FOR TODAY
                         NORMAL    RECORD    YEAR
 MAXIMUM TEMPERATURE (F)   75        94      2000
 MINIMUM TEMPERATURE (F)   54        33      1946


SUNRISE AND SUNSET
MAY 11 2015...........SUNRISE   624 AM CDT   SUNSET   829 PM CDT
MAY 12 2015...........SUNRISE   623 AM CDT   SUNSET   830 PM CDT


-  INDICATES NEGATIVE NUMBERS.
R  INDICATES RECORD WAS SET OR TIED.
MM INDICATES DATA IS MISSING.
T  INDICATES TRACE AMOUNT.




$$
