000
CDUS43 KICT 240639
CLIICT

CLIMATE REPORT
NATIONAL WEATHER SERVICE WICHITA KS
138 AM CDT WED JUN 24 2015


...................................

...THE WICHITA EISENHOWER NATIONAL CLIMATE SUMMARY FOR JUNE 23 2015...

CLIMATE NORMAL PERIOD 1981 TO 2010
CLIMATE RECORD PERIOD 1888 TO 2015


WEATHER ITEM   OBSERVED TIME   RECORD YEAR NORMAL DEPARTURE LAST
                VALUE   (LST)  VALUE       VALUE  FROM      YEAR
                                                  NORMAL
..................................................................
TEMPERATURE (F)
 YESTERDAY
  MAXIMUM         95    429 PM 102    1973  89      6       85
                                      1933
  MINIMUM         75    602 AM  53    1958  67      8       66
  AVERAGE         85                        78      7       76

PRECIPITATION (IN)
  YESTERDAY        0.00          2.27 1929   0.17  -0.17     0.11
  MONTH TO DATE    1.99                      4.12  -2.13     6.09
  SINCE JUN 1      1.99                      4.12  -2.13     6.09
  SINCE JAN 1     18.43                     15.98   2.45    12.16

SNOWFALL (IN)
  YESTERDAY        0.0           0.0  2007   0.0    0.0      0.0
                                      2001
  MONTH TO DATE    0.0                       0.0    0.0      0.0
  SINCE JUN 1      0.0                       0.0    0.0      0.0
  SINCE JUL 1     18.0                      14.9    3.1     23.0
  SNOW DEPTH       0

DEGREE DAYS
 HEATING
  YESTERDAY        0                         0      0        0
  MONTH TO DATE    0                         3     -3        0
  SINCE JUN 1      0                         3     -3        0
  SINCE JUL 1   4279                      4591   -312     4939

 COOLING
  YESTERDAY       20                        13      7       11
  MONTH TO DATE  341                       230    111      260
  SINCE JUN 1    341                       230    111      260
  SINCE JAN 1    454                       366     88      527
..................................................................


WIND (MPH)
  HIGHEST WIND SPEED    24   HIGHEST WIND DIRECTION    SW (210)
  HIGHEST GUST SPEED    29   HIGHEST GUST DIRECTION    SW (210)
  AVERAGE WIND SPEED    11.5


SKY COVER
  POSSIBLE SUNSHINE  MM
  AVERAGE SKY COVER 0.5


WEATHER CONDITIONS
 THE FOLLOWING WEATHER WAS RECORDED YESTERDAY.
  NO SIGNIFICANT WEATHER WAS OBSERVED.


RELATIVE HUMIDITY (PERCENT)
 HIGHEST    69          1200 AM
 LOWEST     31           200 PM
 AVERAGE    50

..........................................................


THE WICHITA EISENHOWER NATIONAL CLIMATE NORMALS FOR TODAY
                         NORMAL    RECORD    YEAR
 MAXIMUM TEMPERATURE (F)   90       103      1980
                                             1973
                                             1954
 MINIMUM TEMPERATURE (F)   67        53      1940


SUNRISE AND SUNSET
JUNE 24 2015..........SUNRISE   609 AM CDT   SUNSET   855 PM CDT
JUNE 25 2015..........SUNRISE   609 AM CDT   SUNSET   855 PM CDT


-  INDICATES NEGATIVE NUMBERS.
R  INDICATES RECORD WAS SET OR TIED.
MM INDICATES DATA IS MISSING.
T  INDICATES TRACE AMOUNT.




$$
