000
CDUS43 KICT 140654
CLIICT


CLIMATE REPORT
NATIONAL WEATHER SERVICE WICHITA KS
1254 AM CST SUN DEC 14 2014


...................................

...THE WICHITA MID CONTINENT KS CLIMATE SUMMARY FOR DECEMBER 13 2014...

CLIMATE NORMAL PERIOD 1981 TO 2010
CLIMATE RECORD PERIOD 1888 TO 2014


WEATHER ITEM   OBSERVED TIME   RECORD YEAR NORMAL DEPARTURE LAST
                VALUE   (LST)  VALUE       VALUE  FROM      YEAR
                                                  NORMAL
..................................................................
TEMPERATURE (F)
 YESTERDAY
  MAXIMUM         56   1159 PM  75    1921  44     12       46
  MINIMUM         49    838 AM  -2    1961  24     25       31
                                      1917
  AVERAGE         53                        34     19       39

PRECIPITATION (IN)
  YESTERDAY        0.03          0.64 1992   0.04  -0.01      T
  MONTH TO DATE    0.60                      0.56   0.04      T
  SINCE DEC 1      0.60                      0.56   0.04      T
  SINCE JAN 1     24.91                     32.00  -7.09    39.85

SNOWFALL (IN)
  YESTERDAY        0.0           4.5  1945   0.1   -0.1      0.0
  MONTH TO DATE    0.0                       1.7   -1.7       T
  SINCE DEC 1      0.0                       1.7   -1.7       T
  SINCE JUL 1      1.8                       3.1   -1.3       T
  SNOW DEPTH       0

DEGREE DAYS
 HEATING
  YESTERDAY       12                        31    -19       26
  MONTH TO DATE  304                       381    -77      479
  SINCE DEC 1    304                       381    -77      479
  SINCE JUL 1   1184                      1257    -73     1364

 COOLING
  YESTERDAY        0                         0      0        0
  MONTH TO DATE    0                         0      0        0
  SINCE DEC 1      0                         0      0        0
  SINCE JAN 1   1849                      1686    163     1778
..................................................................


WIND (MPH)
  HIGHEST WIND SPEED    24   HIGHEST WIND DIRECTION     S (170)
  HIGHEST GUST SPEED    30   HIGHEST GUST DIRECTION     S (170)
  AVERAGE WIND SPEED    13.8


SKY COVER
  POSSIBLE SUNSHINE  MM
  AVERAGE SKY COVER 1.0


WEATHER CONDITIONS
 THE FOLLOWING WEATHER WAS RECORDED YESTERDAY.
  LIGHT RAIN
  FOG
  FOG W/VISIBILITY <= 1/4 MILE


RELATIVE HUMIDITY (PERCENT)
 HIGHEST   100          1200 PM
 LOWEST     89          1100 AM
 AVERAGE    95

..........................................................


THE WICHITA MID CONTINENT KS CLIMATE NORMALS FOR TODAY
                         NORMAL    RECORD    YEAR
 MAXIMUM TEMPERATURE (F)   43        70      1948
 MINIMUM TEMPERATURE (F)   24        -6      1901


SUNRISE AND SUNSET
DECEMBER 14 2014......SUNRISE   737 AM CST   SUNSET   512 PM CST
DECEMBER 15 2014......SUNRISE   737 AM CST   SUNSET   512 PM CST


-  INDICATES NEGATIVE NUMBERS.
R  INDICATES RECORD WAS SET OR TIED.
MM INDICATES DATA IS MISSING.
T  INDICATES TRACE AMOUNT.




$$
