000
CDUS43 KICT 130621
CLIICT


CLIMATE REPORT
NATIONAL WEATHER SERVICE WICHITA KS
121 AM CDT WED JUL 13 2016


...................................

...THE WICHITA EISENHOWER NATIONAL CLIMATE SUMMARY FOR JULY 12 2016...

CLIMATE NORMAL PERIOD 1981 TO 2010
CLIMATE RECORD PERIOD 1888 TO 2016


WEATHER ITEM   OBSERVED TIME   RECORD YEAR NORMAL DEPARTURE LAST
                VALUE   (LST)  VALUE       VALUE  FROM      YEAR
                                                  NORMAL
..................................................................
TEMPERATURE (F)
 YESTERDAY
  MAXIMUM         90    539 PM 112    1980  92     -2       95
  MINIMUM         70    618 AM  56    1975  70      0       73
  AVERAGE         80                        81     -1       84

PRECIPITATION (IN)
  YESTERDAY        0.05          2.81 1949   0.11  -0.06     0.00
  MONTH TO DATE    7.90                      1.46   6.44     4.87
  SINCE JUN 1     10.73                      6.66   4.07     7.07
  SINCE JAN 1     26.29                     18.52   7.77    23.51

SNOWFALL (IN)
  YESTERDAY        0.0           0.0  2007   0.0    0.0      0.0
  MONTH TO DATE    0.0                       0.0    0.0      0.0
  SINCE JUN 1      0.0                       0.0    0.0      0.0
  SINCE JUL 1      0.0                       0.0    0.0      0.0
  SNOW DEPTH       0

DEGREE DAYS
 HEATING
  YESTERDAY        0                         0      0        0
  MONTH TO DATE    0                         0      0        0
  SINCE JUN 1      0                         6     -6        0
  SINCE JUL 1      0                         0      0        0

 COOLING
  YESTERDAY       15                        16     -1       19
  MONTH TO DATE  213                       187     26      162
  SINCE JUN 1    699                       516    183      621
  SINCE JAN 1    829                       652    177      734
..................................................................


WIND (MPH)
  HIGHEST WIND SPEED    29   HIGHEST WIND DIRECTION    NE (30)
  HIGHEST GUST SPEED    35   HIGHEST GUST DIRECTION    SE (150)
  AVERAGE WIND SPEED    14.5


SKY COVER
  POSSIBLE SUNSHINE  MM
  AVERAGE SKY COVER 0.6


WEATHER CONDITIONS
 THE FOLLOWING WEATHER WAS RECORDED YESTERDAY.
  THUNDERSTORM
  LIGHT RAIN


RELATIVE HUMIDITY (PERCENT)
 HIGHEST    84           600 AM
 LOWEST     56           300 PM
 AVERAGE    70

..........................................................


THE WICHITA EISENHOWER NATIONAL CLIMATE NORMALS FOR TODAY
                         NORMAL    RECORD    YEAR
 MAXIMUM TEMPERATURE (F)   93       111      1954
 MINIMUM TEMPERATURE (F)   70        51      1975


SUNRISE AND SUNSET
JULY 13 2016..........SUNRISE   619 AM CDT   SUNSET   852 PM CDT
JULY 14 2016..........SUNRISE   620 AM CDT   SUNSET   851 PM CDT


-  INDICATES NEGATIVE NUMBERS.
R  INDICATES RECORD WAS SET OR TIED.
MM INDICATES DATA IS MISSING.
T  INDICATES TRACE AMOUNT.




$$
