000
CDUS43 KICT 272312
CLIICT


CLIMATE REPORT
NATIONAL WEATHER SERVICE WICHITA KS
512 PM CST FRI FEB 27 2015


...................................

...THE WICHITA EISENHOWER NATIONAL CLIMATE SUMMARY FOR FEBRUARY 27 2015...
VALID TODAY AS OF 0500 PM LOCAL TIME.

CLIMATE NORMAL PERIOD 1981 TO 2010
CLIMATE RECORD PERIOD 1888 TO 2015


WEATHER ITEM   OBSERVED TIME   RECORD YEAR NORMAL DEPARTURE LAST
                VALUE   (LST)  VALUE       VALUE  FROM      YEAR
                                                  NORMAL
..................................................................
TEMPERATURE (F)
 TODAY
  MAXIMUM         17    447 PM  78    1976  52    -35       49
  MINIMUM         11    739 AM   1    1890  30    -19       16
  AVERAGE         14                        41    -27       33

PRECIPITATION (IN)
  TODAY            0.06          1.93 1918   0.05   0.01     0.00
  MONTH TO DATE    0.30                      1.13  -0.83     0.84
  SINCE DEC 1      2.70                      3.16  -0.46     1.57
  SINCE JAN 1      1.41                      1.96  -0.55     0.97

SNOWFALL (IN)
  TODAY            0.4           4.0  1900   0.1    0.3      0.0
  MONTH TO DATE    3.0                       3.1   -0.1     13.1
  SINCE DEC 1     11.2                      10.9    0.3     19.5
  SINCE JUL 1     13.0                      12.3    0.7     19.5
  SNOW DEPTH       0

DEGREE DAYS
 HEATING
  TODAY           51                        24     27       32
  MONTH TO DATE  866                       755    111      922
  SINCE DEC 1   2640                      2739    -99     3011
  SINCE JUL 1   3520                      3615    -95     3896

 COOLING
  TODAY            0                         0      0        0
  MONTH TO DATE    0                         0      0        0
  SINCE DEC 1      0                         0      0        0
  SINCE JAN 1      0                         0      0        0
..................................................................


WIND (MPH)
  HIGHEST WIND SPEED    17   HIGHEST WIND DIRECTION    NE (50)
  HIGHEST GUST SPEED    20   HIGHEST GUST DIRECTION    NE (50)
  AVERAGE WIND SPEED     9.5


SKY COVER
  POSSIBLE SUNSHINE  MM
  AVERAGE SKY COVER 0.9


WEATHER CONDITIONS
 THE FOLLOWING WEATHER WAS RECORDED TODAY.
  LIGHT SNOW
  HAZE


RELATIVE HUMIDITY (PERCENT)
 HIGHEST    73          1200 PM
 LOWEST     53           800 AM
 AVERAGE    63

..........................................................


THE WICHITA EISENHOWER NATIONAL CLIMATE NORMALS FOR TOMORROW
                         NORMAL    RECORD    YEAR
 MAXIMUM TEMPERATURE (F)   52        78      2006
 MINIMUM TEMPERATURE (F)   30         0      1890


SUNRISE AND SUNSET
FEBRUARY 27 2015......SUNRISE   704 AM CST   SUNSET   621 PM CST
FEBRUARY 28 2015......SUNRISE   703 AM CST   SUNSET   622 PM CST


-  INDICATES NEGATIVE NUMBERS.
R  INDICATES RECORD WAS SET OR TIED.
MM INDICATES DATA IS MISSING.
T  INDICATES TRACE AMOUNT.




$$
