000
CDUS43 KICT 220631
CLIICT


CLIMATE REPORT
NATIONAL WEATHER SERVICE WICHITA KS
1231 AM CST SAT NOV 22 2014


...................................

...THE WICHITA MID CONTINENT KS CLIMATE SUMMARY FOR NOVEMBER 21 2014...

CLIMATE NORMAL PERIOD 1981 TO 2010
CLIMATE RECORD PERIOD 1888 TO 2014


WEATHER ITEM   OBSERVED TIME   RECORD YEAR NORMAL DEPARTURE LAST
                VALUE   (LST)  VALUE       VALUE  FROM      YEAR
                                                  NORMAL
..................................................................
TEMPERATURE (F)
 YESTERDAY
  MAXIMUM         46    842 PM  74    2012  53     -7       54
  MINIMUM         32    444 AM  10    1898  32      0       26
  AVERAGE         39                        43     -4       40

PRECIPITATION (IN)
  YESTERDAY        0.02          1.07 1934   0.05  -0.03     0.30
  MONTH TO DATE    0.36                      1.06  -0.70     0.60
  SINCE SEP 1      2.24                      6.98  -4.74     5.68
  SINCE JAN 1     24.22                     31.07  -6.85    39.85

SNOWFALL (IN)
  YESTERDAY       MM             4.6  1898   0.1   MM        0.0
  MONTH TO DATE    1.8                       0.6    1.2      0.0
  SINCE SEP 1      1.8                       0.7    1.1       T
  SINCE JUL 1      1.8                       0.7    1.1       T
  SNOW DEPTH       0

DEGREE DAYS
 HEATING
  YESTERDAY       26                        22      4       25
  MONTH TO DATE  529                       365    164      336
  SINCE SEP 1    691                       650     41      589
  SINCE JUL 1    692                       651     41      590

 COOLING
  YESTERDAY        0                         0      0        0
  MONTH TO DATE    0                         0      0        0
  SINCE SEP 1    353                       257     96      365
  SINCE JAN 1   1849                      1684    165     1778
..................................................................


WIND (MPH)
  HIGHEST WIND SPEED    10   HIGHEST WIND DIRECTION     E (90)
  HIGHEST GUST SPEED    14   HIGHEST GUST DIRECTION     E (80)
  AVERAGE WIND SPEED     5.3


SKY COVER
  POSSIBLE SUNSHINE  MM
  AVERAGE SKY COVER 0.9


WEATHER CONDITIONS
 THE FOLLOWING WEATHER WAS RECORDED YESTERDAY.
  LIGHT RAIN
  FOG
  FOG W/VISIBILITY <= 1/4 MILE
  HAZE


RELATIVE HUMIDITY (PERCENT)
 HIGHEST   100           200 PM
 LOWEST     59          1200 AM
 AVERAGE    80

..........................................................


THE WICHITA MID CONTINENT KS CLIMATE NORMALS FOR TODAY
                         NORMAL    RECORD    YEAR
 MAXIMUM TEMPERATURE (F)   53        78      1966
 MINIMUM TEMPERATURE (F)   32         8      1929


SUNRISE AND SUNSET
NOVEMBER 22 2014......SUNRISE   717 AM CST   SUNSET   514 PM CST
NOVEMBER 23 2014......SUNRISE   718 AM CST   SUNSET   514 PM CST


-  INDICATES NEGATIVE NUMBERS.
R  INDICATES RECORD WAS SET OR TIED.
MM INDICATES DATA IS MISSING.
T  INDICATES TRACE AMOUNT.




$$
