184
CDUS43 KICT 050647
CLIICT


CLIMATE REPORT
NATIONAL WEATHER SERVICE WICHITA KS
1247 AM CST FRI FEB 5 2016


...................................

...THE WICHITA EISENHOWER NATIONAL CLIMATE SUMMARY FOR FEBRUARY 4 2016...

CLIMATE NORMAL PERIOD 1981 TO 2010
CLIMATE RECORD PERIOD 1888 TO 2016


WEATHER ITEM   OBSERVED TIME   RECORD YEAR NORMAL DEPARTURE LAST
                VALUE   (LST)  VALUE       VALUE  FROM      YEAR
                                                  NORMAL
..................................................................
TEMPERATURE (F)
 YESTERDAY
  MAXIMUM         51    322 PM  73    1946  45      6       38
                                      1890
  MINIMUM         18    753 AM  -7    1996  23     -5       17
  AVERAGE         35                        34      1       28

PRECIPITATION (IN)
  YESTERDAY        0.00          0.86 1897   0.03  -0.03     0.01
  MONTH TO DATE    0.55                      0.13   0.42     0.03
  SINCE DEC 1      2.96                      2.16   0.80     2.43
  SINCE JAN 1      0.74                      0.96  -0.22     1.14

SNOWFALL (IN)
  YESTERDAY        0.0           8.7  2014   0.2   -0.2      0.1
  MONTH TO DATE    0.0                       0.6   -0.6      0.1
  SINCE DEC 1      0.5                       8.4   -7.9      8.3
  SINCE JUL 1      0.8                       9.8   -9.0     10.1
  SNOW DEPTH       0

DEGREE DAYS
 HEATING
  YESTERDAY       30                        31     -1       37
  MONTH TO DATE  110                       124    -14      147
  SINCE DEC 1   1792                      2108   -316     1921
  SINCE JUL 1   2361                      2984   -623     2801

 COOLING
  YESTERDAY        0                         0      0        0
  MONTH TO DATE    0                         0      0        0
  SINCE DEC 1      0                         0      0        0
  SINCE JAN 1      0                         0      0        0
..................................................................


WIND (MPH)
  HIGHEST WIND SPEED    21   HIGHEST WIND DIRECTION     W (260)
  HIGHEST GUST SPEED    26   HIGHEST GUST DIRECTION     W (260)
  AVERAGE WIND SPEED     7.6


SKY COVER
  POSSIBLE SUNSHINE  MM
  AVERAGE SKY COVER 0.1


WEATHER CONDITIONS
 THE FOLLOWING WEATHER WAS RECORDED YESTERDAY.
  NO SIGNIFICANT WEATHER WAS OBSERVED.


RELATIVE HUMIDITY (PERCENT)
 HIGHEST    84           100 AM
 LOWEST     18           400 PM
 AVERAGE    51

..........................................................


THE WICHITA EISENHOWER NATIONAL CLIMATE NORMALS FOR TODAY
                         NORMAL    RECORD    YEAR
 MAXIMUM TEMPERATURE (F)   46        70      1938
 MINIMUM TEMPERATURE (F)   24       -16      1982


SUNRISE AND SUNSET
FEBRUARY  5 2016......SUNRISE   730 AM CST   SUNSET   557 PM CST
FEBRUARY  6 2016......SUNRISE   729 AM CST   SUNSET   559 PM CST


-  INDICATES NEGATIVE NUMBERS.
R  INDICATES RECORD WAS SET OR TIED.
MM INDICATES DATA IS MISSING.
T  INDICATES TRACE AMOUNT.




$$
