000
CDUS43 KICT 212208
CLIICT

CLIMATE REPORT
NATIONAL WEATHER SERVICE WICHITA KS
508 PM CDT TUE OCT 21 2014


...................................

...THE WICHITA MID CONTINENT CLIMATE SUMMARY FOR OCTOBER 21 2014...
VALID TODAY AS OF 0500 PM LOCAL TIME.

CLIMATE NORMAL PERIOD 1981 TO 2010
CLIMATE RECORD PERIOD 1888 TO 2014


WEATHER ITEM   OBSERVED TIME   RECORD YEAR NORMAL DEPARTURE LAST
                VALUE   (LST)  VALUE       VALUE  FROM      YEAR
                                                  NORMAL
..................................................................
TEMPERATURE (F)
 TODAY
  MAXIMUM         82    352 PM  89    2012  68     14       62
                                      1978
  MINIMUM         50    221 AM  29    1976  45      5       44
  AVERAGE         66                        56     10       53

PRECIPITATION (IN)
  TODAY            0.00          2.38 1900   0.10  -0.10     0.00
  MONTH TO DATE    1.38                      2.03  -0.65     1.01
  SINCE SEP 1      1.85                      5.17  -3.32     3.04
  SINCE JAN 1     23.83                     29.26  -5.43    37.21

SNOWFALL (IN)
  TODAY            0.0           0.0  2007   0.0    0.0      0.0
  MONTH TO DATE    0.0                       0.0    0.0       T
  SINCE SEP 1      0.0                       0.0    0.0       T
  SINCE JUL 1      0.0                       0.0    0.0       T
  SNOW DEPTH       0

DEGREE DAYS
 HEATING
  TODAY            0                         9     -9       12
  MONTH TO DATE   91                       134    -43      141
  SINCE SEP 1    111                       176    -65      145
  SINCE JUL 1    112                       177    -65      146

 COOLING
  TODAY            1                         1      0        0
  MONTH TO DATE   48                        34     14       51
  SINCE SEP 1    323                       256     67      365
  SINCE JAN 1   1819                      1683    136     1778
..................................................................


WIND (MPH)
  HIGHEST WIND SPEED    17   HIGHEST WIND DIRECTION    SE (150)
  HIGHEST GUST SPEED    21   HIGHEST GUST DIRECTION     S (160)
  AVERAGE WIND SPEED     7.0


SKY COVER
  POSSIBLE SUNSHINE  MM
  AVERAGE SKY COVER 0.3


WEATHER CONDITIONS
 THE FOLLOWING WEATHER WAS RECORDED TODAY.
  NO SIGNIFICANT WEATHER WAS OBSERVED.


RELATIVE HUMIDITY (PERCENT)
 HIGHEST    89           500 AM
 LOWEST     45           100 PM
 AVERAGE    67

..........................................................


THE WICHITA MID CONTINENT CLIMATE NORMALS FOR TOMORROW
                         NORMAL    RECORD    YEAR
 MAXIMUM TEMPERATURE (F)   68        87      1899
 MINIMUM TEMPERATURE (F)   45        26      2006


SUNRISE AND SUNSET
OCTOBER 21 2014.......SUNRISE   744 AM CDT   SUNSET   644 PM CDT
OCTOBER 22 2014.......SUNRISE   745 AM CDT   SUNSET   643 PM CDT


-  INDICATES NEGATIVE NUMBERS.
R  INDICATES RECORD WAS SET OR TIED.
MM INDICATES DATA IS MISSING.
T  INDICATES TRACE AMOUNT.




$$
