765
CDUS43 KICT 250621
CLIICT


CLIMATE REPORT
NATIONAL WEATHER SERVICE WICHITA KS
121 AM CDT SUN SEP 25 2016


...................................

...THE WICHITA EISENHOWER NATIONAL CLIMATE SUMMARY FOR SEPTEMBER 24 2016...

CLIMATE NORMAL PERIOD 1981 TO 2010
CLIMATE RECORD PERIOD 1888 TO 2016


WEATHER ITEM   OBSERVED TIME   RECORD YEAR NORMAL DEPARTURE LAST
                VALUE   (LST)  VALUE       VALUE  FROM      YEAR
                                                  NORMAL
..................................................................
TEMPERATURE (F)
 YESTERDAY
  MAXIMUM         86    111 PM  96    1898  79      7       86
  MINIMUM         67   1149 PM  34    1989  56     11       66
  AVERAGE         77                        67     10       76

PRECIPITATION (IN)
  YESTERDAY        0.58          1.59 1973   0.10   0.48     0.00
  MONTH TO DATE   10.23                      2.54   7.69     1.25
  SINCE SEP 1     10.23                      2.54   7.69     1.25
  SINCE JAN 1     46.57                     26.63  19.94    33.67

SNOWFALL (IN)
  YESTERDAY        0.0           0.0  2007   0.0    0.0      0.0
  MONTH TO DATE    0.0                       0.0    0.0      0.0
  SINCE SEP 1      0.0                       0.0    0.0      0.0
  SINCE JUL 1      0.0                       0.0    0.0      0.0
  SNOW DEPTH       0

DEGREE DAYS
 HEATING
  YESTERDAY        0                         3     -3        0
  MONTH TO DATE    0                        21    -21        0
  SINCE SEP 1      0                        21    -21        0
  SINCE JUL 1      0                        22    -22        0

 COOLING
  YESTERDAY       12                         5      7       11
  MONTH TO DATE  277                       197     80      308
  SINCE SEP 1    277                       197     80      308
  SINCE JAN 1   1949                      1624    325     1799
..................................................................


WIND (MPH)
  HIGHEST WIND SPEED    28   HIGHEST WIND DIRECTION     S (180)
  HIGHEST GUST SPEED    35   HIGHEST GUST DIRECTION     S (170)
  AVERAGE WIND SPEED    12.1


SKY COVER
  POSSIBLE SUNSHINE  MM
  AVERAGE SKY COVER 0.7


WEATHER CONDITIONS
 THE FOLLOWING WEATHER WAS RECORDED YESTERDAY.
  THUNDERSTORM
  HEAVY RAIN
  RAIN
  LIGHT RAIN
  FOG


RELATIVE HUMIDITY (PERCENT)
 HIGHEST   100           700 PM
 LOWEST     69           400 PM
 AVERAGE    85

..........................................................


THE WICHITA EISENHOWER NATIONAL CLIMATE NORMALS FOR TODAY
                         NORMAL    RECORD    YEAR
 MAXIMUM TEMPERATURE (F)   78        96      1904
                                             1898
 MINIMUM TEMPERATURE (F)   55        39      2000
                                             1926
                                             1912


SUNRISE AND SUNSET
SEPTEMBER 25 2016.....SUNRISE   720 AM CDT   SUNSET   721 PM CDT
SEPTEMBER 26 2016.....SUNRISE   721 AM CDT   SUNSET   720 PM CDT


-  INDICATES NEGATIVE NUMBERS.
R  INDICATES RECORD WAS SET OR TIED.
MM INDICATES DATA IS MISSING.
T  INDICATES TRACE AMOUNT.




$$
