000
CDUS43 KICT 290646
CLIICT


CLIMATE REPORT
NATIONAL WEATHER SERVICE WICHITA KS
146 AM CDT WED MAR 29 2017


...................................

...THE WICHITA EISENHOWER NATIONAL CLIMATE SUMMARY FOR MARCH 28 2017...

CLIMATE NORMAL PERIOD 1981 TO 2010
CLIMATE RECORD PERIOD 1888 TO 2017


WEATHER ITEM   OBSERVED TIME   RECORD YEAR NORMAL DEPARTURE LAST
                VALUE   (LST)  VALUE       VALUE  FROM      YEAR
                                                  NORMAL
..................................................................
TEMPERATURE (F)
 YESTERDAY
  MAXIMUM         55    241 PM  91    1895  62     -7       68
  MINIMUM         44    826 PM  11    1899  39      5       30
  AVERAGE         50                        50      0       49

PRECIPITATION (IN)
  YESTERDAY        1.89R         1.21 1938   0.10   1.79     0.00
  MONTH TO DATE    2.98                      2.39   0.59     1.53
  SINCE MAR 1      2.98                      2.39   0.59     1.53
  SINCE JAN 1      6.60                      4.40   2.20     2.27

SNOWFALL (IN)
  YESTERDAY        0.0           4.8  2009   0.0    0.0      0.0
  MONTH TO DATE    T                         2.1   -2.1      3.5
  SINCE MAR 1      T                         2.1   -2.1      3.5
  SINCE JUL 1      2.0                      14.5  -12.5      4.3
  SNOW DEPTH       0

DEGREE DAYS
 HEATING
  YESTERDAY       15                        15      0       16
  MONTH TO DATE  382                       533   -151      371
  SINCE MAR 1    382                       533   -151      371
  SINCE JUL 1   3226                      4173   -947     3221

 COOLING
  YESTERDAY        0                         0      0        0
  MONTH TO DATE   18                         0     18        3
  SINCE MAR 1     18                         0     18        3
  SINCE JAN 1     18                         0     18        3
..................................................................


WIND (MPH)
  HIGHEST WIND SPEED    28   HIGHEST WIND DIRECTION     N (360)
  HIGHEST GUST SPEED    38   HIGHEST GUST DIRECTION     N (350)
  AVERAGE WIND SPEED    14.3


SKY COVER
  POSSIBLE SUNSHINE  MM
  AVERAGE SKY COVER 1.0


WEATHER CONDITIONS
 THE FOLLOWING WEATHER WAS RECORDED YESTERDAY.
  THUNDERSTORM
  HEAVY RAIN
  RAIN
  LIGHT RAIN
  FOG


RELATIVE HUMIDITY (PERCENT)
 HIGHEST   100          1000 PM
 LOWEST     77           200 AM
 AVERAGE    89

..........................................................


THE WICHITA EISENHOWER NATIONAL CLIMATE NORMALS FOR TODAY
                         NORMAL    RECORD    YEAR
 MAXIMUM TEMPERATURE (F)   62        90      1895
 MINIMUM TEMPERATURE (F)   39        16      1894


SUNRISE AND SUNSET
MARCH 29 2017.........SUNRISE   719 AM CDT   SUNSET   750 PM CDT
MARCH 30 2017.........SUNRISE   718 AM CDT   SUNSET   751 PM CDT


-  INDICATES NEGATIVE NUMBERS.
R  INDICATES RECORD WAS SET OR TIED.
MM INDICATES DATA IS MISSING.
T  INDICATES TRACE AMOUNT.




$$
