000
CDUS43 KICT 260635
CLIICT


CLIMATE REPORT
NATIONAL WEATHER SERVICE WICHITA KS
1235 AM CST MON JAN 26 2015


...................................

...THE WICHITA MID CONTINENT KS CLIMATE SUMMARY FOR JANUARY 25 2015...

CLIMATE NORMAL PERIOD 1981 TO 2010
CLIMATE RECORD PERIOD 1888 TO 2015


WEATHER ITEM   OBSERVED TIME   RECORD YEAR NORMAL DEPARTURE LAST
                VALUE   (LST)  VALUE       VALUE  FROM      YEAR
                                                  NORMAL
..................................................................
TEMPERATURE (F)
 YESTERDAY
  MAXIMUM         54   1222 AM  67    2005  43     11       59
                                      1911
  MINIMUM         27   1042 PM  -6    1905  22      5       33
  AVERAGE         41                        33      8       46

PRECIPITATION (IN)
  YESTERDAY        T             0.58 1898   0.03  -0.03     0.00
  MONTH TO DATE    0.44                      0.63  -0.19     0.11
  SINCE DEC 1      1.73                      1.83  -0.10     0.71
  SINCE JAN 1      0.44                      0.63  -0.19     0.11

SNOWFALL (IN)
  YESTERDAY        0.0           3.3  1895   0.1   -0.1      0.0
  MONTH TO DATE    4.0                       2.8    1.2      2.9
  SINCE DEC 1      8.2                       7.0    1.2      6.3
  SINCE JUL 1     10.0                       8.4    1.6      6.3
  SNOW DEPTH       0

DEGREE DAYS
 HEATING
  YESTERDAY       24                        32     -8       19
  MONTH TO DATE  830                       822      8      815
  SINCE DEC 1   1655                      1789   -134     1885
  SINCE JUL 1   2535                      2665   -130     2770

 COOLING
  YESTERDAY        0                         0      0        0
  MONTH TO DATE    0                         0      0        0
  SINCE DEC 1      0                         0      0        0
  SINCE JAN 1      0                         0      0        0
..................................................................


WIND (MPH)
  HIGHEST WIND SPEED    38   HIGHEST WIND DIRECTION    NW (330)
  HIGHEST GUST SPEED    48   HIGHEST GUST DIRECTION    NW (310)
  AVERAGE WIND SPEED    18.7


SKY COVER
  POSSIBLE SUNSHINE  MM
  AVERAGE SKY COVER 0.5


WEATHER CONDITIONS
 THE FOLLOWING WEATHER WAS RECORDED YESTERDAY.
  NO SIGNIFICANT WEATHER WAS OBSERVED.


RELATIVE HUMIDITY (PERCENT)
 HIGHEST    78          1000 PM
 LOWEST     41          1200 PM
 AVERAGE    60

..........................................................


THE WICHITA MID CONTINENT KS CLIMATE NORMALS FOR TODAY
                         NORMAL    RECORD    YEAR
 MAXIMUM TEMPERATURE (F)   44        69      1953
                                             1951
 MINIMUM TEMPERATURE (F)   22        -6      1904
                                             1902


SUNRISE AND SUNSET
JANUARY 26 2015.......SUNRISE   738 AM CST   SUNSET   547 PM CST
JANUARY 27 2015.......SUNRISE   737 AM CST   SUNSET   548 PM CST


-  INDICATES NEGATIVE NUMBERS.
R  INDICATES RECORD WAS SET OR TIED.
MM INDICATES DATA IS MISSING.
T  INDICATES TRACE AMOUNT.




$$
