000
CDUS43 KICT 270706
CLIICT


CLIMATE REPORT
NATIONAL WEATHER SERVICE WICHITA KS
105 AM CST THU NOV 27 2014


...................................

...THE WICHITA MID CONTINENT KS CLIMATE SUMMARY FOR NOVEMBER 26 2014...

CLIMATE NORMAL PERIOD 1981 TO 2010
CLIMATE RECORD PERIOD 1888 TO 2014


WEATHER ITEM   OBSERVED TIME   RECORD YEAR NORMAL DEPARTURE LAST
                VALUE   (LST)  VALUE       VALUE  FROM      YEAR
                                                  NORMAL
..................................................................
TEMPERATURE (F)
 YESTERDAY
  MAXIMUM         49   1232 PM  79    1910  51     -2       41
  MINIMUM         32   1112 PM   1    1975  30      2       23
  AVERAGE         41                        40      1       32

PRECIPITATION (IN)
  YESTERDAY        0.00          1.57 1935   0.04  -0.04     0.00
  MONTH TO DATE    0.45                      1.26  -0.81     0.60
  SINCE SEP 1      2.33                      7.18  -4.85     5.68
  SINCE JAN 1     24.31                     31.27  -6.96    39.85

SNOWFALL (IN)
  YESTERDAY        0.0           3.0  1931   0.0    0.0      0.0
  MONTH TO DATE    1.8                       0.9    0.9       T
  SINCE SEP 1      1.8                       1.0    0.8       T
  SINCE JUL 1      1.8                       1.0    0.8       T
  SNOW DEPTH       0

DEGREE DAYS
 HEATING
  YESTERDAY       24                        25     -1       33
  MONTH TO DATE  630                       484    146      517
  SINCE SEP 1    792                       769     23      770
  SINCE JUL 1    793                       770     23      771

 COOLING
  YESTERDAY        0                         0      0        0
  MONTH TO DATE    0                         0      0        0
  SINCE SEP 1    353                       257     96      365
  SINCE JAN 1   1849                      1684    165     1778
..................................................................


WIND (MPH)
  HIGHEST WIND SPEED    33   HIGHEST WIND DIRECTION    NW (330)
  HIGHEST GUST SPEED    40   HIGHEST GUST DIRECTION    NW (310)
  AVERAGE WIND SPEED    17.1


SKY COVER
  POSSIBLE SUNSHINE  MM
  AVERAGE SKY COVER 0.7


WEATHER CONDITIONS
 THE FOLLOWING WEATHER WAS RECORDED YESTERDAY.
  NO SIGNIFICANT WEATHER WAS OBSERVED.


RELATIVE HUMIDITY (PERCENT)
 HIGHEST    64           300 AM
 LOWEST     34          1200 PM
 AVERAGE    49

..........................................................


THE WICHITA MID CONTINENT KS CLIMATE NORMALS FOR TODAY
                         NORMAL    RECORD    YEAR
 MAXIMUM TEMPERATURE (F)   50        72      1933
                                             1905
 MINIMUM TEMPERATURE (F)   29         3      1975


SUNRISE AND SUNSET
NOVEMBER 27 2014......SUNRISE   722 AM CST   SUNSET   512 PM CST
NOVEMBER 28 2014......SUNRISE   723 AM CST   SUNSET   512 PM CST


-  INDICATES NEGATIVE NUMBERS.
R  INDICATES RECORD WAS SET OR TIED.
MM INDICATES DATA IS MISSING.
T  INDICATES TRACE AMOUNT.




$$
