000
CDUS43 KICT 100624
CLIICT


CLIMATE REPORT
NATIONAL WEATHER SERVICE WICHITA KS
1222 AM CST SAT FEB 10 2018


...................................

...THE WICHITA EISENHOWER NATIONAL CLIMATE SUMMARY FOR FEBRUARY 9 2018...

CLIMATE NORMAL PERIOD 1981 TO 2010
CLIMATE RECORD PERIOD 1888 TO 2018


WEATHER ITEM   OBSERVED TIME   RECORD YEAR NORMAL DEPARTURE LAST
                VALUE   (LST)  VALUE       VALUE  FROM      YEAR
                                                  NORMAL
..................................................................
TEMPERATURE (F)
 YESTERDAY
  MAXIMUM         44   1221 AM  84    1976  47     -3       45
  MINIMUM         20   1159 PM  -9    2011  24     -4       17
                                      1899
  AVERAGE         32                        35     -3       31

PRECIPITATION (IN)
  YESTERDAY        0.00          1.59 1898   0.04  -0.04     0.00
  MONTH TO DATE    T                         0.32  -0.32      T
  SINCE DEC 1      0.23                      2.35  -2.12     3.45
  SINCE JAN 1      0.20                      1.15  -0.95     2.79

SNOWFALL (IN)
  YESTERDAY        0.0           3.5  1986   0.2   -0.2      0.0
  MONTH TO DATE    T                         1.3   -1.3      0.0
  SINCE DEC 1      0.3                       9.1   -8.8      2.0
  SINCE JUL 1      0.3                      10.5  -10.2      2.0
  SNOW DEPTH       0

DEGREE DAYS
 HEATING
  YESTERDAY       33                        30      3       34
  MONTH TO DATE  308                       274     34      235
  SINCE DEC 1   2125                      2258   -133     2094
  SINCE JUL 1   2855                      3134   -279     2547

 COOLING
  YESTERDAY        0                         0      0        0
  MONTH TO DATE    0                         0      0        0
  SINCE DEC 1      0                         0      0        0
  SINCE JAN 1      0                         0      0        0
..................................................................


WIND (MPH)
  HIGHEST WIND SPEED    26   HIGHEST WIND DIRECTION     N (20)
  HIGHEST GUST SPEED    33   HIGHEST GUST DIRECTION     N (20)
  AVERAGE WIND SPEED    16.2


SKY COVER
  POSSIBLE SUNSHINE  MM
  AVERAGE SKY COVER 0.7


WEATHER CONDITIONS
 THE FOLLOWING WEATHER WAS RECORDED YESTERDAY.
  HAZE


RELATIVE HUMIDITY (PERCENT)
 HIGHEST    81          1000 AM
 LOWEST     45          1200 AM
 AVERAGE    63

..........................................................


THE WICHITA EISENHOWER NATIONAL CLIMATE NORMALS FOR TODAY
                         NORMAL    RECORD    YEAR
 MAXIMUM TEMPERATURE (F)   47        76      1922
 MINIMUM TEMPERATURE (F)   25       -17      2011


SUNRISE AND SUNSET
FEBRUARY 10 2018......SUNRISE   725 AM CST   SUNSET   604 PM CST
FEBRUARY 11 2018......SUNRISE   724 AM CST   SUNSET   605 PM CST


-  INDICATES NEGATIVE NUMBERS.
R  INDICATES RECORD WAS SET OR TIED.
MM INDICATES DATA IS MISSING.
T  INDICATES TRACE AMOUNT.




$$
