000
CDUS43 KICT 150655
CLIICT


CLIMATE REPORT
NATIONAL WEATHER SERVICE WICHITA KS
155 AM CDT THU JUN 15 2017


...................................

...THE WICHITA EISENHOWER NATIONAL CLIMATE SUMMARY FOR JUNE 14 2017...

CLIMATE NORMAL PERIOD 1981 TO 2010
CLIMATE RECORD PERIOD 1888 TO 2017


WEATHER ITEM   OBSERVED TIME   RECORD YEAR NORMAL DEPARTURE LAST
                VALUE   (LST)  VALUE       VALUE  FROM      YEAR
                                                  NORMAL
..................................................................
TEMPERATURE (F)
 YESTERDAY
  MAXIMUM         93    601 PM 102    1953  86      7       96
  MINIMUM         71    521 AM  48    1942  65      6       71
  AVERAGE         82                        76      6       84

PRECIPITATION (IN)
  YESTERDAY        0.10          2.91 1939   0.17  -0.07     0.00
  MONTH TO DATE    0.91                      2.52  -1.61     0.00
  SINCE JUN 1      0.91                      2.52  -1.61     0.00
  SINCE JAN 1     19.75                     14.38   5.37    15.56

SNOWFALL (IN)
  YESTERDAY        0.0           0.0  2007   0.0    0.0      0.0
                                      2001
  MONTH TO DATE    0.0                       0.0    0.0      0.0
  SINCE JUN 1      0.0                       0.0    0.0      0.0
  SINCE JUL 1      2.0                      14.9  -12.9      4.3
  SNOW DEPTH       0

DEGREE DAYS
 HEATING
  YESTERDAY        0                         0      0        0
  MONTH TO DATE    0                         3     -3        0
  SINCE JUN 1      0                         3     -3        0
  SINCE JUL 1   3584                      4591  -1007     3504

 COOLING
  YESTERDAY       17                        11      6       19
  MONTH TO DATE  163                       121     42      184
  SINCE JUN 1    163                       121     42      184
  SINCE JAN 1    319                       257     62      314
..................................................................


WIND (MPH)
  HIGHEST WIND SPEED    31   HIGHEST WIND DIRECTION     E (110)
  HIGHEST GUST SPEED    37   HIGHEST GUST DIRECTION    SE (120)
  AVERAGE WIND SPEED    11.7


SKY COVER
  POSSIBLE SUNSHINE  MM
  AVERAGE SKY COVER 0.5


WEATHER CONDITIONS
 THE FOLLOWING WEATHER WAS RECORDED YESTERDAY.
  THUNDERSTORM
  HEAVY RAIN
  LIGHT RAIN
  FOG


RELATIVE HUMIDITY (PERCENT)
 HIGHEST    94           700 AM
 LOWEST     46           400 PM
 AVERAGE    70

..........................................................


THE WICHITA EISENHOWER NATIONAL CLIMATE NORMALS FOR TODAY
                         NORMAL    RECORD    YEAR
 MAXIMUM TEMPERATURE (F)   87       109      1953
 MINIMUM TEMPERATURE (F)   65        53      2001


SUNRISE AND SUNSET
JUNE 15 2017..........SUNRISE   608 AM CDT   SUNSET   853 PM CDT
JUNE 16 2017..........SUNRISE   608 AM CDT   SUNSET   853 PM CDT


-  INDICATES NEGATIVE NUMBERS.
R  INDICATES RECORD WAS SET OR TIED.
MM INDICATES DATA IS MISSING.
T  INDICATES TRACE AMOUNT.




$$
