000
CDUS43 KICT 222304
CLIICT


CLIMATE REPORT
NATIONAL WEATHER SERVICE WICHITA KS
504 PM CST THU JAN 22 2015


...................................

...THE WICHITA MID CONTINENT CLIMATE SUMMARY FOR JANUARY 22 2015...
VALID TODAY AS OF 0500 PM LOCAL TIME.

CLIMATE NORMAL PERIOD 1981 TO 2010
CLIMATE RECORD PERIOD 1888 TO 2015


WEATHER ITEM   OBSERVED TIME   RECORD YEAR NORMAL DEPARTURE LAST
                VALUE   (LST)  VALUE       VALUE  FROM      YEAR
                                                  NORMAL
..................................................................
TEMPERATURE (F)
 TODAY
  MAXIMUM         46    336 PM  75    1967  43      3       44
  MINIMUM         30    820 AM  -6    1930  22      8       18
  AVERAGE         38                        32      6       31

PRECIPITATION (IN)
  TODAY            0.00          0.54 1992   0.03  -0.03     0.00
  MONTH TO DATE    0.44                      0.54  -0.10     0.11
  SINCE DEC 1      1.73                      1.74  -0.01     0.71
  SINCE JAN 1      0.44                      0.54  -0.10     0.11

SNOWFALL (IN)
  TODAY            0.0           3.5  1890   0.1   -0.1      0.0
  MONTH TO DATE    4.0                       2.4    1.6      2.9
  SINCE DEC 1      8.2                       6.6    1.6      6.3
  SINCE JUL 1     10.0                       8.0    2.0      6.3
  SNOW DEPTH       0

DEGREE DAYS
 HEATING
  TODAY           27                        33     -6       34
  MONTH TO DATE  757                       726     31      705
  SINCE DEC 1   1582                      1693   -111     1775
  SINCE JUL 1   2462                      2569   -107     2660

 COOLING
  TODAY            0                         0      0        0
  MONTH TO DATE    0                         0      0        0
  SINCE DEC 1      0                         0      0        0
  SINCE JAN 1      0                         0      0        0
..................................................................


WIND (MPH)
  HIGHEST WIND SPEED    17   HIGHEST WIND DIRECTION    NE (40)
  HIGHEST GUST SPEED    22   HIGHEST GUST DIRECTION     N (350)
  AVERAGE WIND SPEED     9.8


SKY COVER
  POSSIBLE SUNSHINE  MM
  AVERAGE SKY COVER 0.7


WEATHER CONDITIONS
 THE FOLLOWING WEATHER WAS RECORDED TODAY.
  NO SIGNIFICANT WEATHER WAS OBSERVED.


RELATIVE HUMIDITY (PERCENT)
 HIGHEST    78           800 AM
 LOWEST     40           400 PM
 AVERAGE    59

..........................................................


THE WICHITA MID CONTINENT CLIMATE NORMALS FOR TOMORROW
                         NORMAL    RECORD    YEAR
 MAXIMUM TEMPERATURE (F)   43        73      1967
 MINIMUM TEMPERATURE (F)   22        -6      1894


SUNRISE AND SUNSET
JANUARY 22 2015.......SUNRISE   741 AM CST   SUNSET   542 PM CST
JANUARY 23 2015.......SUNRISE   740 AM CST   SUNSET   543 PM CST


-  INDICATES NEGATIVE NUMBERS.
R  INDICATES RECORD WAS SET OR TIED.
MM INDICATES DATA IS MISSING.
T  INDICATES TRACE AMOUNT.




$$
