000
CDUS43 KICT 052206
CLIICT


CLIMATE REPORT
NATIONAL WEATHER SERVICE WICHITA KS
506 PM CDT SAT APR 5 2014


...................................

...THE WICHITA MID CONTINENT CLIMATE SUMMARY FOR APRIL 5 2014...
VALID TODAY AS OF 500 PM LOCAL TIME.

CLIMATE NORMAL PERIOD 1981 TO 2010
CLIMATE RECORD PERIOD 1888 TO 2014


WEATHER ITEM   OBSERVED TIME   RECORD YEAR NORMAL DEPARTURE LAST
                VALUE   (LST)  VALUE       VALUE  FROM      YEAR
                                                  NORMAL
..................................................................
TEMPERATURE (F)
 TODAY
  MAXIMUM         65    348 PM  89    1893  64      1       66
  MINIMUM         33    524 AM  21    1920  41     -8       34
  AVERAGE         49                        53     -4       50

PRECIPITATION (IN)
  TODAY            0.00          2.45 1928   0.07  -0.07     0.00
  MONTH TO DATE    0.39                      0.38   0.01     0.39
  SINCE MAR 1      0.88                      3.07  -2.19     2.50
  SINCE JAN 1      1.87                      5.08  -3.21     5.52

SNOWFALL (IN)
  TODAY            0.0           0.6  1901   0.0    0.0      0.0
  MONTH TO DATE    0.0                       0.1   -0.1       T
  SINCE MAR 1      3.2                       2.4    0.8      5.3
  SINCE JUL 1     22.7                      14.8    7.9     29.8
  SNOW DEPTH       0

DEGREE DAYS
 HEATING
  TODAY           16                        13      3       15
  MONTH TO DATE   76                        67      9      103
  SINCE MAR 1    753                       644    109      769
  SINCE JUL 1   4672                      4284    388     4040

 COOLING
  TODAY            0                         0      0        0
  MONTH TO DATE    0                         0      0        0
  SINCE MAR 1      0                         2     -2        0
  SINCE JAN 1      0                         2     -2        0
..................................................................


WIND (MPH)
  HIGHEST WIND SPEED    20   HIGHEST WIND DIRECTION     S (160)
  HIGHEST GUST SPEED    24   HIGHEST GUST DIRECTION     S (160)
  AVERAGE WIND SPEED    10.9


SKY COVER
  POSSIBLE SUNSHINE  MM
  AVERAGE SKY COVER 0.5


WEATHER CONDITIONS
 THE FOLLOWING WEATHER WAS RECORDED TODAY.
  HAZE


RELATIVE HUMIDITY (PERCENT)
 HIGHEST    75           300 AM
 LOWEST     24           300 PM
 AVERAGE    50

..........................................................


THE WICHITA MID CONTINENT CLIMATE NORMALS FOR TOMORROW
                         NORMAL    RECORD    YEAR
 MAXIMUM TEMPERATURE (F)   65        98      1893
 MINIMUM TEMPERATURE (F)   41        21      1936


SUNRISE AND SUNSET
APRIL  5 2014.........SUNRISE   709 AM CDT   SUNSET   756 PM CDT
APRIL  6 2014.........SUNRISE   708 AM CDT   SUNSET   757 PM CDT


-  INDICATES NEGATIVE NUMBERS.
R  INDICATES RECORD WAS SET OR TIED.
MM INDICATES DATA IS MISSING.
T  INDICATES TRACE AMOUNT.




$$

JMBW
