000
CDUS43 KICT 162304
CLIICT


CLIMATE REPORT
NATIONAL WEATHER SERVICE WICHITA KS
504 PM CST FRI JAN 16 2015


...................................

...THE WICHITA MID CONTINENT CLIMATE SUMMARY FOR JANUARY 16 2015...
VALID TODAY AS OF 0500 PM LOCAL TIME.

CLIMATE NORMAL PERIOD 1981 TO 2010
CLIMATE RECORD PERIOD 1888 TO 2015


WEATHER ITEM   OBSERVED TIME   RECORD YEAR NORMAL DEPARTURE LAST
                VALUE   (LST)  VALUE       VALUE  FROM      YEAR
                                                  NORMAL
..................................................................
TEMPERATURE (F)
 TODAY
  MAXIMUM         65    313 PM  72    1894  42     23       54
  MINIMUM         23    722 AM  -5    1930  22      1       33
  AVERAGE         44                        32     12       44

PRECIPITATION (IN)
  TODAY            0.00          0.62 1990   0.03  -0.03     0.00
  MONTH TO DATE    0.32                      0.38  -0.06     0.11
  SINCE DEC 1      1.61                      1.58   0.03     0.71
  SINCE JAN 1      0.32                      0.38  -0.06     0.11

SNOWFALL (IN)
  TODAY            0.0           3.5  1987   0.1   -0.1      0.0
  MONTH TO DATE    4.0                       1.7    2.3      2.9
  SINCE DEC 1      8.2                       5.9    2.3      6.3
  SINCE JUL 1     10.0                       7.3    2.7      6.3
  SNOW DEPTH       0

DEGREE DAYS
 HEATING
  TODAY           21                        33    -12       21
  MONTH TO DATE  626                       528     98      529
  SINCE DEC 1   1451                      1495    -44     1599
  SINCE JUL 1   2331                      2371    -40     2484

 COOLING
  TODAY            0                         0      0        0
  MONTH TO DATE    0                         0      0        0
  SINCE DEC 1      0                         0      0        0
  SINCE JAN 1      0                         0      0        0
..................................................................


WIND (MPH)
  HIGHEST WIND SPEED    22   HIGHEST WIND DIRECTION     S (190)
  HIGHEST GUST SPEED    27   HIGHEST GUST DIRECTION     S (190)
  AVERAGE WIND SPEED     9.3


SKY COVER
  POSSIBLE SUNSHINE  MM
  AVERAGE SKY COVER 0.0


WEATHER CONDITIONS
 THE FOLLOWING WEATHER WAS RECORDED TODAY.
  NO SIGNIFICANT WEATHER WAS OBSERVED.


RELATIVE HUMIDITY (PERCENT)
 HIGHEST    81           200 AM
 LOWEST     19           300 PM
 AVERAGE    50

..........................................................


THE WICHITA MID CONTINENT CLIMATE NORMALS FOR TOMORROW
                         NORMAL    RECORD    YEAR
 MAXIMUM TEMPERATURE (F)   42        66      1923
 MINIMUM TEMPERATURE (F)   22       -12      1930


SUNRISE AND SUNSET
JANUARY 16 2015.......SUNRISE   743 AM CST   SUNSET   536 PM CST
JANUARY 17 2015.......SUNRISE   743 AM CST   SUNSET   537 PM CST


-  INDICATES NEGATIVE NUMBERS.
R  INDICATES RECORD WAS SET OR TIED.
MM INDICATES DATA IS MISSING.
T  INDICATES TRACE AMOUNT.




$$
