000
CDUS43 KICT 060725
CLIICT


CLIMATE REPORT
NATIONAL WEATHER SERVICE WICHITA KS
225 AM CDT SUN AUG 6 2017


...................................

...THE WICHITA EISENHOWER NATIONAL CLIMATE SUMMARY FOR AUGUST 5 2017...

CLIMATE NORMAL PERIOD 1981 TO 2010
CLIMATE RECORD PERIOD 1888 TO 2017


WEATHER ITEM   OBSERVED TIME   RECORD YEAR NORMAL DEPARTURE LAST
                VALUE   (LST)  VALUE       VALUE  FROM      YEAR
                                                  NORMAL
..................................................................
TEMPERATURE (F)
 YESTERDAY
  MAXIMUM         90    247 PM 106    1956  92     -2       88
  MINIMUM         66    602 AM  55    1894  70     -4       75
  AVERAGE         78                        81     -3       82

PRECIPITATION (IN)
  YESTERDAY        1.24          1.29 2015   0.11   1.13     1.11
  MONTH TO DATE    1.24                      0.55   0.69     1.12
  SINCE JUN 1      7.55                      9.07  -1.52    13.62
  SINCE JAN 1     26.39                     20.93   5.46    29.18

SNOWFALL (IN)
  YESTERDAY        0.0           0.0  2007   0.0    0.0      0.0
  MONTH TO DATE    0.0                       0.0    0.0      0.0
  SINCE JUN 1      0.0                       0.0    0.0      0.0
  SINCE JUL 1      0.0                       0.0    0.0      0.0
  SNOW DEPTH       0

DEGREE DAYS
 HEATING
  YESTERDAY        0                         0      0        0
  MONTH TO DATE    0                         0      0        0
  SINCE JUN 1      0                         6     -6        0
  SINCE JUL 1      0                         0      0        0

 COOLING
  YESTERDAY       13                        16     -3       17
  MONTH TO DATE   62                        80    -18      104
  SINCE JUN 1    982                       906     76     1178
  SINCE JAN 1   1138                      1042     96     1308
..................................................................


WIND (MPH)
  HIGHEST WIND SPEED    30   HIGHEST WIND DIRECTION    SE (150)
  HIGHEST GUST SPEED    37   HIGHEST GUST DIRECTION    SE (140)
  AVERAGE WIND SPEED    15.0


SKY COVER
  POSSIBLE SUNSHINE  MM
  AVERAGE SKY COVER 0.8


WEATHER CONDITIONS
 THE FOLLOWING WEATHER WAS RECORDED YESTERDAY.
  THUNDERSTORM
  HEAVY RAIN
  RAIN
  LIGHT RAIN
  FOG


RELATIVE HUMIDITY (PERCENT)
 HIGHEST   100           900 PM
 LOWEST     51           100 AM
 AVERAGE    76

..........................................................


THE WICHITA EISENHOWER NATIONAL CLIMATE NORMALS FOR TODAY
                         NORMAL    RECORD    YEAR
 MAXIMUM TEMPERATURE (F)   92       110      1964
 MINIMUM TEMPERATURE (F)   70        57      1894


SUNRISE AND SUNSET
AUGUST  6 2017........SUNRISE   638 AM CDT   SUNSET   832 PM CDT
AUGUST  7 2017........SUNRISE   639 AM CDT   SUNSET   831 PM CDT


-  INDICATES NEGATIVE NUMBERS.
R  INDICATES RECORD WAS SET OR TIED.
MM INDICATES DATA IS MISSING.
T  INDICATES TRACE AMOUNT.




$$
