000
CDUS43 KICT 090637
CLIICT


CLIMATE REPORT
NATIONAL WEATHER SERVICE WICHITA KS
137 AM CDT FRI JUN 9 2017


...................................

...THE WICHITA EISENHOWER NATIONAL CLIMATE SUMMARY FOR JUNE 8 2017...

CLIMATE NORMAL PERIOD 1981 TO 2010
CLIMATE RECORD PERIOD 1888 TO 2017


WEATHER ITEM   OBSERVED TIME   RECORD YEAR NORMAL DEPARTURE LAST
                VALUE   (LST)  VALUE       VALUE  FROM      YEAR
                                                  NORMAL
..................................................................
TEMPERATURE (F)
 YESTERDAY
  MAXIMUM         82    447 PM 103    1985  84     -2       96
  MINIMUM         58    407 AM  48    2003  63     -5       66
  AVERAGE         70                        74     -4       81

PRECIPITATION (IN)
  YESTERDAY        0.00          6.82 1923   0.19  -0.19     0.00
  MONTH TO DATE    0.81                      1.46  -0.65     0.00
  SINCE JUN 1      0.81                      1.46  -0.65     0.00
  SINCE JAN 1     19.65                     13.32   6.33    15.56

SNOWFALL (IN)
  YESTERDAY        0.0           0.0  2007   0.0    0.0      0.0
                                      2001
  MONTH TO DATE    0.0                       0.0    0.0      0.0
  SINCE JUN 1      0.0                       0.0    0.0      0.0
  SINCE JUL 1      2.0                      14.9  -12.9      4.3
  SNOW DEPTH       0

DEGREE DAYS
 HEATING
  YESTERDAY        0                         0      0        0
  MONTH TO DATE    0                         3     -3        0
  SINCE JUN 1      0                         3     -3        0
  SINCE JUL 1   3584                      4591  -1007     3504

 COOLING
  YESTERDAY        5                         9     -4       16
  MONTH TO DATE   68                        62      6       78
  SINCE JUN 1     68                        62      6       78
  SINCE JAN 1    224                       198     26      208
..................................................................


WIND (MPH)
  HIGHEST WIND SPEED    14   HIGHEST WIND DIRECTION     S (190)
  HIGHEST GUST SPEED    17   HIGHEST GUST DIRECTION     S (190)
  AVERAGE WIND SPEED     6.0


SKY COVER
  POSSIBLE SUNSHINE  MM
  AVERAGE SKY COVER 0.5


WEATHER CONDITIONS
 THE FOLLOWING WEATHER WAS RECORDED YESTERDAY.
  NO SIGNIFICANT WEATHER WAS OBSERVED.


RELATIVE HUMIDITY (PERCENT)
 HIGHEST    78           100 AM
 LOWEST     39           500 PM
 AVERAGE    59

..........................................................


THE WICHITA EISENHOWER NATIONAL CLIMATE NORMALS FOR TODAY
                         NORMAL    RECORD    YEAR
 MAXIMUM TEMPERATURE (F)   85       103      1958
 MINIMUM TEMPERATURE (F)   63        52      1955


SUNRISE AND SUNSET
JUNE  9 2017..........SUNRISE   608 AM CDT   SUNSET   850 PM CDT
JUNE 10 2017..........SUNRISE   608 AM CDT   SUNSET   851 PM CDT


-  INDICATES NEGATIVE NUMBERS.
R  INDICATES RECORD WAS SET OR TIED.
MM INDICATES DATA IS MISSING.
T  INDICATES TRACE AMOUNT.




$$
