717
CDUS43 KICT 100631
CLIICT


CLIMATE REPORT
NATIONAL WEATHER SERVICE WICHITA KS
1231 AM CST TUE JAN 10 2017


...................................

...THE WICHITA EISENHOWER NATIONAL CLIMATE SUMMARY FOR JANUARY 9 2017...

CLIMATE NORMAL PERIOD 1981 TO 2010
CLIMATE RECORD PERIOD 1888 TO 2017


WEATHER ITEM   OBSERVED TIME   RECORD YEAR NORMAL DEPARTURE LAST
                VALUE   (LST)  VALUE       VALUE  FROM      YEAR
                                                  NORMAL
..................................................................
TEMPERATURE (F)
 YESTERDAY
  MAXIMUM         51   1124 PM  69    1902  42      9       33
  MINIMUM         21    336 AM  -7    1973  22     -1       14
  AVERAGE         36                        32      4       24

PRECIPITATION (IN)
  YESTERDAY        0.00          1.12 1929   0.03  -0.03      T
  MONTH TO DATE    0.05                      0.22  -0.17     0.18
  SINCE DEC 1      0.71                      1.42  -0.71     2.40
  SINCE JAN 1      0.05                      0.22  -0.17     0.18

SNOWFALL (IN)
  YESTERDAY        0.0           5.1  1993   0.1   -0.1       T
  MONTH TO DATE    T                         1.0   -1.0      0.1
  SINCE DEC 1      2.0                       5.2   -3.2      0.5
  SINCE JUL 1      2.0                       6.6   -4.6      0.8
  SNOW DEPTH       0

DEGREE DAYS
 HEATING
  YESTERDAY       29                        33     -4       41
  MONTH TO DATE  326                       297     29      287
  SINCE DEC 1   1313                      1264     49     1017
  SINCE JUL 1   1766                      2140   -374     1586

 COOLING
  YESTERDAY        0                         0      0        0
  MONTH TO DATE    0                         0      0        0
  SINCE DEC 1      0                         0      0        0
  SINCE JAN 1      0                         0      0        0
..................................................................


WIND (MPH)
  HIGHEST WIND SPEED    31   HIGHEST WIND DIRECTION     S (180)
  HIGHEST GUST SPEED    37   HIGHEST GUST DIRECTION     S (190)
  AVERAGE WIND SPEED    16.4


SKY COVER
  POSSIBLE SUNSHINE  MM
  AVERAGE SKY COVER 0.7


WEATHER CONDITIONS
 THE FOLLOWING WEATHER WAS RECORDED YESTERDAY.
  NO SIGNIFICANT WEATHER WAS OBSERVED.


RELATIVE HUMIDITY (PERCENT)
 HIGHEST    66          1000 PM
 LOWEST     42           200 PM
 AVERAGE    54

..........................................................


THE WICHITA EISENHOWER NATIONAL CLIMATE NORMALS FOR TODAY
                         NORMAL    RECORD    YEAR
 MAXIMUM TEMPERATURE (F)   42        74      1911
 MINIMUM TEMPERATURE (F)   22       -10      1982


SUNRISE AND SUNSET
JANUARY 10 2017.......SUNRISE   745 AM CST   SUNSET   530 PM CST
JANUARY 11 2017.......SUNRISE   744 AM CST   SUNSET   531 PM CST


-  INDICATES NEGATIVE NUMBERS.
R  INDICATES RECORD WAS SET OR TIED.
MM INDICATES DATA IS MISSING.
T  INDICATES TRACE AMOUNT.




$$
