017
CDUS43 KICT 192205
CLIICT


CLIMATE REPORT
NATIONAL WEATHER SERVICE WICHITA KS
504 PM CDT SUN MAR 19 2017


...................................

...THE WICHITA EISENHOWER NATIONAL CLIMATE SUMMARY FOR MARCH 19 2017...
VALID TODAY AS OF 0500 PM LOCAL TIME.

CLIMATE NORMAL PERIOD 1981 TO 2010
CLIMATE RECORD PERIOD 1888 TO 2017


WEATHER ITEM   OBSERVED TIME   RECORD YEAR NORMAL DEPARTURE LAST
                VALUE   (LST)  VALUE       VALUE  FROM      YEAR
                                                  NORMAL
..................................................................
TEMPERATURE (F)
 TODAY
  MAXIMUM         89    325 PM  91    1907  59     30       50
  MINIMUM         58    648 AM   4    1923  36     22       27
  AVERAGE         74                        47     27       39

PRECIPITATION (IN)
  TODAY            0.00          1.63 2003   0.10  -0.10     0.00
  MONTH TO DATE    0.02                      1.54  -1.52     0.91
  SINCE MAR 1      0.02                      1.54  -1.52     0.91
  SINCE JAN 1      3.64                      3.55   0.09     1.65

SNOWFALL (IN)
  TODAY            0.0          11.3  1998   0.1   -0.1      0.0
  MONTH TO DATE    T                         1.6   -1.6       T
  SINCE MAR 1      T                         1.6   -1.6       T
  SINCE JUL 1      2.0                      14.0  -12.0      0.8
  SNOW DEPTH       0

DEGREE DAYS
 HEATING
  TODAY            0                        18    -18       26
  MONTH TO DATE  299                       388    -89      230
  SINCE MAR 1    299                       388    -89      230
  SINCE JUL 1   3143                      4028   -885     3080

 COOLING
  TODAY            9                         0      9        0
  MONTH TO DATE    9                         0      9        3
  SINCE MAR 1      9                         0      9        3
  SINCE JAN 1      9                         0      9        3
..................................................................


WIND (MPH)
  HIGHEST WIND SPEED    32   HIGHEST WIND DIRECTION     S (180)
  HIGHEST GUST SPEED    39   HIGHEST GUST DIRECTION     S (170)
  AVERAGE WIND SPEED    17.8


SKY COVER
  POSSIBLE SUNSHINE  MM
  AVERAGE SKY COVER 0.2


WEATHER CONDITIONS
 THE FOLLOWING WEATHER WAS RECORDED TODAY.
  NO SIGNIFICANT WEATHER WAS OBSERVED.


RELATIVE HUMIDITY (PERCENT)
 HIGHEST    87           700 AM
 LOWEST     32           100 PM
 AVERAGE    60

..........................................................


THE WICHITA EISENHOWER NATIONAL CLIMATE NORMALS FOR TOMORROW
                         NORMAL    RECORD    YEAR
 MAXIMUM TEMPERATURE (F)   59        87      1907
 MINIMUM TEMPERATURE (F)   36        13      1965


SUNRISE AND SUNSET
MARCH 19 2017.........SUNRISE   734 AM CDT   SUNSET   741 PM CDT
MARCH 20 2017.........SUNRISE   733 AM CDT   SUNSET   742 PM CDT


-  INDICATES NEGATIVE NUMBERS.
R  INDICATES RECORD WAS SET OR TIED.
MM INDICATES DATA IS MISSING.
T  INDICATES TRACE AMOUNT.




$$
