000
CDUS43 KICT 150627
CLIICT

CLIMATE REPORT
NATIONAL WEATHER SERVICE WICHITA KS
126 AM CDT FRI MAY 15 2015


...................................

...THE WICHITA EISENHOWER NATIONAL CLIMATE SUMMARY FOR MAY 14 2015...

CLIMATE NORMAL PERIOD 1981 TO 2010
CLIMATE RECORD PERIOD 1888 TO 2015


WEATHER ITEM   OBSERVED TIME   RECORD YEAR NORMAL DEPARTURE LAST
                VALUE   (LST)  VALUE       VALUE  FROM      YEAR
                                                  NORMAL
..................................................................
TEMPERATURE (F)
 YESTERDAY
  MAXIMUM         78    555 PM  93    1895  76      2       70
  MINIMUM         58   1201 AM  37    1953  55      3       44
                                      1907
  AVERAGE         68                        65      3       57

PRECIPITATION (IN)
  YESTERDAY        T             1.61 1934   0.15  -0.15     0.00
  MONTH TO DATE    3.81                      1.92   1.89     0.47
  SINCE MAR 1      6.71                      7.20  -0.49     1.49
  SINCE JAN 1      8.48                      9.21  -0.73     2.48

SNOWFALL (IN)
  YESTERDAY        0.0           0.0  2007   0.0    0.0      0.0
                                      2001
  MONTH TO DATE    0.0                       0.0    0.0      0.0
  SINCE MAR 1      1.1                       2.5   -1.4      3.5
  SINCE JUL 1     18.0                      14.9    3.1     23.0
  SNOW DEPTH       0

DEGREE DAYS
 HEATING
  YESTERDAY        0                         3     -3        8
  MONTH TO DATE   30                        53    -23       43
  SINCE MAR 1    667                       921   -254      990
  SINCE JUL 1   4232                      4561   -329     4909

 COOLING
  YESTERDAY        3                         3      0        0
  MONTH TO DATE   43                        30     13       94
  SINCE MAR 1     71                        56     15      127
  SINCE JAN 1     71                        56     15      127
..................................................................


WIND (MPH)
  HIGHEST WIND SPEED    21   HIGHEST WIND DIRECTION    SE (150)
  HIGHEST GUST SPEED    23   HIGHEST GUST DIRECTION    SE (150)
  AVERAGE WIND SPEED    10.7


SKY COVER
  POSSIBLE SUNSHINE  MM
  AVERAGE SKY COVER 0.7


WEATHER CONDITIONS
 THE FOLLOWING WEATHER WAS RECORDED YESTERDAY.
  LIGHT RAIN
  FOG


RELATIVE HUMIDITY (PERCENT)
 HIGHEST    97           500 AM
 LOWEST     56           200 PM
 AVERAGE    77

..........................................................


THE WICHITA EISENHOWER NATIONAL CLIMATE NORMALS FOR TODAY
                         NORMAL    RECORD    YEAR
 MAXIMUM TEMPERATURE (F)   76        92      1966
                                             1963
 MINIMUM TEMPERATURE (F)   55        33      1907


SUNRISE AND SUNSET
MAY 15 2015...........SUNRISE   620 AM CDT   SUNSET   832 PM CDT
MAY 16 2015...........SUNRISE   619 AM CDT   SUNSET   833 PM CDT


-  INDICATES NEGATIVE NUMBERS.
R  INDICATES RECORD WAS SET OR TIED.
MM INDICATES DATA IS MISSING.
T  INDICATES TRACE AMOUNT.




$$
