000
CDUS43 KICT 242205
CLIICT


CLIMATE REPORT
NATIONAL WEATHER SERVICE WICHITA KS
504 PM CDT WED SEP 24 2014


...................................

...THE WICHITA MID CONTINENT CLIMATE SUMMARY FOR SEPTEMBER 24 2014...
VALID TODAY AS OF 0500 PM LOCAL TIME.

CLIMATE NORMAL PERIOD 1981 TO 2010
CLIMATE RECORD PERIOD 1888 TO 2014


WEATHER ITEM   OBSERVED TIME   RECORD YEAR NORMAL DEPARTURE LAST
                VALUE   (LST)  VALUE       VALUE  FROM      YEAR
                                                  NORMAL
..................................................................
TEMPERATURE (F)
 TODAY
  MAXIMUM         80    357 PM  96    1898  79      1       81
  MINIMUM         58    601 AM  34    1989  56      2       58
  AVERAGE         69                        67      2       70

PRECIPITATION (IN)
  TODAY            0.16          1.59 1973   0.10   0.06     0.00
  MONTH TO DATE    0.47                      2.54  -2.07     1.58
  SINCE SEP 1      0.47                      2.54  -2.07     1.58
  SINCE JAN 1     22.45                     26.63  -4.18    35.75

SNOWFALL (IN)
  TODAY            0.0           0.0  2007   0.0    0.0      0.0
  MONTH TO DATE    0.0                       0.0    0.0      0.0
  SINCE SEP 1      0.0                       0.0    0.0      0.0
  SINCE JUL 1      0.0                       0.0    0.0      0.0
  SNOW DEPTH       0

DEGREE DAYS
 HEATING
  TODAY            0                         3     -3        0
  MONTH TO DATE   20                        21     -1        0
  SINCE SEP 1     20                        21     -1        0
  SINCE JUL 1     21                        22     -1        1

 COOLING
  TODAY            4                         5     -1        5
  MONTH TO DATE  224                       197     27      284
  SINCE SEP 1    224                       197     27      284
  SINCE JAN 1   1720                      1624     96     1697
..................................................................


WIND (MPH)
  HIGHEST WIND SPEED    23   HIGHEST WIND DIRECTION     S (190)
  HIGHEST GUST SPEED    27   HIGHEST GUST DIRECTION     S (160)
  AVERAGE WIND SPEED    13.2


SKY COVER
  POSSIBLE SUNSHINE  MM
  AVERAGE SKY COVER 0.8


WEATHER CONDITIONS
 THE FOLLOWING WEATHER WAS RECORDED TODAY.
  THUNDERSTORM
  HEAVY RAIN
  RAIN
  LIGHT RAIN
  FOG


RELATIVE HUMIDITY (PERCENT)
 HIGHEST    90           100 AM
 LOWEST     50           200 PM
 AVERAGE    70

..........................................................


THE WICHITA MID CONTINENT CLIMATE NORMALS FOR TOMORROW
                         NORMAL    RECORD    YEAR
 MAXIMUM TEMPERATURE (F)   78        96      1904
                                             1898
 MINIMUM TEMPERATURE (F)   55        39      2000
                                             1926
                                             1912


SUNRISE AND SUNSET
SEPTEMBER 24 2014.....SUNRISE   719 AM CDT   SUNSET   723 PM CDT
SEPTEMBER 25 2014.....SUNRISE   720 AM CDT   SUNSET   722 PM CDT


-  INDICATES NEGATIVE NUMBERS.
R  INDICATES RECORD WAS SET OR TIED.
MM INDICATES DATA IS MISSING.
T  INDICATES TRACE AMOUNT.




$$
