000
CDUS43 KICT 060634
CLIICT


CLIMATE REPORT
NATIONAL WEATHER SERVICE WICHITA KS
1233 AM CST MON FEB 6 2017


...................................

...THE WICHITA EISENHOWER NATIONAL CLIMATE SUMMARY FOR FEBRUARY 5 2017...

CLIMATE NORMAL PERIOD 1981 TO 2010
CLIMATE RECORD PERIOD 1888 TO 2017


WEATHER ITEM   OBSERVED TIME   RECORD YEAR NORMAL DEPARTURE LAST
                VALUE   (LST)  VALUE       VALUE  FROM      YEAR
                                                  NORMAL
..................................................................
TEMPERATURE (F)
 YESTERDAY
  MAXIMUM         62    448 PM  70    1938  46     16       52
  MINIMUM         25    558 AM -16    1982  24      1       27
  AVERAGE         44                        34     10       40

PRECIPITATION (IN)
  YESTERDAY        0.00          0.52 2008   0.04  -0.04     0.00
  MONTH TO DATE    0.00                      0.17  -0.17     0.55
  SINCE DEC 1      3.45                      2.20   1.25     2.96
  SINCE JAN 1      2.79                      1.00   1.79     0.74

SNOWFALL (IN)
  YESTERDAY        0.0           4.1  1961   0.1   -0.1      0.0
  MONTH TO DATE    0.0                       0.7   -0.7      0.0
  SINCE DEC 1      2.0                       8.5   -6.5      0.5
  SINCE JUL 1      2.0                       9.9   -7.9      0.8
  SNOW DEPTH       0

DEGREE DAYS
 HEATING
  YESTERDAY       21                        30     -9       25
  MONTH TO DATE  144                       154    -10      135
  SINCE DEC 1   2003                      2138   -135     1817
  SINCE JUL 1   2456                      3014   -558     2386

 COOLING
  YESTERDAY        0                         0      0        0
  MONTH TO DATE    0                         0      0        0
  SINCE DEC 1      0                         0      0        0
  SINCE JAN 1      0                         0      0        0
..................................................................


WIND (MPH)
  HIGHEST WIND SPEED    17   HIGHEST WIND DIRECTION     S (190)
  HIGHEST GUST SPEED    21   HIGHEST GUST DIRECTION     S (180)
  AVERAGE WIND SPEED     5.6


SKY COVER
  POSSIBLE SUNSHINE  MM
  AVERAGE SKY COVER 0.6


WEATHER CONDITIONS
 THE FOLLOWING WEATHER WAS RECORDED YESTERDAY.
  FOG
  FOG W/VISIBILITY <= 1/4 MILE
  HAZE


RELATIVE HUMIDITY (PERCENT)
 HIGHEST   100           600 AM
 LOWEST     46           300 PM
 AVERAGE    73

..........................................................


THE WICHITA EISENHOWER NATIONAL CLIMATE NORMALS FOR TODAY
                         NORMAL    RECORD    YEAR
 MAXIMUM TEMPERATURE (F)   46        74      2009
                                             1904
 MINIMUM TEMPERATURE (F)   24       -21      1982


SUNRISE AND SUNSET
FEBRUARY  6 2017......SUNRISE   729 AM CST   SUNSET   559 PM CST
FEBRUARY  7 2017......SUNRISE   728 AM CST   SUNSET   601 PM CST


-  INDICATES NEGATIVE NUMBERS.
R  INDICATES RECORD WAS SET OR TIED.
MM INDICATES DATA IS MISSING.
T  INDICATES TRACE AMOUNT.




$$
