000
CDUS43 KICT 181259
CLIICT


CLIMATE REPORT
NATIONAL WEATHER SERVICE WICHITA KS
658 AM CST SAT NOV 18 2017


...................................

...THE WICHITA EISENHOWER NATIONAL CLIMATE SUMMARY FOR NOVEMBER 17 2017...

CLIMATE NORMAL PERIOD 1981 TO 2010
CLIMATE RECORD PERIOD 1888 TO 2017


WEATHER ITEM   OBSERVED TIME   RECORD YEAR NORMAL DEPARTURE LAST
                VALUE   (LST)  VALUE       VALUE  FROM      YEAR
                                                  NORMAL
..................................................................
TEMPERATURE (F)
 YESTERDAY
  MAXIMUM         63   1236 AM  78    1999  56      7       74
  MINIMUM         47    656 AM   8    1959  34     13       54
  AVERAGE         55                        45     10       64

PRECIPITATION (IN)
  YESTERDAY        0.00          1.41 1958   0.04  -0.04     0.00
  MONTH TO DATE    0.12                      0.90  -0.78     0.14
  SINCE SEP 1      6.06                      6.82  -0.76    13.48
  SINCE JAN 1     33.41                     30.91   2.50    49.82

SNOWFALL (IN)
  YESTERDAY        0.0           0.8  1972   0.0    0.0      0.0
  MONTH TO DATE    0.0                       0.3   -0.3      0.0
  SINCE SEP 1      0.0                       0.4   -0.4      0.0
  SINCE JUL 1      0.0                       0.4   -0.4      0.0
  SNOW DEPTH       0

DEGREE DAYS
 HEATING
  YESTERDAY       10                        20    -10        1
  MONTH TO DATE  302                       279     23      125
  SINCE SEP 1    526                       564    -38      215
  SINCE JUL 1    526                       565    -39      215

 COOLING
  YESTERDAY        0                         0      0        0
  MONTH TO DATE    0                         0      0       11
  SINCE SEP 1    344                       257     87      382
  SINCE JAN 1   1783                      1684     99     2054
..................................................................


WIND (MPH)
  HIGHEST WIND SPEED    35   HIGHEST WIND DIRECTION    NW (330)
  HIGHEST GUST SPEED    43   HIGHEST GUST DIRECTION     N (340)
  AVERAGE WIND SPEED    16.8


SKY COVER
  POSSIBLE SUNSHINE  MM
  AVERAGE SKY COVER 0.7


WEATHER CONDITIONS
 THE FOLLOWING WEATHER WAS RECORDED YESTERDAY.
  LIGHT RAIN
  FOG
  HAZE


RELATIVE HUMIDITY (PERCENT)
 HIGHEST   100           100 AM
 LOWEST     42          1100 PM
 AVERAGE    71

..........................................................


THE WICHITA EISENHOWER NATIONAL CLIMATE NORMALS FOR TODAY
                         NORMAL    RECORD    YEAR
 MAXIMUM TEMPERATURE (F)   55        77      1942
 MINIMUM TEMPERATURE (F)   33         5      2014


SUNRISE AND SUNSET
NOVEMBER 18 2017......SUNRISE   713 AM CST   SUNSET   516 PM CST
NOVEMBER 19 2017......SUNRISE   714 AM CST   SUNSET   516 PM CST


-  INDICATES NEGATIVE NUMBERS.
R  INDICATES RECORD WAS SET OR TIED.
MM INDICATES DATA IS MISSING.
T  INDICATES TRACE AMOUNT.




$$
