000
CDUS43 KICT 210658
CLIICT


CLIMATE REPORT
NATIONAL WEATHER SERVICE WICHITA KS
157 AM CDT TUE JUL 21 2015


...................................

...THE WICHITA EISENHOWER NATIONAL CLIMATE SUMMARY FOR JULY 20 2015...

CLIMATE NORMAL PERIOD 1981 TO 2010
CLIMATE RECORD PERIOD 1888 TO 2015


WEATHER ITEM   OBSERVED TIME   RECORD YEAR NORMAL DEPARTURE LAST
                VALUE   (LST)  VALUE       VALUE  FROM      YEAR
                                                  NORMAL
..................................................................
TEMPERATURE (F)
 YESTERDAY
  MAXIMUM         97    446 PM 109    2006  93      4       90
  MINIMUM         76   1159 PM  55    1971  70      6       65
  AVERAGE         87                        81      6       78

PRECIPITATION (IN)
  YESTERDAY        0.02          1.93 1961   0.09  -0.07     0.00
  MONTH TO DATE    4.89                      2.28   2.61     2.86
  SINCE JUN 1      7.09                      7.48  -0.39    13.32
  SINCE JAN 1     23.53                     19.34   4.19    19.39

SNOWFALL (IN)
  YESTERDAY        0.0           0.0  2007   0.0    0.0      0.0
  MONTH TO DATE    0.0                       0.0    0.0      0.0
  SINCE JUN 1      0.0                       0.0    0.0      0.0
  SINCE JUL 1      0.0                       0.0    0.0      0.0
  SNOW DEPTH       0

DEGREE DAYS
 HEATING
  YESTERDAY        0                         0      0        0
  MONTH TO DATE    0                         0      0        1
  SINCE JUN 1      0                         6     -6        1
  SINCE JUL 1      0                         0      0        1

 COOLING
  YESTERDAY       22                        16      6       13
  MONTH TO DATE  337                       315     22      209
  SINCE JUN 1    796                       644    152      551
  SINCE JAN 1    909                       780    129      818
..................................................................


WIND (MPH)
  HIGHEST WIND SPEED    23   HIGHEST WIND DIRECTION     S (170)
  HIGHEST GUST SPEED    34   HIGHEST GUST DIRECTION     S (160)
  AVERAGE WIND SPEED     6.9


SKY COVER
  POSSIBLE SUNSHINE  MM
  AVERAGE SKY COVER 0.7


WEATHER CONDITIONS
 THE FOLLOWING WEATHER WAS RECORDED YESTERDAY.
  THUNDERSTORM
  LIGHT RAIN


RELATIVE HUMIDITY (PERCENT)
 HIGHEST    74           700 AM
 LOWEST     38           300 PM
 AVERAGE    56

..........................................................


THE WICHITA EISENHOWER NATIONAL CLIMATE NORMALS FOR TODAY
                         NORMAL    RECORD    YEAR
 MAXIMUM TEMPERATURE (F)   93       107      1974
 MINIMUM TEMPERATURE (F)   70        53      1970


SUNRISE AND SUNSET
JULY 21 2015..........SUNRISE   624 AM CDT   SUNSET   847 PM CDT
JULY 22 2015..........SUNRISE   625 AM CDT   SUNSET   847 PM CDT


-  INDICATES NEGATIVE NUMBERS.
R  INDICATES RECORD WAS SET OR TIED.
MM INDICATES DATA IS MISSING.
T  INDICATES TRACE AMOUNT.




$$
