768
CDUS43 KICT 100656
CLIICT


CLIMATE REPORT
NATIONAL WEATHER SERVICE WICHITA KS
156 AM CDT THU AUG 10 2017


...................................

...THE WICHITA EISENHOWER NATIONAL CLIMATE SUMMARY FOR AUGUST 9 2017...

CLIMATE NORMAL PERIOD 1981 TO 2010
CLIMATE RECORD PERIOD 1888 TO 2017


WEATHER ITEM   OBSERVED TIME   RECORD YEAR NORMAL DEPARTURE LAST
                VALUE   (LST)  VALUE       VALUE  FROM      YEAR
                                                  NORMAL
..................................................................
TEMPERATURE (F)
 YESTERDAY
  MAXIMUM         85    240 PM 111    1936  92     -7       93
  MINIMUM         65   1033 PM  55    1989  70     -5       74
  AVERAGE         75                        81     -6       84

PRECIPITATION (IN)
  YESTERDAY        0.30          1.68 2008   0.11   0.19     0.01
  MONTH TO DATE    1.56                      1.00   0.56     6.82
  SINCE JUN 1      7.87                      9.52  -1.65    19.32
  SINCE JAN 1     26.71                     21.38   5.33    34.88

SNOWFALL (IN)
  YESTERDAY        0.0           0.0  2007   0.0    0.0      0.0
  MONTH TO DATE    0.0                       0.0    0.0      0.0
  SINCE JUN 1      0.0                       0.0    0.0      0.0
  SINCE JUL 1      0.0                       0.0    0.0      0.0
  SNOW DEPTH       0

DEGREE DAYS
 HEATING
  YESTERDAY        0                         0      0        0
  MONTH TO DATE    0                         0      0        0
  SINCE JUN 1      0                         6     -6        0
  SINCE JUL 1      0                         0      0        0

 COOLING
  YESTERDAY       10                        16     -6       19
  MONTH TO DATE   98                       144    -46      163
  SINCE JUN 1   1018                       970     48     1237
  SINCE JAN 1   1174                      1106     68     1367
..................................................................


WIND (MPH)
  HIGHEST WIND SPEED    20   HIGHEST WIND DIRECTION    SE (150)
  HIGHEST GUST SPEED    26   HIGHEST GUST DIRECTION     S (160)
  AVERAGE WIND SPEED     8.2


SKY COVER
  POSSIBLE SUNSHINE  MM
  AVERAGE SKY COVER 0.8


WEATHER CONDITIONS
 THE FOLLOWING WEATHER WAS RECORDED YESTERDAY.
  THUNDERSTORM
  HEAVY RAIN
  RAIN
  LIGHT RAIN
  FOG


RELATIVE HUMIDITY (PERCENT)
 HIGHEST   100           700 PM
 LOWEST     59           300 PM
 AVERAGE    80

..........................................................


THE WICHITA EISENHOWER NATIONAL CLIMATE NORMALS FOR TODAY
                         NORMAL    RECORD    YEAR
 MAXIMUM TEMPERATURE (F)   92       110      1936
 MINIMUM TEMPERATURE (F)   70        58      1968
                                             1902
                                             1888


SUNRISE AND SUNSET
AUGUST 10 2017........SUNRISE   641 AM CDT   SUNSET   828 PM CDT
AUGUST 11 2017........SUNRISE   642 AM CDT   SUNSET   827 PM CDT


-  INDICATES NEGATIVE NUMBERS.
R  INDICATES RECORD WAS SET OR TIED.
MM INDICATES DATA IS MISSING.
T  INDICATES TRACE AMOUNT.




$$
