000
CDUS43 KICT 010624
CLIICT


CLIMATE REPORT
NATIONAL WEATHER SERVICE WICHITA KS
1221 AM CST FRI DEC 1 2017


...................................

...THE WICHITA EISENHOWER NATIONAL CLIMATE SUMMARY FOR NOVEMBER 30 2017...

CLIMATE NORMAL PERIOD 1981 TO 2010
CLIMATE RECORD PERIOD 1888 TO 2017


WEATHER ITEM   OBSERVED TIME   RECORD YEAR NORMAL DEPARTURE LAST
                VALUE   (LST)  VALUE       VALUE  FROM      YEAR
                                                  NORMAL
..................................................................
TEMPERATURE (F)
 YESTERDAY
  MAXIMUM         57    320 PM  73    1995  49      8       51
  MINIMUM         35   1048 PM  10    1964  28      7       24
                                      1896
  AVERAGE         46                        38      8       38

PRECIPITATION (IN)
  YESTERDAY        0.00          0.92 1906   0.04  -0.04     0.00
  MONTH TO DATE    0.52                      1.43  -0.91     0.26
  SINCE SEP 1      6.46                      7.35  -0.89    13.60
  SINCE JAN 1     33.81                     31.44   2.37    49.94

SNOWFALL (IN)
  YESTERDAY        0.0           5.5  2006   0.1   -0.1      0.0
  MONTH TO DATE    0.0                       1.3   -1.3      0.0
  SINCE SEP 1      0.0                       1.4   -1.4      0.0
  SINCE JUL 1      0.0                       1.4   -1.4      0.0
  SNOW DEPTH       0

DEGREE DAYS
 HEATING
  YESTERDAY       19                        27     -8       27
  MONTH TO DATE  506                       588    -82      363
  SINCE SEP 1    730                       875   -145      453
  SINCE JUL 1    730                       876   -146      453

 COOLING
  YESTERDAY        0                         0      0        0
  MONTH TO DATE    2                         2      0       11
  SINCE SEP 1    346                       259     87      382
  SINCE JAN 1   1785                      1686     99     2054
..................................................................


WIND (MPH)
  HIGHEST WIND SPEED    15   HIGHEST WIND DIRECTION     N (360)
  HIGHEST GUST SPEED    18   HIGHEST GUST DIRECTION     N (350)
  AVERAGE WIND SPEED     5.9


SKY COVER
  POSSIBLE SUNSHINE  MM
  AVERAGE SKY COVER 0.5


WEATHER CONDITIONS
 THE FOLLOWING WEATHER WAS RECORDED YESTERDAY.
  NO SIGNIFICANT WEATHER WAS OBSERVED.


RELATIVE HUMIDITY (PERCENT)
 HIGHEST   100          1200 AM
 LOWEST     28           300 PM
 AVERAGE    64

..........................................................


THE WICHITA EISENHOWER NATIONAL CLIMATE NORMALS FOR TODAY
                         NORMAL    RECORD    YEAR
 MAXIMUM TEMPERATURE (F)   48        71      1917
 MINIMUM TEMPERATURE (F)   28         3      2006


SUNRISE AND SUNSET
DECEMBER  1 2017......SUNRISE   726 AM CST   SUNSET   511 PM CST
DECEMBER  2 2017......SUNRISE   727 AM CST   SUNSET   511 PM CST


-  INDICATES NEGATIVE NUMBERS.
R  INDICATES RECORD WAS SET OR TIED.
MM INDICATES DATA IS MISSING.
T  INDICATES TRACE AMOUNT.




$$
