000
CDUS43 KICT 022302
CLIICT


CLIMATE REPORT
NATIONAL WEATHER SERVICE WICHITA KS
502 PM CST MON JAN 2 2017


...................................

...THE WICHITA EISENHOWER NATIONAL CLIMATE SUMMARY FOR JANUARY 2 2017...
VALID TODAY AS OF 0500 PM LOCAL TIME.

CLIMATE NORMAL PERIOD 1981 TO 2010
CLIMATE RECORD PERIOD 1888 TO 2017


WEATHER ITEM   OBSERVED TIME   RECORD YEAR NORMAL DEPARTURE LAST
                VALUE   (LST)  VALUE       VALUE  FROM      YEAR
                                                  NORMAL
..................................................................
TEMPERATURE (F)
 TODAY
  MAXIMUM         58    359 PM  67    1997  41     17       47
  MINIMUM         47   1235 AM  -6    1979  22     25       19
  AVERAGE         53                        32     21       33

PRECIPITATION (IN)
  TODAY            0.05          1.00 1951   0.03   0.02     0.00
  MONTH TO DATE    0.05                      0.05   0.00     0.00
  SINCE DEC 1      0.71                      1.25  -0.54     2.22
  SINCE JAN 1      0.05                      0.05   0.00     0.00

SNOWFALL (IN)
  TODAY           MM             6.9  1975   0.1   MM        0.0
  MONTH TO DATE    0.0                       0.2   -0.2      0.0
  SINCE DEC 1      2.0                       4.4   -2.4      0.4
  SINCE JUL 1      2.0                       5.8   -3.8      0.7
  SNOW DEPTH       0

DEGREE DAYS
 HEATING
  TODAY           12                        33    -21       32
  MONTH TO DATE   36                        66    -30       66
  SINCE DEC 1   1023                      1033    -10      796
  SINCE JUL 1   1476                      1909   -433     1365

 COOLING
  TODAY            0                         0      0        0
  MONTH TO DATE    0                         0      0        0
  SINCE DEC 1      0                         0      0        0
  SINCE JAN 1      0                         0      0        0
..................................................................


WIND (MPH)
  HIGHEST WIND SPEED    17   HIGHEST WIND DIRECTION     S (170)
  HIGHEST GUST SPEED    21   HIGHEST GUST DIRECTION     S (170)
  AVERAGE WIND SPEED     9.5


SKY COVER
  POSSIBLE SUNSHINE  MM
  AVERAGE SKY COVER 1.0


WEATHER CONDITIONS
 THE FOLLOWING WEATHER WAS RECORDED TODAY.
  LIGHT RAIN
  FOG
  FOG W/VISIBILITY <= 1/4 MILE


RELATIVE HUMIDITY (PERCENT)
 HIGHEST   100          1200 AM
 LOWEST     86           400 PM
 AVERAGE    93

..........................................................


THE WICHITA EISENHOWER NATIONAL CLIMATE NORMALS FOR TOMORROW
                         NORMAL    RECORD    YEAR
 MAXIMUM TEMPERATURE (F)   41        69      2006
 MINIMUM TEMPERATURE (F)   22       -12      1919


SUNRISE AND SUNSET
JANUARY  2 2017.......SUNRISE   745 AM CST   SUNSET   523 PM CST
JANUARY  3 2017.......SUNRISE   745 AM CST   SUNSET   524 PM CST


-  INDICATES NEGATIVE NUMBERS.
R  INDICATES RECORD WAS SET OR TIED.
MM INDICATES DATA IS MISSING.
T  INDICATES TRACE AMOUNT.




$$
