000
CDUS43 KICT 032204
CLIICT


CLIMATE REPORT
NATIONAL WEATHER SERVICE WICHITA KS
503 PM CDT THU JUL 3 2014


...................................

...THE WICHITA MID CONTINENT CLIMATE SUMMARY FOR JULY 3 2014...
VALID TODAY AS OF 500 PM LOCAL TIME.

CLIMATE NORMAL PERIOD 1981 TO 2010
CLIMATE RECORD PERIOD 1888 TO 2014


WEATHER ITEM   OBSERVED TIME   RECORD YEAR NORMAL DEPARTURE LAST
                VALUE   (LST)  VALUE       VALUE  FROM      YEAR
                                                  NORMAL
..................................................................
TEMPERATURE (F)
 TODAY
  MAXIMUM         81    359 PM 108    1990  92    -11       86
  MINIMUM         57    549 AM  53    1924  69    -12       60
  AVERAGE         69                        80    -11       73

PRECIPITATION (IN)
  TODAY            0.00          2.67 2005   0.13  -0.13     0.00
  MONTH TO DATE    1.12                      0.38   0.74     0.00
  SINCE JUN 1     11.58                      5.58   6.00     1.83
  SINCE JAN 1     17.65                     17.44   0.21    15.85

SNOWFALL (IN)
  TODAY            0.0           0.0  2007   0.0    0.0      0.0
  MONTH TO DATE    0.0                       0.0    0.0      0.0
  SINCE JUN 1      0.0                       0.0    0.0      0.0
  SINCE JUL 1      0.0                       0.0    0.0      0.0
  SNOW DEPTH       0

DEGREE DAYS
 HEATING
  TODAY            0                         0      0        0
  MONTH TO DATE    0                         0      0        0
  SINCE JUN 1      0                         6     -6        3
  SINCE JUL 1      0                         0      0        0

 COOLING
  TODAY            4                        15    -11        8
  MONTH TO DATE   21                        45    -24       24
  SINCE JUN 1    363                       374    -11      426
  SINCE JAN 1    630                       510    120      564
..................................................................


WIND (MPH)
  HIGHEST WIND SPEED    12   HIGHEST WIND DIRECTION    SE (130)
  HIGHEST GUST SPEED    15   HIGHEST GUST DIRECTION    SE (130)
  AVERAGE WIND SPEED     4.5


SKY COVER
  POSSIBLE SUNSHINE  MM
  AVERAGE SKY COVER 0.2


WEATHER CONDITIONS
 THE FOLLOWING WEATHER WAS RECORDED TODAY.
  NO SIGNIFICANT WEATHER WAS OBSERVED.


RELATIVE HUMIDITY (PERCENT)
 HIGHEST    80           300 AM
 LOWEST     42           300 PM
 AVERAGE    61

..........................................................


THE WICHITA MID CONTINENT CLIMATE NORMALS FOR TOMORROW
                         NORMAL    RECORD    YEAR
 MAXIMUM TEMPERATURE (F)   92       110      1980
 MINIMUM TEMPERATURE (F)   69        53      1892


SUNRISE AND SUNSET
JULY  3 2014..........SUNRISE   613 AM CDT   SUNSET   855 PM CDT
JULY  4 2014..........SUNRISE   613 AM CDT   SUNSET   855 PM CDT


-  INDICATES NEGATIVE NUMBERS.
R  INDICATES RECORD WAS SET OR TIED.
MM INDICATES DATA IS MISSING.
T  INDICATES TRACE AMOUNT.




$$

VP
