000
CDUS43 KICT 240702
CLIICT

CLIMATE REPORT
NATIONAL WEATHER SERVICE WICHITA KS
100 AM CST TUE FEB 24 2015


...................................

...THE WICHITA EISENHOWER NATIONAL CLIMATE SUMMARY FOR FEBRUARY 23 2015...

CLIMATE NORMAL PERIOD 1981 TO 2010
CLIMATE RECORD PERIOD 1888 TO 2015


WEATHER ITEM   OBSERVED TIME   RECORD YEAR NORMAL DEPARTURE LAST
                VALUE   (LST)  VALUE       VALUE  FROM      YEAR
                                                  NORMAL
..................................................................
TEMPERATURE (F)
 YESTERDAY
  MAXIMUM         24    210 PM  82    1930  51    -27       44
  MINIMUM         15   1023 AM   0    1889  29    -14       26
  AVERAGE         20                        40    -20       35

PRECIPITATION (IN)
  YESTERDAY        0.01          1.31 2001   0.05  -0.04     0.00
  MONTH TO DATE    0.24                      0.94  -0.70     0.84
  SINCE DEC 1      2.64                      2.97  -0.33     1.57
  SINCE JAN 1      1.35                      1.77  -0.42     0.97

SNOWFALL (IN)
  YESTERDAY        T            10.2  2003   0.1   -0.1      0.0
  MONTH TO DATE    2.5                       2.8   -0.3     13.0
  SINCE DEC 1     10.7                      10.6    0.1     19.4
  SINCE JUL 1     12.5                      12.0    0.5     19.4
  SNOW DEPTH       1

DEGREE DAYS
 HEATING
  YESTERDAY       45                        25     20       30
  MONTH TO DATE  711                       657     54      780
  SINCE DEC 1   2485                      2641   -156     2869
  SINCE JUL 1   3365                      3517   -152     3754

 COOLING
  YESTERDAY        0                         0      0        0
  MONTH TO DATE    0                         0      0        0
  SINCE DEC 1      0                         0      0        0
  SINCE JAN 1      0                         0      0        0
..................................................................


WIND (MPH)
  HIGHEST WIND SPEED    21   HIGHEST WIND DIRECTION    NE (50)
  HIGHEST GUST SPEED    23   HIGHEST GUST DIRECTION    NE (40)
  AVERAGE WIND SPEED     8.7


SKY COVER
  POSSIBLE SUNSHINE  MM
  AVERAGE SKY COVER 1.0


WEATHER CONDITIONS
 THE FOLLOWING WEATHER WAS RECORDED YESTERDAY.
  LIGHT SNOW


RELATIVE HUMIDITY (PERCENT)
 HIGHEST    61          1000 AM
 LOWEST     39           500 PM
 AVERAGE    50

..........................................................


THE WICHITA EISENHOWER NATIONAL CLIMATE NORMALS FOR TODAY
                         NORMAL    RECORD    YEAR
 MAXIMUM TEMPERATURE (F)   51        79      1956
                                             1930
 MINIMUM TEMPERATURE (F)   29        -4      1913


SUNRISE AND SUNSET
FEBRUARY 24 2015......SUNRISE   708 AM CST   SUNSET   618 PM CST
FEBRUARY 25 2015......SUNRISE   707 AM CST   SUNSET   619 PM CST


-  INDICATES NEGATIVE NUMBERS.
R  INDICATES RECORD WAS SET OR TIED.
MM INDICATES DATA IS MISSING.
T  INDICATES TRACE AMOUNT.




$$
