097
CDUS43 KICT 270649
CLIICT


CLIMATE REPORT
NATIONAL WEATHER SERVICE WICHITA KS
1248 AM CST SUN NOV 27 2016


...................................

...THE WICHITA EISENHOWER NATIONAL CLIMATE SUMMARY FOR NOVEMBER 26 2016...

CLIMATE NORMAL PERIOD 1981 TO 2010
CLIMATE RECORD PERIOD 1888 TO 2016


WEATHER ITEM   OBSERVED TIME   RECORD YEAR NORMAL DEPARTURE LAST
                VALUE   (LST)  VALUE       VALUE  FROM      YEAR
                                                  NORMAL
..................................................................
TEMPERATURE (F)
 YESTERDAY
  MAXIMUM         61    321 PM  79    1910  51     10       65
  MINIMUM         28    636 AM   1    1975  30     -2       32
  AVERAGE         45                        40      5       49

PRECIPITATION (IN)
  YESTERDAY        0.00          2.17 2015   0.04  -0.04     2.17
  MONTH TO DATE    0.19                      1.26  -1.07     3.09
  SINCE SEP 1     13.53                      7.18   6.35     6.30
  SINCE JAN 1     49.87                     31.27  18.60    38.72

SNOWFALL (IN)
  YESTERDAY        0.0           3.0  1931   0.0    0.0      0.0
  MONTH TO DATE    0.0                       0.9   -0.9       T
  SINCE SEP 1      0.0                       1.0   -1.0       T
  SINCE JUL 1      0.0                       1.0   -1.0       T
  SNOW DEPTH       0

DEGREE DAYS
 HEATING
  YESTERDAY       20                        25     -5       16
  MONTH TO DATE  290                       484   -194      312
  SINCE SEP 1    380                       769   -389      437
  SINCE JUL 1    380                       770   -390      437

 COOLING
  YESTERDAY        0                         0      0        0
  MONTH TO DATE   11                         0     11        2
  SINCE SEP 1    382                       257    125      416
  SINCE JAN 1   2054                      1684    370     1907
..................................................................


WIND (MPH)
  HIGHEST WIND SPEED    22   HIGHEST WIND DIRECTION     S (180)
  HIGHEST GUST SPEED    25   HIGHEST GUST DIRECTION     S (180)
  AVERAGE WIND SPEED    11.5


SKY COVER
  POSSIBLE SUNSHINE  MM
  AVERAGE SKY COVER 0.1


WEATHER CONDITIONS
 THE FOLLOWING WEATHER WAS RECORDED YESTERDAY.
  NO SIGNIFICANT WEATHER WAS OBSERVED.


RELATIVE HUMIDITY (PERCENT)
 HIGHEST    92           400 AM
 LOWEST     39           200 PM
 AVERAGE    66

..........................................................


THE WICHITA EISENHOWER NATIONAL CLIMATE NORMALS FOR TODAY
                         NORMAL    RECORD    YEAR
 MAXIMUM TEMPERATURE (F)   50        72      1933
                                             1905
 MINIMUM TEMPERATURE (F)   29         3      1975


SUNRISE AND SUNSET
NOVEMBER 27 2016......SUNRISE   723 AM CST   SUNSET   512 PM CST
NOVEMBER 28 2016......SUNRISE   724 AM CST   SUNSET   512 PM CST


-  INDICATES NEGATIVE NUMBERS.
R  INDICATES RECORD WAS SET OR TIED.
MM INDICATES DATA IS MISSING.
T  INDICATES TRACE AMOUNT.




$$
