000
CDUS43 KICT 140630
CLIICT


CLIMATE REPORT
NATIONAL WEATHER SERVICE WICHITA KS
1229 AM CST FRI NOV 14 2014


...................................

...THE WICHITA MID CONTINENT KS CLIMATE SUMMARY FOR NOVEMBER 13 2014...

CLIMATE NORMAL PERIOD 1981 TO 2010
CLIMATE RECORD PERIOD 1888 TO 2014


WEATHER ITEM   OBSERVED TIME   RECORD YEAR NORMAL DEPARTURE LAST
                VALUE   (LST)  VALUE       VALUE  FROM      YEAR
                                                  NORMAL
..................................................................
TEMPERATURE (F)
 YESTERDAY
  MAXIMUM         33    309 PM  79    1999  58    -25       50
  MINIMUM         16    816 AM   4    1940  36    -20       19
  AVERAGE         25                        47    -22       35

PRECIPITATION (IN)
  YESTERDAY        0.00          2.19 1909   0.06  -0.06     0.00
  MONTH TO DATE    0.13                      0.73  -0.60     0.30
  SINCE SEP 1      2.01                      6.65  -4.64     5.38
  SINCE JAN 1     23.99                     30.74  -6.75    39.55

SNOWFALL (IN)
  YESTERDAY        0.0           0.1  1929   0.0    0.0      0.0
  MONTH TO DATE    0.0                       0.2   -0.2      0.0
  SINCE SEP 1      0.0                       0.3   -0.3       T
  SINCE JUL 1      0.0                       0.3   -0.3       T
  SNOW DEPTH       0

DEGREE DAYS
 HEATING
  YESTERDAY       40                        18     22       30
  MONTH TO DATE  251                       201     50      225
  SINCE SEP 1    413                       486    -73      478
  SINCE JUL 1    414                       487    -73      479

 COOLING
  YESTERDAY        0                         0      0        0
  MONTH TO DATE    0                         0      0        0
  SINCE SEP 1    353                       257     96      365
  SINCE JAN 1   1849                      1684    165     1778
..................................................................


WIND (MPH)
  HIGHEST WIND SPEED    23   HIGHEST WIND DIRECTION     N (340)
  HIGHEST GUST SPEED    27   HIGHEST GUST DIRECTION     N (340)
  AVERAGE WIND SPEED    11.6


SKY COVER
  POSSIBLE SUNSHINE  MM
  AVERAGE SKY COVER 0.5


WEATHER CONDITIONS
 THE FOLLOWING WEATHER WAS RECORDED YESTERDAY.
  NO SIGNIFICANT WEATHER WAS OBSERVED.


RELATIVE HUMIDITY (PERCENT)
 HIGHEST    67          1100 PM
 LOWEST     33           200 PM
 AVERAGE    50

..........................................................


THE WICHITA MID CONTINENT KS CLIMATE NORMALS FOR TODAY
                         NORMAL    RECORD    YEAR
 MAXIMUM TEMPERATURE (F)   57        78      1897
 MINIMUM TEMPERATURE (F)   35         7      1940


SUNRISE AND SUNSET
NOVEMBER 14 2014......SUNRISE   709 AM CST   SUNSET   519 PM CST
NOVEMBER 15 2014......SUNRISE   710 AM CST   SUNSET   519 PM CST


-  INDICATES NEGATIVE NUMBERS.
R  INDICATES RECORD WAS SET OR TIED.
MM INDICATES DATA IS MISSING.
T  INDICATES TRACE AMOUNT.




$$
