000
CDUS43 KICT 140632
CLIICT


CLIMATE REPORT
NATIONAL WEATHER SERVICE WICHITA KS
132 AM CDT SUN AUG 14 2016


...................................

...THE WICHITA EISENHOWER NATIONAL CLIMATE SUMMARY FOR AUGUST 13 2016...

CLIMATE NORMAL PERIOD 1981 TO 2010
CLIMATE RECORD PERIOD 1888 TO 2016


WEATHER ITEM   OBSERVED TIME   RECORD YEAR NORMAL DEPARTURE LAST
                VALUE   (LST)  VALUE       VALUE  FROM      YEAR
                                                  NORMAL
..................................................................
TEMPERATURE (F)
 YESTERDAY
  MAXIMUM         88    502 PM 110    1936  92     -4       86
  MINIMUM         68    614 AM  52    1967  70     -2       66
  AVERAGE         78                        81     -3       76

PRECIPITATION (IN)
  YESTERDAY        0.00          2.30 1961   0.11  -0.11     0.00
  MONTH TO DATE    6.99                      1.47   5.52     3.50
  SINCE JUN 1     19.49                      9.99   9.50    13.10
  SINCE JAN 1     35.05                     21.85  13.20    29.54

SNOWFALL (IN)
  YESTERDAY        0.0           0.0  2007   0.0    0.0      0.0
  MONTH TO DATE    0.0                       0.0    0.0      0.0
  SINCE JUN 1      0.0                       0.0    0.0      0.0
  SINCE JUL 1      0.0                       0.0    0.0      0.0
  SNOW DEPTH       0

DEGREE DAYS
 HEATING
  YESTERDAY        0                         0      0        0
  MONTH TO DATE    0                         0      0        0
  SINCE JUN 1      0                         6     -6        0
  SINCE JUL 1      0                         0      0        0

 COOLING
  YESTERDAY       13                        16     -3       11
  MONTH TO DATE  232                       208     24      201
  SINCE JUN 1   1306                      1034    272     1203
  SINCE JAN 1   1436                      1170    266     1316
..................................................................


WIND (MPH)
  HIGHEST WIND SPEED    20   HIGHEST WIND DIRECTION    NE (40)
  HIGHEST GUST SPEED    24   HIGHEST GUST DIRECTION    NE (30)
  AVERAGE WIND SPEED     9.2


SKY COVER
  POSSIBLE SUNSHINE  MM
  AVERAGE SKY COVER 0.1


WEATHER CONDITIONS
 THE FOLLOWING WEATHER WAS RECORDED YESTERDAY.
  NO SIGNIFICANT WEATHER WAS OBSERVED.


RELATIVE HUMIDITY (PERCENT)
 HIGHEST    87           600 AM
 LOWEST     40           500 PM
 AVERAGE    64

..........................................................


THE WICHITA EISENHOWER NATIONAL CLIMATE NORMALS FOR TODAY
                         NORMAL    RECORD    YEAR
 MAXIMUM TEMPERATURE (F)   92       110      1936
 MINIMUM TEMPERATURE (F)   69        56      2004
                                             2002
                                             1963


SUNRISE AND SUNSET
AUGUST 14 2016........SUNRISE   645 AM CDT   SUNSET   823 PM CDT
AUGUST 15 2016........SUNRISE   646 AM CDT   SUNSET   822 PM CDT


-  INDICATES NEGATIVE NUMBERS.
R  INDICATES RECORD WAS SET OR TIED.
MM INDICATES DATA IS MISSING.
T  INDICATES TRACE AMOUNT.




$$
