000
CDUS43 KICT 102210
CLIICT


CLIMATE REPORT
NATIONAL WEATHER SERVICE WICHITA KS
508 PM CDT TUE MAY 10 2016


...................................

...THE WICHITA EISENHOWER NATIONAL CLIMATE SUMMARY FOR MAY 10 2016...
VALID TODAY AS OF 0500 PM LOCAL TIME.

CLIMATE NORMAL PERIOD 1981 TO 2010
CLIMATE RECORD PERIOD 1888 TO 2016


WEATHER ITEM   OBSERVED TIME   RECORD YEAR NORMAL DEPARTURE LAST
                VALUE   (LST)  VALUE       VALUE  FROM      YEAR
                                                  NORMAL
..................................................................
TEMPERATURE (F)
 TODAY
  MAXIMUM         85    407 PM 100    1967  75     10       74
  MINIMUM         50    204 AM  37    1946  53     -3       50
  AVERAGE         68                        64      4       62

PRECIPITATION (IN)
  TODAY            0.00          1.60 1912   0.14  -0.14     0.04
  MONTH TO DATE    0.45                      1.34  -0.89     2.92
  SINCE MAR 1      8.21                      6.62   1.59     5.82
  SINCE JAN 1      8.95                      8.63   0.32     7.59

SNOWFALL (IN)
  TODAY            0.0           0.0  2007   0.0    0.0      0.0
                                      2001
  MONTH TO DATE    0.0                       0.0    0.0      0.0
  SINCE MAR 1      3.5                       2.5    1.0      1.1
  SINCE JUL 1      4.3                      14.9  -10.6     18.0
  SNOW DEPTH       0

DEGREE DAYS
 HEATING
  TODAY            0                         3     -3        3
  MONTH TO DATE   39                        41     -2        3
  SINCE MAR 1    602                       909   -307      640
  SINCE JUL 1   3452                      4549  -1097     4205

 COOLING
  TODAY            3                         2      1        0
  MONTH TO DATE   13                        18     -5       40
  SINCE MAR 1     50                        44      6       68
  SINCE JAN 1     50                        44      6       68
..................................................................


WIND (MPH)
  HIGHEST WIND SPEED    14   HIGHEST WIND DIRECTION     S (180)
  HIGHEST GUST SPEED    21   HIGHEST GUST DIRECTION     S (200)
  AVERAGE WIND SPEED     5.9


SKY COVER
  POSSIBLE SUNSHINE  MM
  AVERAGE SKY COVER 0.1


WEATHER CONDITIONS
 THE FOLLOWING WEATHER WAS RECORDED TODAY.
  NO SIGNIFICANT WEATHER WAS OBSERVED.


RELATIVE HUMIDITY (PERCENT)
 HIGHEST    96           600 AM
 LOWEST     34           300 PM
 AVERAGE    65

..........................................................


THE WICHITA EISENHOWER NATIONAL CLIMATE NORMALS FOR TOMORROW
                         NORMAL    RECORD    YEAR
 MAXIMUM TEMPERATURE (F)   75        94      2000
 MINIMUM TEMPERATURE (F)   54        33      1946


SUNRISE AND SUNSET
MAY 10 2016...........SUNRISE   624 AM CDT   SUNSET   828 PM CDT
MAY 11 2016...........SUNRISE   623 AM CDT   SUNSET   829 PM CDT


-  INDICATES NEGATIVE NUMBERS.
R  INDICATES RECORD WAS SET OR TIED.
MM INDICATES DATA IS MISSING.
T  INDICATES TRACE AMOUNT.




$$
