000
CDUS43 KICT 080642
CLIICT


CLIMATE REPORT
NATIONAL WEATHER SERVICE WICHITA KS
141 AM CDT SUN OCT 8 2017


...................................

...THE WICHITA EISENHOWER NATIONAL CLIMATE SUMMARY FOR OCTOBER 7 2017...

CLIMATE NORMAL PERIOD 1981 TO 2010
CLIMATE RECORD PERIOD 1888 TO 2017


WEATHER ITEM   OBSERVED TIME   RECORD YEAR NORMAL DEPARTURE LAST
                VALUE   (LST)  VALUE       VALUE  FROM      YEAR
                                                  NORMAL
..................................................................
TEMPERATURE (F)
 YESTERDAY
  MAXIMUM         78    254 PM  93    1939  73      5       65
  MINIMUM         54    657 AM  31    1952  50      4       44
  AVERAGE         66                        62      4       55

PRECIPITATION (IN)
  YESTERDAY        0.28          1.57 1992   0.10   0.18     0.00
  MONTH TO DATE    2.85                      0.73   2.12     0.63
  SINCE SEP 1      5.19                      3.87   1.32    11.93
  SINCE JAN 1     32.54                     27.96   4.58    48.27

SNOWFALL (IN)
  YESTERDAY        0.0           0.0  2007   0.0    0.0      0.0
  MONTH TO DATE    0.0                       0.0    0.0      0.0
  SINCE SEP 1      0.0                       0.0    0.0      0.0
  SINCE JUL 1      0.0                       0.0    0.0      0.0
  SNOW DEPTH       0

DEGREE DAYS
 HEATING
  YESTERDAY        0                         5     -5       10
  MONTH TO DATE    0                        32    -32       11
  SINCE SEP 1      6                        74    -68       25
  SINCE JUL 1      6                        75    -69       25

 COOLING
  YESTERDAY        1                         2     -1        0
  MONTH TO DATE   48                        17     31       22
  SINCE SEP 1    324                       239     85      302
  SINCE JAN 1   1763                      1666     97     1974
..................................................................


WIND (MPH)
  HIGHEST WIND SPEED    23   HIGHEST WIND DIRECTION    NW (300)
  HIGHEST GUST SPEED    32   HIGHEST GUST DIRECTION    NW (310)
  AVERAGE WIND SPEED     9.5


SKY COVER
  POSSIBLE SUNSHINE  MM
  AVERAGE SKY COVER 0.3


WEATHER CONDITIONS
 THE FOLLOWING WEATHER WAS RECORDED YESTERDAY.
  THUNDERSTORM
  RAIN
  LIGHT RAIN
  FOG


RELATIVE HUMIDITY (PERCENT)
 HIGHEST   100           700 AM
 LOWEST     32           300 PM
 AVERAGE    66

..........................................................


THE WICHITA EISENHOWER NATIONAL CLIMATE NORMALS FOR TODAY
                         NORMAL    RECORD    YEAR
 MAXIMUM TEMPERATURE (F)   73        95      1979
 MINIMUM TEMPERATURE (F)   50        26      2000


SUNRISE AND SUNSET
OCTOBER  8 2017.......SUNRISE   732 AM CDT   SUNSET   702 PM CDT
OCTOBER  9 2017.......SUNRISE   733 AM CDT   SUNSET   700 PM CDT


-  INDICATES NEGATIVE NUMBERS.
R  INDICATES RECORD WAS SET OR TIED.
MM INDICATES DATA IS MISSING.
T  INDICATES TRACE AMOUNT.




$$
