000
CDUS43 KICT 030630
CLIICT


CLIMATE REPORT
NATIONAL WEATHER SERVICE WICHITA KS
1230 AM CST WED JAN 3 2018


...................................

...THE WICHITA EISENHOWER NATIONAL CLIMATE SUMMARY FOR JANUARY 2 2018...

CLIMATE NORMAL PERIOD 1981 TO 2010
CLIMATE RECORD PERIOD 1888 TO 2018


WEATHER ITEM   OBSERVED TIME   RECORD YEAR NORMAL DEPARTURE LAST
                VALUE   (LST)  VALUE       VALUE  FROM      YEAR
                                                  NORMAL
..................................................................
TEMPERATURE (F)
 YESTERDAY
  MAXIMUM         25    427 PM  67    1997  41    -16       58
  MINIMUM          7    558 AM  -6    1979  22    -15       40
  AVERAGE         16                        32    -16       49

PRECIPITATION (IN)
  YESTERDAY        0.00          1.00 1951   0.03  -0.03     0.05
  MONTH TO DATE    0.00                      0.05  -0.05     0.05
  SINCE DEC 1      0.03                      1.25  -1.22     0.71
  SINCE JAN 1      0.00                      0.05  -0.05     0.05

SNOWFALL (IN)
  YESTERDAY        0.0           6.9  1975   0.1   -0.1      0.0
  MONTH TO DATE    0.0                       0.2   -0.2      0.0
  SINCE DEC 1      T                         4.4   -4.4      2.0
  SINCE JUL 1      T                         5.8   -5.8      2.0
  SNOW DEPTH       0

DEGREE DAYS
 HEATING
  YESTERDAY       49                        33     16       16
  MONTH TO DATE  107                        66     41       40
  SINCE DEC 1    973                      1033    -60     1027
  SINCE JUL 1   1703                      1909   -206     1480

 COOLING
  YESTERDAY        0                         0      0        0
  MONTH TO DATE    0                         0      0        0
  SINCE DEC 1      0                         0      0        0
  SINCE JAN 1      0                         0      0        0
..................................................................


WIND (MPH)
  HIGHEST WIND SPEED    16   HIGHEST WIND DIRECTION    SW (220)
  HIGHEST GUST SPEED    20   HIGHEST GUST DIRECTION    SW (230)
  AVERAGE WIND SPEED     5.9


SKY COVER
  POSSIBLE SUNSHINE  MM
  AVERAGE SKY COVER 0.6


WEATHER CONDITIONS
 THE FOLLOWING WEATHER WAS RECORDED YESTERDAY.
  NO SIGNIFICANT WEATHER WAS OBSERVED.


RELATIVE HUMIDITY (PERCENT)
 HIGHEST    63           600 AM
 LOWEST     29           300 PM
 AVERAGE    46

..........................................................


THE WICHITA EISENHOWER NATIONAL CLIMATE NORMALS FOR TODAY
                         NORMAL    RECORD    YEAR
 MAXIMUM TEMPERATURE (F)   41        69      2006
 MINIMUM TEMPERATURE (F)   22       -12      1919


SUNRISE AND SUNSET
JANUARY  3 2018.......SUNRISE   745 AM CST   SUNSET   524 PM CST
JANUARY  4 2018.......SUNRISE   745 AM CST   SUNSET   525 PM CST


-  INDICATES NEGATIVE NUMBERS.
R  INDICATES RECORD WAS SET OR TIED.
MM INDICATES DATA IS MISSING.
T  INDICATES TRACE AMOUNT.




$$
