000
CDUS43 KICT 270643
CLIICT


CLIMATE REPORT
NATIONAL WEATHER SERVICE WICHITA KS
1242 AM CST MON NOV 27 2017


...................................

...THE WICHITA EISENHOWER NATIONAL CLIMATE SUMMARY FOR NOVEMBER 26 2017...

CLIMATE NORMAL PERIOD 1981 TO 2010
CLIMATE RECORD PERIOD 1888 TO 2017


WEATHER ITEM   OBSERVED TIME   RECORD YEAR NORMAL DEPARTURE LAST
                VALUE   (LST)  VALUE       VALUE  FROM      YEAR
                                                  NORMAL
..................................................................
TEMPERATURE (F)
 YESTERDAY
  MAXIMUM         66    325 PM  79    1910  51     15       61
  MINIMUM         33    751 AM   1    1975  30      3       28
  AVERAGE         50                        40     10       45

PRECIPITATION (IN)
  YESTERDAY        0.00          2.17 2015   0.04  -0.04     0.00
  MONTH TO DATE    0.12                      1.26  -1.14     0.19
  SINCE SEP 1      6.06                      7.18  -1.12    13.53
  SINCE JAN 1     33.41                     31.27   2.14    49.87

SNOWFALL (IN)
  YESTERDAY        0.0           3.0  1931   0.0    0.0      0.0
  MONTH TO DATE    0.0                       0.9   -0.9      0.0
  SINCE SEP 1      0.0                       1.0   -1.0      0.0
  SINCE JUL 1      0.0                       1.0   -1.0      0.0
  SNOW DEPTH       0

DEGREE DAYS
 HEATING
  YESTERDAY       15                        25    -10       20
  MONTH TO DATE  450                       484    -34      290
  SINCE SEP 1    674                       769    -95      380
  SINCE JUL 1    674                       770    -96      380

 COOLING
  YESTERDAY        0                         0      0        0
  MONTH TO DATE    2                         0      2       11
  SINCE SEP 1    346                       257     89      382
  SINCE JAN 1   1785                      1684    101     2054
..................................................................


WIND (MPH)
  HIGHEST WIND SPEED    24   HIGHEST WIND DIRECTION     S (200)
  HIGHEST GUST SPEED    27   HIGHEST GUST DIRECTION     S (200)
  AVERAGE WIND SPEED     9.2


SKY COVER
  POSSIBLE SUNSHINE  MM
  AVERAGE SKY COVER 0.2


WEATHER CONDITIONS
 THE FOLLOWING WEATHER WAS RECORDED YESTERDAY.
  NO SIGNIFICANT WEATHER WAS OBSERVED.


RELATIVE HUMIDITY (PERCENT)
 HIGHEST    89          1200 AM
 LOWEST     26           400 PM
 AVERAGE    58

..........................................................


THE WICHITA EISENHOWER NATIONAL CLIMATE NORMALS FOR TODAY
                         NORMAL    RECORD    YEAR
 MAXIMUM TEMPERATURE (F)   50        72      1933
                                             1905
 MINIMUM TEMPERATURE (F)   29         3      1975


SUNRISE AND SUNSET
NOVEMBER 27 2017......SUNRISE   722 AM CST   SUNSET   512 PM CST
NOVEMBER 28 2017......SUNRISE   723 AM CST   SUNSET   512 PM CST


-  INDICATES NEGATIVE NUMBERS.
R  INDICATES RECORD WAS SET OR TIED.
MM INDICATES DATA IS MISSING.
T  INDICATES TRACE AMOUNT.




$$
