748
CDUS43 KICT 280628
CLIICT

CLIMATE REPORT
NATIONAL WEATHER SERVICE WICHITA KS
128 AM CDT THU APR 28 2016


...................................

...THE WICHITA EISENHOWER NATIONAL CLIMATE SUMMARY FOR APRIL 27 2016...

CLIMATE NORMAL PERIOD 1981 TO 2010
CLIMATE RECORD PERIOD 1888 TO 2016


WEATHER ITEM   OBSERVED TIME   RECORD YEAR NORMAL DEPARTURE LAST
                VALUE   (LST)  VALUE       VALUE  FROM      YEAR
                                                  NORMAL
..................................................................
TEMPERATURE (F)
 YESTERDAY
  MAXIMUM         67    501 PM  94    1956  71     -4       65
  MINIMUM         46   1139 PM  31    1995  49     -3       51
                                      1967
  AVERAGE         57                        60     -3       58

PRECIPITATION (IN)
  YESTERDAY        0.00          2.13 1951   0.11  -0.11     0.00
  MONTH TO DATE    5.50                      2.27   3.23     2.62
  SINCE MAR 1      7.03                      4.96   2.07     2.90
  SINCE JAN 1      7.77                      6.97   0.80     4.67

SNOWFALL (IN)
  YESTERDAY        0.0           0.0  2007   0.0    0.0      0.0
  MONTH TO DATE    0.0                       0.2   -0.2      0.0
  SINCE MAR 1      3.5                       2.5    1.0      1.1
  SINCE JUL 1      4.3                      14.9  -10.6     18.0
  SNOW DEPTH       0

DEGREE DAYS
 HEATING
  YESTERDAY        8                         6      2        7
  MONTH TO DATE  144                       273   -129      151
  SINCE MAR 1    533                       850   -317      625
  SINCE JUL 1   3383                      4490  -1107     4190

 COOLING
  YESTERDAY        0                         1     -1        0
  MONTH TO DATE   30                        20     10       28
  SINCE MAR 1     37                        22     15       28
  SINCE JAN 1     37                        22     15       28
..................................................................


WIND (MPH)
  HIGHEST WIND SPEED    23   HIGHEST WIND DIRECTION     W (290)
  HIGHEST GUST SPEED    31   HIGHEST GUST DIRECTION     W (270)
  AVERAGE WIND SPEED    12.1


SKY COVER
  POSSIBLE SUNSHINE  MM
  AVERAGE SKY COVER 0.6


WEATHER CONDITIONS
 THE FOLLOWING WEATHER WAS RECORDED YESTERDAY.
  FOG


RELATIVE HUMIDITY (PERCENT)
 HIGHEST    93           400 AM
 LOWEST     42           500 PM
 AVERAGE    68

..........................................................


THE WICHITA EISENHOWER NATIONAL CLIMATE NORMALS FOR TODAY
                         NORMAL    RECORD    YEAR
 MAXIMUM TEMPERATURE (F)   72        90      1910
                                             1899
 MINIMUM TEMPERATURE (F)   49        32      1965


SUNRISE AND SUNSET
APRIL 28 2016.........SUNRISE   637 AM CDT   SUNSET   818 PM CDT
APRIL 29 2016.........SUNRISE   636 AM CDT   SUNSET   819 PM CDT


-  INDICATES NEGATIVE NUMBERS.
R  INDICATES RECORD WAS SET OR TIED.
MM INDICATES DATA IS MISSING.
T  INDICATES TRACE AMOUNT.




$$
