000
CDUS43 KICT 050622
CLIICT


CLIMATE REPORT
NATIONAL WEATHER SERVICE WICHITA KS
121 AM CDT SAT AUG 5 2017


...................................

...THE WICHITA EISENHOWER NATIONAL CLIMATE SUMMARY FOR AUGUST 4 2017...

CLIMATE NORMAL PERIOD 1981 TO 2010
CLIMATE RECORD PERIOD 1888 TO 2017


WEATHER ITEM   OBSERVED TIME   RECORD YEAR NORMAL DEPARTURE LAST
                VALUE   (LST)  VALUE       VALUE  FROM      YEAR
                                                  NORMAL
..................................................................
TEMPERATURE (F)
 YESTERDAY
  MAXIMUM         84    347 PM 105    1930  92     -8       99
  MINIMUM         65    756 AM  51    1974  70     -5       77
  AVERAGE         75                        81     -6       88

PRECIPITATION (IN)
  YESTERDAY        0.00          2.38 2013   0.11  -0.11     0.01
  MONTH TO DATE    T                         0.44  -0.44     0.01
  SINCE JUN 1      6.31                      8.96  -2.65    12.51
  SINCE JAN 1     25.15                     20.82   4.33    28.07

SNOWFALL (IN)
  YESTERDAY        0.0           0.0  2007   0.0    0.0      0.0
  MONTH TO DATE    0.0                       0.0    0.0      0.0
  SINCE JUN 1      0.0                       0.0    0.0      0.0
  SINCE JUL 1      0.0                       0.0    0.0      0.0
  SNOW DEPTH       0

DEGREE DAYS
 HEATING
  YESTERDAY        0                         0      0        0
  MONTH TO DATE    0                         0      0        0
  SINCE JUN 1      0                         6     -6        0
  SINCE JUL 1      0                         0      0        0

 COOLING
  YESTERDAY       10                        16     -6       23
  MONTH TO DATE   49                        64    -15       87
  SINCE JUN 1    969                       890     79     1161
  SINCE JAN 1   1125                      1026     99     1291
..................................................................


WIND (MPH)
  HIGHEST WIND SPEED    16   HIGHEST WIND DIRECTION    NE (40)
  HIGHEST GUST SPEED    20   HIGHEST GUST DIRECTION    NE (40)
  AVERAGE WIND SPEED     9.9


SKY COVER
  POSSIBLE SUNSHINE  MM
  AVERAGE SKY COVER 0.5


WEATHER CONDITIONS
 THE FOLLOWING WEATHER WAS RECORDED YESTERDAY.
  NO SIGNIFICANT WEATHER WAS OBSERVED.


RELATIVE HUMIDITY (PERCENT)
 HIGHEST    78           600 AM
 LOWEST     33           500 PM
 AVERAGE    56

..........................................................


THE WICHITA EISENHOWER NATIONAL CLIMATE NORMALS FOR TODAY
                         NORMAL    RECORD    YEAR
 MAXIMUM TEMPERATURE (F)   92       106      1956
 MINIMUM TEMPERATURE (F)   70        55      1894


SUNRISE AND SUNSET
AUGUST  5 2017........SUNRISE   637 AM CDT   SUNSET   834 PM CDT
AUGUST  6 2017........SUNRISE   638 AM CDT   SUNSET   832 PM CDT


-  INDICATES NEGATIVE NUMBERS.
R  INDICATES RECORD WAS SET OR TIED.
MM INDICATES DATA IS MISSING.
T  INDICATES TRACE AMOUNT.




$$
