211
CDUS43 KICT 162206
CLIICT

CLIMATE REPORT
NATIONAL WEATHER SERVICE WICHITA KS
505 PM CDT SAT JUL 16 2016

...................................

...THE WICHITA EISENHOWER NATIONAL CLIMATE SUMMARY FOR JULY 16 2016...
VALID TODAY AS OF 500 PM LOCAL TIME.

CLIMATE NORMAL PERIOD 1981 TO 2010
CLIMATE RECORD PERIOD 1888 TO 2016


WEATHER ITEM   OBSERVED TIME   RECORD YEAR NORMAL DEPARTURE LAST
                VALUE   (LST)  VALUE       VALUE  FROM      YEAR
                                                  NORMAL
..................................................................
TEMPERATURE (F)
 TODAY
  MAXIMUM         92    247 PM 110    1980  93     -1       96
  MINIMUM         72    612 AM  57    1906  70      2       75
  AVERAGE         82                        81      1       86

PRECIPITATION (IN)
  TODAY            0.00          2.46 1950   0.10  -0.10      T
  MONTH TO DATE    8.40                      1.90   6.50     4.87
  SINCE JUN 1     11.23                      7.10   4.13     7.07
  SINCE JAN 1     26.79                     18.96   7.83    23.51

SNOWFALL (IN)
  TODAY            0.0           0.0  2007   0.0    0.0      0.0
  MONTH TO DATE    0.0                       0.0    0.0      0.0
  SINCE JUN 1      0.0                       0.0    0.0      0.0
  SINCE JUL 1      0.0                       0.0    0.0      0.0
  SNOW DEPTH       0

DEGREE DAYS
 HEATING
  TODAY            0                         0      0        0
  MONTH TO DATE    0                         0      0        0
  SINCE JUN 1      0                         6     -6        0
  SINCE JUL 1      0                         0      0        0

 COOLING
  TODAY           17                        16      1       21
  MONTH TO DATE  279                       251     28      249
  SINCE JUN 1    765                       580    185      708
  SINCE JAN 1    895                       716    179      821
..................................................................


WIND (MPH)
  HIGHEST WIND SPEED    21   HIGHEST WIND DIRECTION     S (160)
  HIGHEST GUST SPEED    25   HIGHEST GUST DIRECTION    SE (150)
  AVERAGE WIND SPEED     9.1


SKY COVER
  POSSIBLE SUNSHINE  MM
  AVERAGE SKY COVER 0.5


WEATHER CONDITIONS
 THE FOLLOWING WEATHER WAS RECORDED TODAY.
  NO SIGNIFICANT WEATHER WAS OBSERVED.


RELATIVE HUMIDITY (PERCENT)
 HIGHEST    90           600 AM
 LOWEST     52           200 PM
 AVERAGE    71

..........................................................


THE WICHITA EISENHOWER NATIONAL CLIMATE NORMALS FOR TOMORROW
                         NORMAL    RECORD    YEAR
 MAXIMUM TEMPERATURE (F)   93       110      1980
                                             1936
 MINIMUM TEMPERATURE (F)   70        57      1900


SUNRISE AND SUNSET
JULY 16 2016..........SUNRISE   621 AM CDT   SUNSET   850 PM CDT
JULY 17 2016..........SUNRISE   622 AM CDT   SUNSET   849 PM CDT


-  INDICATES NEGATIVE NUMBERS.
R  INDICATES RECORD WAS SET OR TIED.
MM INDICATES DATA IS MISSING.
T  INDICATES TRACE AMOUNT.

$$
