000
CDUS43 KICT 030628
CLIICT


CLIMATE REPORT
NATIONAL WEATHER SERVICE WICHITA KS
128 AM CDT THU JUL 3 2014


...................................

...THE WICHITA MID CONTINENT KS CLIMATE SUMMARY FOR JULY 2 2014...

CLIMATE NORMAL PERIOD 1981 TO 2010
CLIMATE RECORD PERIOD 1888 TO 2014


WEATHER ITEM   OBSERVED TIME   RECORD YEAR NORMAL DEPARTURE LAST
                VALUE   (LST)  VALUE       VALUE  FROM      YEAR
                                                  NORMAL
..................................................................
TEMPERATURE (F)
 YESTERDAY
  MAXIMUM         80    424 PM 108    1990  91    -11       87
  MINIMUM         62   1159 PM  54    1959  69     -7       60
                                      1924
  AVERAGE         71                        80     -9       74

PRECIPITATION (IN)
  YESTERDAY        0.00          2.04 1989   0.13  -0.13     0.00
  MONTH TO DATE    1.12                      0.25   0.87     0.00
  SINCE JUN 1     11.58                      5.45   6.13     1.83
  SINCE JAN 1     17.65                     17.31   0.34    15.85

SNOWFALL (IN)
  YESTERDAY        0.0           0.0  2007   0.0    0.0      0.0
  MONTH TO DATE    0.0                       0.0    0.0      0.0
  SINCE JUN 1      0.0                       0.0    0.0      0.0
  SINCE JUL 1      0.0                       0.0    0.0      0.0
  SNOW DEPTH       0

DEGREE DAYS
 HEATING
  YESTERDAY        0                         0      0        0
  MONTH TO DATE    0                         0      0        0
  SINCE JUN 1      0                         6     -6        3
  SINCE JUL 1      0                         0      0        0

 COOLING
  YESTERDAY        6                        15     -9        9
  MONTH TO DATE   17                        30    -13       16
  SINCE JUN 1    359                       359      0      418
  SINCE JAN 1    626                       495    131      556
..................................................................


WIND (MPH)
  HIGHEST WIND SPEED    18   HIGHEST WIND DIRECTION    NE (40)
  HIGHEST GUST SPEED    25   HIGHEST GUST DIRECTION     N (340)
  AVERAGE WIND SPEED    10.2


SKY COVER
  POSSIBLE SUNSHINE  MM
  AVERAGE SKY COVER 0.4


WEATHER CONDITIONS
 THE FOLLOWING WEATHER WAS RECORDED YESTERDAY.
  NO SIGNIFICANT WEATHER WAS OBSERVED.


RELATIVE HUMIDITY (PERCENT)
 HIGHEST    78           400 AM
 LOWEST     39           100 PM
 AVERAGE    59

..........................................................


THE WICHITA MID CONTINENT KS CLIMATE NORMALS FOR TODAY
                         NORMAL    RECORD    YEAR
 MAXIMUM TEMPERATURE (F)   92       108      1990
 MINIMUM TEMPERATURE (F)   69        53      1924


SUNRISE AND SUNSET
JULY  3 2014..........SUNRISE   613 AM CDT   SUNSET   855 PM CDT
JULY  4 2014..........SUNRISE   613 AM CDT   SUNSET   855 PM CDT


-  INDICATES NEGATIVE NUMBERS.
R  INDICATES RECORD WAS SET OR TIED.
MM INDICATES DATA IS MISSING.
T  INDICATES TRACE AMOUNT.




$$

JMBW
