000
CDUS43 KICT 232209
CLIICT


CLIMATE REPORT
NATIONAL WEATHER SERVICE WICHITA KS
509 PM CDT TUE SEP 23 2014


...................................

...THE WICHITA MID CONTINENT CLIMATE SUMMARY FOR SEPTEMBER 23 2014...
VALID TODAY AS OF 0500 PM LOCAL TIME.

CLIMATE NORMAL PERIOD 1981 TO 2010
CLIMATE RECORD PERIOD 1888 TO 2014


WEATHER ITEM   OBSERVED TIME   RECORD YEAR NORMAL DEPARTURE LAST
                VALUE   (LST)  VALUE       VALUE  FROM      YEAR
                                                  NORMAL
..................................................................
TEMPERATURE (F)
 TODAY
  MAXIMUM         83    105 PM  96    1933  79      4       82
                                      1926
  MINIMUM         58    606 AM  36    1995  56      2       55
  AVERAGE         71                        68      3       69

PRECIPITATION (IN)
  TODAY            T             4.02 1945   0.10  -0.10     0.00
  MONTH TO DATE    0.17                      2.44  -2.27     1.58
  SINCE SEP 1      0.17                      2.44  -2.27     1.58
  SINCE JAN 1     22.15                     26.53  -4.38    35.75

SNOWFALL (IN)
  TODAY            0.0           0.0  2007   0.0    0.0      0.0
  MONTH TO DATE    0.0                       0.0    0.0      0.0
  SINCE SEP 1      0.0                       0.0    0.0      0.0
  SINCE JUL 1      0.0                       0.0    0.0      0.0
  SNOW DEPTH       0

DEGREE DAYS
 HEATING
  TODAY            0                         2     -2        0
  MONTH TO DATE   20                        18      2        0
  SINCE SEP 1     20                        18      2        0
  SINCE JUL 1     21                        19      2        1

 COOLING
  TODAY            6                         5      1        4
  MONTH TO DATE  220                       192     28      279
  SINCE SEP 1    220                       192     28      279
  SINCE JAN 1   1716                      1619     97     1692
..................................................................


WIND (MPH)
  HIGHEST WIND SPEED    25   HIGHEST WIND DIRECTION     S (170)
  HIGHEST GUST SPEED    35   HIGHEST GUST DIRECTION    SE (150)
  AVERAGE WIND SPEED    14.2


SKY COVER
  POSSIBLE SUNSHINE  MM
  AVERAGE SKY COVER 0.7


WEATHER CONDITIONS
 THE FOLLOWING WEATHER WAS RECORDED TODAY.
  LIGHT RAIN


RELATIVE HUMIDITY (PERCENT)
 HIGHEST    80           400 AM
 LOWEST     34           100 PM
 AVERAGE    57

..........................................................


THE WICHITA MID CONTINENT CLIMATE NORMALS FOR TOMORROW
                         NORMAL    RECORD    YEAR
 MAXIMUM TEMPERATURE (F)   79        96      1898
 MINIMUM TEMPERATURE (F)   56        34      1989


SUNRISE AND SUNSET
SEPTEMBER 23 2014.....SUNRISE   718 AM CDT   SUNSET   725 PM CDT
SEPTEMBER 24 2014.....SUNRISE   719 AM CDT   SUNSET   723 PM CDT


-  INDICATES NEGATIVE NUMBERS.
R  INDICATES RECORD WAS SET OR TIED.
MM INDICATES DATA IS MISSING.
T  INDICATES TRACE AMOUNT.




$$
