000
CDUS43 KICT 120711
CLIICT


CLIMATE REPORT
NATIONAL WEATHER SERVICE WICHITA KS
110 AM CST FRI DEC 12 2014


...................................

...THE WICHITA MID CONTINENT KS CLIMATE SUMMARY FOR DECEMBER 11 2014...

CLIMATE NORMAL PERIOD 1981 TO 2010
CLIMATE RECORD PERIOD 1888 TO 2014


WEATHER ITEM   OBSERVED TIME   RECORD YEAR NORMAL DEPARTURE LAST
                VALUE   (LST)  VALUE       VALUE  FROM      YEAR
                                                  NORMAL
..................................................................
TEMPERATURE (F)
 YESTERDAY
  MAXIMUM         50    413 PM  75    1939  44      6       33
  MINIMUM         40    737 AM  -3    1932  25     15       12
  AVERAGE         45                        34     11       23

PRECIPITATION (IN)
  YESTERDAY        0.00          1.11 2007   0.04  -0.04     0.00
  MONTH TO DATE    0.57                      0.48   0.09      T
  SINCE DEC 1      0.57                      0.48   0.09      T
  SINCE JAN 1     24.88                     31.92  -7.04    39.85

SNOWFALL (IN)
  YESTERDAY        0.0           3.5  1941   0.1   -0.1      0.0
  MONTH TO DATE    0.0                       1.4   -1.4       T
  SINCE DEC 1      0.0                       1.4   -1.4       T
  SINCE JUL 1      1.8                       2.8   -1.0       T
  SNOW DEPTH       0

DEGREE DAYS
 HEATING
  YESTERDAY       20                        31    -11       42
  MONTH TO DATE  276                       319    -43      417
  SINCE DEC 1    276                       319    -43      417
  SINCE JUL 1   1156                      1195    -39     1302

 COOLING
  YESTERDAY        0                         0      0        0
  MONTH TO DATE    0                         0      0        0
  SINCE DEC 1      0                         0      0        0
  SINCE JAN 1   1849                      1686    163     1778
..................................................................


WIND (MPH)
  HIGHEST WIND SPEED    10   HIGHEST WIND DIRECTION    SE (140)
  HIGHEST GUST SPEED    13   HIGHEST GUST DIRECTION     E (90)
  AVERAGE WIND SPEED     5.6


SKY COVER
  POSSIBLE SUNSHINE  MM
  AVERAGE SKY COVER 1.0


WEATHER CONDITIONS
 THE FOLLOWING WEATHER WAS RECORDED YESTERDAY.
  NO SIGNIFICANT WEATHER WAS OBSERVED.


RELATIVE HUMIDITY (PERCENT)
 HIGHEST    79           100 AM
 LOWEST     66           300 PM
 AVERAGE    73

..........................................................


THE WICHITA MID CONTINENT KS CLIMATE NORMALS FOR TODAY
                         NORMAL    RECORD    YEAR
 MAXIMUM TEMPERATURE (F)   44        73      1889
 MINIMUM TEMPERATURE (F)   24        -4      1932


SUNRISE AND SUNSET
DECEMBER 12 2014......SUNRISE   735 AM CST   SUNSET   511 PM CST
DECEMBER 13 2014......SUNRISE   736 AM CST   SUNSET   512 PM CST


-  INDICATES NEGATIVE NUMBERS.
R  INDICATES RECORD WAS SET OR TIED.
MM INDICATES DATA IS MISSING.
T  INDICATES TRACE AMOUNT.




$$
