826
CDUS43 KICT 180625
CLIICT


CLIMATE REPORT
NATIONAL WEATHER SERVICE WICHITA KS
125 AM CDT TUE APR 18 2017


...................................

...THE WICHITA EISENHOWER NATIONAL CLIMATE SUMMARY FOR APRIL 17 2017...

CLIMATE NORMAL PERIOD 1981 TO 2010
CLIMATE RECORD PERIOD 1888 TO 2017


WEATHER ITEM   OBSERVED TIME   RECORD YEAR NORMAL DEPARTURE LAST
                VALUE   (LST)  VALUE       VALUE  FROM      YEAR
                                                  NORMAL
..................................................................
TEMPERATURE (F)
 YESTERDAY
  MAXIMUM         72    344 PM  92    2006  68      4       65
  MINIMUM         55    544 AM  25    1907  45     10       60
  AVERAGE         64                        57      7       63

PRECIPITATION (IN)
  YESTERDAY        T             1.73 1889   0.09  -0.09     1.12
  MONTH TO DATE    3.80                      1.31   2.49     1.26
  SINCE MAR 1      7.30                      4.00   3.30     2.79
  SINCE JAN 1     10.92                      6.01   4.91     3.53

SNOWFALL (IN)
  YESTERDAY        0.0           0.2  1905   0.0    0.0      0.0
  MONTH TO DATE    0.0                       0.2   -0.2      0.0
  SINCE MAR 1      T                         2.5   -2.5      3.5
  SINCE JUL 1      2.0                      14.9  -12.9      4.3
  SNOW DEPTH       0

DEGREE DAYS
 HEATING
  YESTERDAY        1                         9     -8        2
  MONTH TO DATE  116                       197    -81      107
  SINCE MAR 1    545                       774   -229      496
  SINCE JUL 1   3389                      4414  -1025     3346

 COOLING
  YESTERDAY        0                         1     -1        0
  MONTH TO DATE   17                        10      7       12
  SINCE MAR 1     35                        12     23       19
  SINCE JAN 1     35                        12     23       19
..................................................................


WIND (MPH)
  HIGHEST WIND SPEED    15   HIGHEST WIND DIRECTION    SE (150)
  HIGHEST GUST SPEED    19   HIGHEST GUST DIRECTION     E (110)
  AVERAGE WIND SPEED     8.8


SKY COVER
  POSSIBLE SUNSHINE  MM
  AVERAGE SKY COVER 0.7


WEATHER CONDITIONS
 THE FOLLOWING WEATHER WAS RECORDED YESTERDAY.
  THUNDERSTORM
  LIGHT RAIN


RELATIVE HUMIDITY (PERCENT)
 HIGHEST   100          1100 PM
 LOWEST     66           500 PM
 AVERAGE    83

..........................................................


THE WICHITA EISENHOWER NATIONAL CLIMATE NORMALS FOR TODAY
                         NORMAL    RECORD    YEAR
 MAXIMUM TEMPERATURE (F)   69        91      1987
 MINIMUM TEMPERATURE (F)   45        28      1953


SUNRISE AND SUNSET
APRIL 18 2017.........SUNRISE   650 AM CDT   SUNSET   808 PM CDT
APRIL 19 2017.........SUNRISE   649 AM CDT   SUNSET   809 PM CDT


-  INDICATES NEGATIVE NUMBERS.
R  INDICATES RECORD WAS SET OR TIED.
MM INDICATES DATA IS MISSING.
T  INDICATES TRACE AMOUNT.




$$
