000
CDUS43 KICT 202310
CLIICT


CLIMATE REPORT
NATIONAL WEATHER SERVICE WICHITA KS
510 PM CST SAT JAN 20 2018


...................................

...THE WICHITA EISENHOWER NATIONAL CLIMATE SUMMARY FOR JANUARY 20 2018...
VALID TODAY AS OF 0500 PM LOCAL TIME.

CLIMATE NORMAL PERIOD 1981 TO 2010
CLIMATE RECORD PERIOD 1888 TO 2018


WEATHER ITEM   OBSERVED TIME   RECORD YEAR NORMAL DEPARTURE LAST
                VALUE   (LST)  VALUE       VALUE  FROM      YEAR
                                                  NORMAL
..................................................................
TEMPERATURE (F)
 TODAY
  MAXIMUM         62    445 PM  71    1906  43     19       52
  MINIMUM         40    138 AM -12    1962  22     18       31
  AVERAGE         51                        32     19       42

PRECIPITATION (IN)
  TODAY            0.00          0.50 1897   0.02  -0.02      T
  MONTH TO DATE    0.20                      0.48  -0.28     2.55
  SINCE DEC 1      0.23                      1.68  -1.45     3.21
  SINCE JAN 1      0.20                      0.48  -0.28     2.55

SNOWFALL (IN)
  TODAY            0.0           5.2  2007   0.2   -0.2      0.0
  MONTH TO DATE    0.3                       2.2   -1.9       T
  SINCE DEC 1      0.3                       6.4   -6.1      2.0
  SINCE JUL 1      0.3                       7.8   -7.5      2.0
  SNOW DEPTH       0

DEGREE DAYS
 HEATING
  TODAY           14                        33    -19       23
  MONTH TO DATE  703                       660     43      620
  SINCE DEC 1   1569                      1627    -58     1607
  SINCE JUL 1   2299                      2503   -204     2060

 COOLING
  TODAY            0                         0      0        0
  MONTH TO DATE    0                         0      0        0
  SINCE DEC 1      0                         0      0        0
  SINCE JAN 1      0                         0      0        0
..................................................................


WIND (MPH)
  HIGHEST WIND SPEED    25   HIGHEST WIND DIRECTION     S (190)
  HIGHEST GUST SPEED    31   HIGHEST GUST DIRECTION     S (190)
  AVERAGE WIND SPEED    16.6


SKY COVER
  POSSIBLE SUNSHINE  MM
  AVERAGE SKY COVER 0.7


WEATHER CONDITIONS
 THE FOLLOWING WEATHER WAS RECORDED TODAY.
  NO SIGNIFICANT WEATHER WAS OBSERVED.


RELATIVE HUMIDITY (PERCENT)
 HIGHEST    93           500 AM
 LOWEST     48           300 PM
 AVERAGE    71

..........................................................


THE WICHITA EISENHOWER NATIONAL CLIMATE NORMALS FOR TOMORROW
                         NORMAL    RECORD    YEAR
 MAXIMUM TEMPERATURE (F)   43        69      1964
 MINIMUM TEMPERATURE (F)   22        -7      1935


SUNRISE AND SUNSET
JANUARY 20 2018.......SUNRISE   741 AM CST   SUNSET   540 PM CST
JANUARY 21 2018.......SUNRISE   741 AM CST   SUNSET   541 PM CST


-  INDICATES NEGATIVE NUMBERS.
R  INDICATES RECORD WAS SET OR TIED.
MM INDICATES DATA IS MISSING.
T  INDICATES TRACE AMOUNT.




$$
