814
CDUS43 KICT 220633
CLIICT


CLIMATE REPORT
NATIONAL WEATHER SERVICE WICHITA KS
132 AM CDT FRI APR 22 2016


...................................

...THE WICHITA EISENHOWER NATIONAL CLIMATE SUMMARY FOR APRIL 21 2016...

CLIMATE NORMAL PERIOD 1981 TO 2010
CLIMATE RECORD PERIOD 1888 TO 2016


WEATHER ITEM   OBSERVED TIME   RECORD YEAR NORMAL DEPARTURE LAST
                VALUE   (LST)  VALUE       VALUE  FROM      YEAR
                                                  NORMAL
..................................................................
TEMPERATURE (F)
 YESTERDAY
  MAXIMUM         75    406 PM  92    1963  69      6       76
  MINIMUM         45    524 AM  28    1966  46     -1       41
  AVERAGE         60                        58      2       59

PRECIPITATION (IN)
  YESTERDAY        0.00          1.07 1908   0.09  -0.09     0.01
  MONTH TO DATE    2.75                      1.65   1.10     2.61
  SINCE MAR 1      4.28                      4.34  -0.06     2.89
  SINCE JAN 1      5.02                      6.35  -1.33     4.66

SNOWFALL (IN)
  YESTERDAY        0.0           T    1931   0.0    0.0     MM
  MONTH TO DATE    0.0                       0.2   -0.2      0.0
  SINCE MAR 1      3.5                       2.5    1.0      1.1
  SINCE JUL 1      4.3                      14.9  -10.6     18.0
  SNOW DEPTH       0

DEGREE DAYS
 HEATING
  YESTERDAY        5                         8     -3        6
  MONTH TO DATE  133                       231    -98      117
  SINCE MAR 1    522                       808   -286      591
  SINCE JUL 1   3372                      4448  -1076     4156

 COOLING
  YESTERDAY        0                         1     -1        0
  MONTH TO DATE   12                        14     -2       25
  SINCE MAR 1     19                        16      3       25
  SINCE JAN 1     19                        16      3       25
..................................................................


WIND (MPH)
  HIGHEST WIND SPEED    22   HIGHEST WIND DIRECTION    NW (320)
  HIGHEST GUST SPEED    28   HIGHEST GUST DIRECTION    NW (300)
  AVERAGE WIND SPEED    11.1


SKY COVER
  POSSIBLE SUNSHINE  MM
  AVERAGE SKY COVER 0.4


WEATHER CONDITIONS
 THE FOLLOWING WEATHER WAS RECORDED YESTERDAY.
  NO SIGNIFICANT WEATHER WAS OBSERVED.


RELATIVE HUMIDITY (PERCENT)
 HIGHEST    96           100 AM
 LOWEST     33           500 PM
 AVERAGE    65

..........................................................


THE WICHITA EISENHOWER NATIONAL CLIMATE NORMALS FOR TODAY
                         NORMAL    RECORD    YEAR
 MAXIMUM TEMPERATURE (F)   70        91      2006
                                             1955
 MINIMUM TEMPERATURE (F)   47        32      1959


SUNRISE AND SUNSET
APRIL 22 2016.........SUNRISE   645 AM CDT   SUNSET   812 PM CDT
APRIL 23 2016.........SUNRISE   643 AM CDT   SUNSET   813 PM CDT


-  INDICATES NEGATIVE NUMBERS.
R  INDICATES RECORD WAS SET OR TIED.
MM INDICATES DATA IS MISSING.
T  INDICATES TRACE AMOUNT.




$$
