000
CDUS43 KICT 010647
CLIICT

CLIMATE REPORT
NATIONAL WEATHER SERVICE WICHITA KS
1246 AM CST SUN JAN 1 2017

...................................

...THE WICHITA EISENHOWER NATIONAL CLIMATE SUMMARY FOR DECEMBER 31 2016...

CLIMATE NORMAL PERIOD 1981 TO 2010
CLIMATE RECORD PERIOD 1888 TO 2016


WEATHER ITEM   OBSERVED TIME   RECORD YEAR NORMAL DEPARTURE LAST
                VALUE   (LST)  VALUE       VALUE  FROM      YEAR
                                                  NORMAL
..................................................................
TEMPERATURE (F)
 YESTERDAY
  MAXIMUM         49    223 PM  70    1951  41      8       40
  MINIMUM         29    622 AM  -5    1968  22      7       25
                                      1927
  AVERAGE         39                        32      7       33

PRECIPITATION (IN)
  YESTERDAY        0.00          0.85 1984   0.03  -0.03     0.00
  MONTH TO DATE    0.66                      1.20  -0.54     2.22
  SINCE DEC 1      0.66                      1.20  -0.54     2.22
  SINCE JAN 1     50.60                     32.64  17.96    42.02

SNOWFALL (IN)
  YESTERDAY        0.0           3.8  1928   0.1   -0.1      0.0
  MONTH TO DATE    2.0                       4.2   -2.2      0.4
  SINCE DEC 1      2.0                       4.2   -2.2      0.4
  SINCE JUL 1      2.0                       5.6   -3.6      0.7
  SNOW DEPTH       0

DEGREE DAYS
 HEATING
  YESTERDAY       26                        33     -7       32
  MONTH TO DATE  987                       967     20      730
  SINCE DEC 1    987                       967     20      730
  SINCE JUL 1   1440                      1843   -403     1299

 COOLING
  YESTERDAY        0                         0      0        0
  MONTH TO DATE    0                         0      0        0
  SINCE DEC 1      0                         0      0        0
  SINCE JAN 1   2054                      1686    368     1907
..................................................................


WIND (MPH)
  HIGHEST WIND SPEED    23   HIGHEST WIND DIRECTION    NE (30)
  HIGHEST GUST SPEED    28   HIGHEST GUST DIRECTION    NE (30)
  AVERAGE WIND SPEED    10.4


SKY COVER
  POSSIBLE SUNSHINE  MM
  AVERAGE SKY COVER 0.2


WEATHER CONDITIONS
 THE FOLLOWING WEATHER WAS RECORDED YESTERDAY.
  NO SIGNIFICANT WEATHER WAS OBSERVED.


RELATIVE HUMIDITY (PERCENT)
 HIGHEST    75           600 AM
 LOWEST     29           100 PM
 AVERAGE    52

..........................................................


THE WICHITA EISENHOWER NATIONAL CLIMATE NORMALS FOR TODAY
                         NORMAL    RECORD    YEAR
 MAXIMUM TEMPERATURE (F)   41        66      2005
 MINIMUM TEMPERATURE (F)   22        -5      1979
                                             1919


SUNRISE AND SUNSET
JANUARY  1 2017.......SUNRISE   745 AM CST   SUNSET   522 PM CST
JANUARY  2 2017.......SUNRISE   745 AM CST   SUNSET   523 PM CST


-  INDICATES NEGATIVE NUMBERS.
R  INDICATES RECORD WAS SET OR TIED.
MM INDICATES DATA IS MISSING.
T  INDICATES TRACE AMOUNT.

$$
