000
CDUS43 KICT 110632
CLIICT

CLIMATE REPORT
NATIONAL WEATHER SERVICE WICHITA KS
129 AM CDT MON AUG 11 2014

...................................

...THE WICHITA MID CONTINENT KS CLIMATE SUMMARY FOR AUGUST 10 2014...

CLIMATE NORMAL PERIOD 1981 TO 2010
CLIMATE RECORD PERIOD 1888 TO 2014


WEATHER ITEM   OBSERVED TIME   RECORD YEAR NORMAL DEPARTURE LAST
                VALUE   (LST)  VALUE       VALUE  FROM      YEAR
                                                  NORMAL
..................................................................
TEMPERATURE (F)
 YESTERDAY
  MAXIMUM         86    452 PM 110    1936  92     -6       84
  MINIMUM         68    521 AM  58    1968  70     -2       63
                                      1902
                                      1888
  AVERAGE         77                        81     -4       74

PRECIPITATION (IN)
  YESTERDAY        0.53          2.15 1895   0.12   0.41     0.00
  MONTH TO DATE    1.76                      1.12   0.64     7.60
  SINCE JUN 1     15.29                      9.64   5.65    17.12
  SINCE JAN 1     21.36                     21.50  -0.14    31.14

SNOWFALL (IN)
  YESTERDAY        0.0           0.0  2007   0.0    0.0      0.0
  MONTH TO DATE    0.0                       0.0    0.0      0.0
  SINCE JUN 1      0.0                       0.0    0.0      0.0
  SINCE JUL 1      0.0                       0.0    0.0      0.0
  SNOW DEPTH       0

DEGREE DAYS
 HEATING
  YESTERDAY        0                         0      0        0
  MONTH TO DATE    0                         0      0        0
  SINCE JUN 1      1                         6     -5        4
  SINCE JUL 1      1                         0      1        1

 COOLING
  YESTERDAY       12                        16     -4        9
  MONTH TO DATE  146                       160    -14      127
  SINCE JUN 1    871                       986   -115      988
  SINCE JAN 1   1138                      1122     16     1126
..................................................................


WIND (MPH)
  HIGHEST WIND SPEED    32   HIGHEST WIND DIRECTION    NW (320)
  HIGHEST GUST SPEED    40   HIGHEST GUST DIRECTION    NW (320)
  AVERAGE WIND SPEED     7.9


SKY COVER
  POSSIBLE SUNSHINE  MM
  AVERAGE SKY COVER 0.6


WEATHER CONDITIONS
 THE FOLLOWING WEATHER WAS RECORDED YESTERDAY.
  THUNDERSTORM
  HEAVY RAIN
  RAIN
  LIGHT RAIN
  FOG


RELATIVE HUMIDITY (PERCENT)
 HIGHEST   100           300 AM
 LOWEST     51           600 PM
 AVERAGE    76

..........................................................


THE WICHITA MID CONTINENT KS CLIMATE NORMALS FOR TODAY
                         NORMAL    RECORD    YEAR
 MAXIMUM TEMPERATURE (F)   92       112      1936
 MINIMUM TEMPERATURE (F)   70        52      1967


SUNRISE AND SUNSET
AUGUST 11 2014........SUNRISE   642 AM CDT   SUNSET   827 PM CDT
AUGUST 12 2014........SUNRISE   643 AM CDT   SUNSET   826 PM CDT


-  INDICATES NEGATIVE NUMBERS.
R  INDICATES RECORD WAS SET OR TIED.
MM INDICATES DATA IS MISSING.
T  INDICATES TRACE AMOUNT.

$$
