180
CDUS43 KICT 222205
CLIICT


CLIMATE REPORT
NATIONAL WEATHER SERVICE WICHITA KS
505 PM CDT THU SEP 22 2016


...................................

...THE WICHITA EISENHOWER NATIONAL CLIMATE SUMMARY FOR SEPTEMBER 22 2016...
VALID TODAY AS OF 0500 PM LOCAL TIME.

CLIMATE NORMAL PERIOD 1981 TO 2010
CLIMATE RECORD PERIOD 1888 TO 2016


WEATHER ITEM   OBSERVED TIME   RECORD YEAR NORMAL DEPARTURE LAST
                VALUE   (LST)  VALUE       VALUE  FROM      YEAR
                                                  NORMAL
..................................................................
TEMPERATURE (F)
 TODAY
  MAXIMUM         92    315 PM  97    1988  80     12       91
  MINIMUM         70    702 AM  32    1995  57     13       68
  AVERAGE         81                        68     13       80

PRECIPITATION (IN)
  TODAY            0.00          2.96 1968   0.11  -0.11     0.00
  MONTH TO DATE    9.65                      2.34   7.31     1.22
  SINCE SEP 1      9.65                      2.34   7.31     1.22
  SINCE JAN 1     45.99                     26.43  19.56    33.64

SNOWFALL (IN)
  TODAY            0.0           0.0  2007   0.0    0.0      0.0
  MONTH TO DATE    0.0                       0.0    0.0      0.0
  SINCE SEP 1      0.0                       0.0    0.0      0.0
  SINCE JUL 1      0.0                       0.0    0.0      0.0
  SNOW DEPTH       0

DEGREE DAYS
 HEATING
  TODAY            0                         2     -2        0
  MONTH TO DATE    0                        16    -16        0
  SINCE SEP 1      0                        16    -16        0
  SINCE JUL 1      0                        17    -17        0

 COOLING
  TODAY           16                         5     11       15
  MONTH TO DATE  253                       187     66      286
  SINCE SEP 1    253                       187     66      286
  SINCE JAN 1   1925                      1614    311     1777
..................................................................


WIND (MPH)
  HIGHEST WIND SPEED    23   HIGHEST WIND DIRECTION     S (180)
  HIGHEST GUST SPEED    29   HIGHEST GUST DIRECTION     S (170)
  AVERAGE WIND SPEED    12.9


SKY COVER
  POSSIBLE SUNSHINE  MM
  AVERAGE SKY COVER 0.4


WEATHER CONDITIONS
 THE FOLLOWING WEATHER WAS RECORDED TODAY.
  NO SIGNIFICANT WEATHER WAS OBSERVED.


RELATIVE HUMIDITY (PERCENT)
 HIGHEST    90           600 AM
 LOWEST     41           200 PM
 AVERAGE    66

..........................................................


THE WICHITA EISENHOWER NATIONAL CLIMATE NORMALS FOR TOMORROW
                         NORMAL    RECORD    YEAR
 MAXIMUM TEMPERATURE (F)   79        96      1933
                                             1926
 MINIMUM TEMPERATURE (F)   56        36      1995


SUNRISE AND SUNSET
SEPTEMBER 22 2016.....SUNRISE   718 AM CDT   SUNSET   726 PM CDT
SEPTEMBER 23 2016.....SUNRISE   719 AM CDT   SUNSET   724 PM CDT


-  INDICATES NEGATIVE NUMBERS.
R  INDICATES RECORD WAS SET OR TIED.
MM INDICATES DATA IS MISSING.
T  INDICATES TRACE AMOUNT.




$$
