000
CDUS43 KICT 170622
CLIICT

CLIMATE REPORT
NATIONAL WEATHER SERVICE WICHITA KS
121 AM CDT WED AUG 17 2016


...................................

...THE WICHITA EISENHOWER NATIONAL CLIMATE SUMMARY FOR AUGUST 16 2016...

CLIMATE NORMAL PERIOD 1981 TO 2010
CLIMATE RECORD PERIOD 1888 TO 2016


WEATHER ITEM   OBSERVED TIME   RECORD YEAR NORMAL DEPARTURE LAST
                VALUE   (LST)  VALUE       VALUE  FROM      YEAR
                                                  NORMAL
..................................................................
TEMPERATURE (F)
 YESTERDAY
  MAXIMUM         92    324 PM 106    1983  92      0       89
                                      1956
  MINIMUM         65    612 AM  56    1992  69     -4       63
  AVERAGE         79                        80     -1       76

PRECIPITATION (IN)
  YESTERDAY        0.00          2.16 1968   0.13  -0.13     0.00
  MONTH TO DATE    6.99                      1.85   5.14     3.50
  SINCE JUN 1     19.49                     10.37   9.12    13.10
  SINCE JAN 1     35.05                     22.23  12.82    29.54

SNOWFALL (IN)
  YESTERDAY        0.0           0.0  2007   0.0    0.0      0.0
  MONTH TO DATE    0.0                       0.0    0.0      0.0
  SINCE JUN 1      0.0                       0.0    0.0      0.0
  SINCE JUL 1      0.0                       0.0    0.0      0.0
  SNOW DEPTH       0

DEGREE DAYS
 HEATING
  YESTERDAY        0                         0      0        0
  MONTH TO DATE    0                         0      0        0
  SINCE JUN 1      0                         6     -6        0
  SINCE JUL 1      0                         0      0        0

 COOLING
  YESTERDAY       14                        15     -1       11
  MONTH TO DATE  273                       254     19      239
  SINCE JUN 1   1347                      1080    267     1241
  SINCE JAN 1   1477                      1216    261     1354
..................................................................


WIND (MPH)
  HIGHEST WIND SPEED    18   HIGHEST WIND DIRECTION    SE (140)
  HIGHEST GUST SPEED    23   HIGHEST GUST DIRECTION    SE (150)
  AVERAGE WIND SPEED     9.9


SKY COVER
  POSSIBLE SUNSHINE  MM
  AVERAGE SKY COVER 0.2


WEATHER CONDITIONS
 THE FOLLOWING WEATHER WAS RECORDED YESTERDAY.
  NO SIGNIFICANT WEATHER WAS OBSERVED.


RELATIVE HUMIDITY (PERCENT)
 HIGHEST    93           400 AM
 LOWEST     41           200 PM
 AVERAGE    67

..........................................................


THE WICHITA EISENHOWER NATIONAL CLIMATE NORMALS FOR TODAY
                         NORMAL    RECORD    YEAR
 MAXIMUM TEMPERATURE (F)   91       106      1956
                                             1909
 MINIMUM TEMPERATURE (F)   69        57      1992


SUNRISE AND SUNSET
AUGUST 17 2016........SUNRISE   648 AM CDT   SUNSET   819 PM CDT
AUGUST 18 2016........SUNRISE   648 AM CDT   SUNSET   818 PM CDT


-  INDICATES NEGATIVE NUMBERS.
R  INDICATES RECORD WAS SET OR TIED.
MM INDICATES DATA IS MISSING.
T  INDICATES TRACE AMOUNT.




$$
