000
CDUS43 KICT 070646
CLIICT


CLIMATE REPORT
NATIONAL WEATHER SERVICE WICHITA KS
146 AM CDT SAT OCT 7 2017


...................................

...THE WICHITA EISENHOWER NATIONAL CLIMATE SUMMARY FOR OCTOBER 6 2017...

CLIMATE NORMAL PERIOD 1981 TO 2010
CLIMATE RECORD PERIOD 1888 TO 2017


WEATHER ITEM   OBSERVED TIME   RECORD YEAR NORMAL DEPARTURE LAST
                VALUE   (LST)  VALUE       VALUE  FROM      YEAR
                                                  NORMAL
..................................................................
TEMPERATURE (F)
 YESTERDAY
  MAXIMUM         83    214 PM  95    1939  73     10       85
  MINIMUM         63   1159 PM  33    1952  50     13       48
  AVERAGE         73                        62     11       67

PRECIPITATION (IN)
  YESTERDAY        0.43          2.11 1913   0.10   0.33     0.29
  MONTH TO DATE    2.57                      0.63   1.94     0.63
  SINCE SEP 1      4.91                      3.77   1.14    11.93
  SINCE JAN 1     32.26                     27.86   4.40    48.27

SNOWFALL (IN)
  YESTERDAY        0.0           0.0  2007   0.0    0.0      0.0
  MONTH TO DATE    0.0                       0.0    0.0      0.0
  SINCE SEP 1      0.0                       0.0    0.0      0.0
  SINCE JUL 1      0.0                       0.0    0.0      0.0
  SNOW DEPTH       0

DEGREE DAYS
 HEATING
  YESTERDAY        0                         5     -5        0
  MONTH TO DATE    0                        27    -27        1
  SINCE SEP 1      6                        69    -63       15
  SINCE JUL 1      6                        70    -64       15

 COOLING
  YESTERDAY        8                         2      6        2
  MONTH TO DATE   47                        15     32       22
  SINCE SEP 1    323                       237     86      302
  SINCE JAN 1   1762                      1664     98     1974
..................................................................


WIND (MPH)
  HIGHEST WIND SPEED    31   HIGHEST WIND DIRECTION     W (270)
  HIGHEST GUST SPEED    38   HIGHEST GUST DIRECTION     S (180)
  AVERAGE WIND SPEED    17.8


SKY COVER
  POSSIBLE SUNSHINE  MM
  AVERAGE SKY COVER 0.7


WEATHER CONDITIONS
 THE FOLLOWING WEATHER WAS RECORDED YESTERDAY.
  THUNDERSTORM
  HEAVY RAIN
  RAIN
  LIGHT RAIN
  FOG


RELATIVE HUMIDITY (PERCENT)
 HIGHEST   100          1200 AM
 LOWEST     65           200 PM
 AVERAGE    83

..........................................................


THE WICHITA EISENHOWER NATIONAL CLIMATE NORMALS FOR TODAY
                         NORMAL    RECORD    YEAR
 MAXIMUM TEMPERATURE (F)   73        93      1939
 MINIMUM TEMPERATURE (F)   50        31      1952


SUNRISE AND SUNSET
OCTOBER  7 2017.......SUNRISE   731 AM CDT   SUNSET   703 PM CDT
OCTOBER  8 2017.......SUNRISE   732 AM CDT   SUNSET   702 PM CDT


-  INDICATES NEGATIVE NUMBERS.
R  INDICATES RECORD WAS SET OR TIED.
MM INDICATES DATA IS MISSING.
T  INDICATES TRACE AMOUNT.




$$
