000
CDUS43 KICT 272309
CLIICT

CLIMATE REPORT
NATIONAL WEATHER SERVICE WICHITA KS
508 PM CST THU NOV 27 2014

...................................

...THE WICHITA MID CONTINENT CLIMATE SUMMARY FOR NOVEMBER 27 2014...
VALID TODAY AS OF 500 PM LOCAL TIME.

CLIMATE NORMAL PERIOD 1981 TO 2010
CLIMATE RECORD PERIOD 1888 TO 2014


WEATHER ITEM   OBSERVED TIME   RECORD YEAR NORMAL DEPARTURE LAST
                VALUE   (LST)  VALUE       VALUE  FROM      YEAR
                                                  NORMAL
..................................................................
TEMPERATURE (F)
 TODAY
  MAXIMUM         46    350 PM  72    1933  50     -4       38
                                      1905
  MINIMUM         21    722 AM   3    1975  29     -8       14
  AVERAGE         34                        40     -6       26

PRECIPITATION (IN)
  TODAY            0.00          0.95 1948   0.05  -0.05     0.00
  MONTH TO DATE    0.45                      1.31  -0.86     0.60
  SINCE SEP 1      2.33                      7.23  -4.90     5.68
  SINCE JAN 1     24.31                     31.32  -7.01    39.85

SNOWFALL (IN)
  TODAY            0.0           4.9  1987   0.1   -0.1      0.0
  MONTH TO DATE    1.8                       1.0    0.8       T
  SINCE SEP 1      1.8                       1.1    0.7       T
  SINCE JUL 1      1.8                       1.1    0.7       T
  SNOW DEPTH       0

DEGREE DAYS
 HEATING
  TODAY           31                        25      6       39
  MONTH TO DATE  661                       509    152      556
  SINCE SEP 1    823                       794     29      809
  SINCE JUL 1    824                       795     29      810

 COOLING
  TODAY            0                         0      0        0
  MONTH TO DATE    0                         0      0        0
  SINCE SEP 1    353                       257     96      365
  SINCE JAN 1   1849                      1684    165     1778
..................................................................


WIND (MPH)
  HIGHEST WIND SPEED    22   HIGHEST WIND DIRECTION     S (190)
  HIGHEST GUST SPEED    30   HIGHEST GUST DIRECTION     S (170)
  AVERAGE WIND SPEED     9.4


SKY COVER
  POSSIBLE SUNSHINE  MM
  AVERAGE SKY COVER 0.3


WEATHER CONDITIONS
 THE FOLLOWING WEATHER WAS RECORDED TODAY.
  NO SIGNIFICANT WEATHER WAS OBSERVED.


RELATIVE HUMIDITY (PERCENT)
 HIGHEST    77           400 AM
 LOWEST     28           200 PM
 AVERAGE    53

..........................................................


THE WICHITA MID CONTINENT CLIMATE NORMALS FOR TOMORROW
                         NORMAL    RECORD    YEAR
 MAXIMUM TEMPERATURE (F)   50        72      1949
 MINIMUM TEMPERATURE (F)   29         5      1976


SUNRISE AND SUNSET
NOVEMBER 27 2014......SUNRISE   722 AM CST   SUNSET   512 PM CST
NOVEMBER 28 2014......SUNRISE   723 AM CST   SUNSET   512 PM CST


-  INDICATES NEGATIVE NUMBERS.
R  INDICATES RECORD WAS SET OR TIED.
MM INDICATES DATA IS MISSING.
T  INDICATES TRACE AMOUNT.

$$
