000
CDUS43 KICT 270711
CLIICT


CLIMATE REPORT
NATIONAL WEATHER SERVICE WICHITA KS
211 AM CDT WED MAY 27 2015


...................................

...THE WICHITA EISENHOWER NATIONAL CLIMATE SUMMARY FOR MAY 26 2015...

CLIMATE NORMAL PERIOD 1981 TO 2010
CLIMATE RECORD PERIOD 1888 TO 2015


WEATHER ITEM   OBSERVED TIME   RECORD YEAR NORMAL DEPARTURE LAST
                VALUE   (LST)  VALUE       VALUE  FROM      YEAR
                                                  NORMAL
..................................................................
TEMPERATURE (F)
 YESTERDAY
  MAXIMUM         82    340 PM  98    1964  80      2       82
  MINIMUM         56    555 AM  40    1901  59     -3       63
  AVERAGE         69                        69      0       73

PRECIPITATION (IN)
  YESTERDAY        0.06          3.23 2008   0.15  -0.09     0.00
  MONTH TO DATE   11.18                      3.73   7.45     3.81
  SINCE MAR 1     14.08                      9.01   5.07     4.83
  SINCE JAN 1     15.85                     11.02   4.83     5.82

SNOWFALL (IN)
  YESTERDAY        0.0           0.0  2007   0.0    0.0      0.0
                                      2001
  MONTH TO DATE    0.0                       0.0    0.0      0.0
  SINCE MAR 1      1.1                       2.5   -1.4      3.5
  SINCE JUL 1     18.0                      14.9    3.1     23.0
  SNOW DEPTH       0

DEGREE DAYS
 HEATING
  YESTERDAY        0                         1     -1        0
  MONTH TO DATE   74                        75     -1       73
  SINCE MAR 1    711                       943   -232     1020
  SINCE JUL 1   4276                      4583   -307     4939

 COOLING
  YESTERDAY        4                         5     -1        8
  MONTH TO DATE   63                        80    -17      184
  SINCE MAR 1     91                       106    -15      217
  SINCE JAN 1     91                       106    -15      217
..................................................................


WIND (MPH)
  HIGHEST WIND SPEED    25   HIGHEST WIND DIRECTION    SW (230)
  HIGHEST GUST SPEED    34   HIGHEST GUST DIRECTION    SW (220)
  AVERAGE WIND SPEED     8.3


SKY COVER
  POSSIBLE SUNSHINE  MM
  AVERAGE SKY COVER 0.5


WEATHER CONDITIONS
 THE FOLLOWING WEATHER WAS RECORDED YESTERDAY.
  THUNDERSTORM
  LIGHT RAIN
  FOG


RELATIVE HUMIDITY (PERCENT)
 HIGHEST   100           400 AM
 LOWEST     42           400 PM
 AVERAGE    71

..........................................................


THE WICHITA EISENHOWER NATIONAL CLIMATE NORMALS FOR TODAY
                         NORMAL    RECORD    YEAR
 MAXIMUM TEMPERATURE (F)   80        96      1896
 MINIMUM TEMPERATURE (F)   59        37      1907


SUNRISE AND SUNSET
MAY 27 2015...........SUNRISE   612 AM CDT   SUNSET   842 PM CDT
MAY 28 2015...........SUNRISE   612 AM CDT   SUNSET   843 PM CDT


-  INDICATES NEGATIVE NUMBERS.
R  INDICATES RECORD WAS SET OR TIED.
MM INDICATES DATA IS MISSING.
T  INDICATES TRACE AMOUNT.




$$
