000
CDUS43 KICT 052309
CLIICT


CLIMATE REPORT
NATIONAL WEATHER SERVICE WICHITA KS
509 PM CST THU MAR 5 2015


...................................

...THE WICHITA EISENHOWER NATIONAL CLIMATE SUMMARY FOR MARCH 5 2015...
VALID TODAY AS OF 500 PM LOCAL TIME.

CLIMATE NORMAL PERIOD 1981 TO 2010
CLIMATE RECORD PERIOD 1888 TO 2015


WEATHER ITEM   OBSERVED TIME   RECORD YEAR NORMAL DEPARTURE LAST
                VALUE   (LST)  VALUE       VALUE  FROM      YEAR
                                                  NORMAL
..................................................................
TEMPERATURE (F)
 TODAY
  MAXIMUM         45    458 PM  85    2009  54     -9       41
  MINIMUM         10    648 AM   3    1960  32    -22       27
  AVERAGE         28                        43    -15       34

PRECIPITATION (IN)
  TODAY            0.00          1.67 1892   0.08  -0.08     0.00
  MONTH TO DATE    0.14                      0.34  -0.20     0.22
  SINCE MAR 1      0.14                      0.34  -0.20     0.22
  SINCE JAN 1      1.79                      2.35  -0.56     1.21

SNOWFALL (IN)
  TODAY            0.0           4.8  1943   0.1   -0.1      0.0
  MONTH TO DATE    1.1                       0.4    0.7      3.2
  SINCE MAR 1      1.1                       0.4    0.7      3.2
  SINCE JUL 1     18.0                      12.8    5.2     22.7
  SNOW DEPTH       0

DEGREE DAYS
 HEATING
  TODAY           37                        22     15       31
  MONTH TO DATE  181                       113     68      227
  SINCE MAR 1    181                       113     68      227
  SINCE JUL 1   3746                      3753     -7     4146

 COOLING
  TODAY            0                         0      0        0
  MONTH TO DATE    0                         0      0        0
  SINCE MAR 1      0                         0      0        0
  SINCE JAN 1      0                         0      0        0
..................................................................


WIND (MPH)
  HIGHEST WIND SPEED    15   HIGHEST WIND DIRECTION     W (250)
  HIGHEST GUST SPEED    23   HIGHEST GUST DIRECTION     W (260)
  AVERAGE WIND SPEED     6.2


SKY COVER
  POSSIBLE SUNSHINE  MM
  AVERAGE SKY COVER 0.1


WEATHER CONDITIONS
 THE FOLLOWING WEATHER WAS RECORDED TODAY.
  NO SIGNIFICANT WEATHER WAS OBSERVED.


RELATIVE HUMIDITY (PERCENT)
 HIGHEST    83           700 AM
 LOWEST     22           500 PM
 AVERAGE    53

..........................................................


THE WICHITA EISENHOWER NATIONAL CLIMATE NORMALS FOR TOMORROW
                         NORMAL    RECORD    YEAR
 MAXIMUM TEMPERATURE (F)   55        80      1925
 MINIMUM TEMPERATURE (F)   32         4      1943


SUNRISE AND SUNSET
MARCH  5 2015.........SUNRISE   656 AM CST   SUNSET   627 PM CST
MARCH  6 2015.........SUNRISE   654 AM CST   SUNSET   628 PM CST


-  INDICATES NEGATIVE NUMBERS.
R  INDICATES RECORD WAS SET OR TIED.
MM INDICATES DATA IS MISSING.
T  INDICATES TRACE AMOUNT.




$$

JMBW
