000
CDUS43 KICT 270635
CLIICT


CLIMATE REPORT
NATIONAL WEATHER SERVICE WICHITA KS
134 AM CDT WED APR 27 2016


...................................

...THE WICHITA EISENHOWER NATIONAL CLIMATE SUMMARY FOR APRIL 26 2016...

CLIMATE NORMAL PERIOD 1981 TO 2010
CLIMATE RECORD PERIOD 1888 TO 2016


WEATHER ITEM   OBSERVED TIME   RECORD YEAR NORMAL DEPARTURE LAST
                VALUE   (LST)  VALUE       VALUE  FROM      YEAR
                                                  NORMAL
..................................................................
TEMPERATURE (F)
 YESTERDAY
  MAXIMUM         82    105 PM  93    1989  71     11       60
  MINIMUM         58    702 PM  31    1907  48     10       50
  AVERAGE         70                        60     10       55

PRECIPITATION (IN)
  YESTERDAY        2.75          5.10 2009   0.11   2.64      T
  MONTH TO DATE    5.50                      2.16   3.34     2.62
  SINCE MAR 1      7.03                      4.85   2.18     2.90
  SINCE JAN 1      7.77                      6.86   0.91     4.67

SNOWFALL (IN)
  YESTERDAY        0.0           0.0  2007   0.0    0.0      0.0
  MONTH TO DATE    0.0                       0.2   -0.2      0.0
  SINCE MAR 1      3.5                       2.5    1.0      1.1
  SINCE JUL 1      4.3                      14.9  -10.6     18.0
  SNOW DEPTH       0

DEGREE DAYS
 HEATING
  YESTERDAY        0                         7     -7       10
  MONTH TO DATE  136                       267   -131      144
  SINCE MAR 1    525                       844   -319      618
  SINCE JUL 1   3375                      4484  -1109     4183

 COOLING
  YESTERDAY        5                         1      4        0
  MONTH TO DATE   30                        19     11       28
  SINCE MAR 1     37                        21     16       28
  SINCE JAN 1     37                        21     16       28
..................................................................


WIND (MPH)
  HIGHEST WIND SPEED    30   HIGHEST WIND DIRECTION     S (170)
  HIGHEST GUST SPEED    36   HIGHEST GUST DIRECTION     S (170)
  AVERAGE WIND SPEED    13.1


SKY COVER
  POSSIBLE SUNSHINE  MM
  AVERAGE SKY COVER 0.9


WEATHER CONDITIONS
 THE FOLLOWING WEATHER WAS RECORDED YESTERDAY.
  THUNDERSTORM
  HEAVY RAIN
  RAIN
  LIGHT RAIN
  HAIL
  FOG


RELATIVE HUMIDITY (PERCENT)
 HIGHEST    84           200 AM
 LOWEST     58           100 PM
 AVERAGE    71

..........................................................


THE WICHITA EISENHOWER NATIONAL CLIMATE NORMALS FOR TODAY
                         NORMAL    RECORD    YEAR
 MAXIMUM TEMPERATURE (F)   71        94      1956
 MINIMUM TEMPERATURE (F)   49        31      1995
                                             1967


SUNRISE AND SUNSET
APRIL 27 2016.........SUNRISE   638 AM CDT   SUNSET   817 PM CDT
APRIL 28 2016.........SUNRISE   637 AM CDT   SUNSET   818 PM CDT


-  INDICATES NEGATIVE NUMBERS.
R  INDICATES RECORD WAS SET OR TIED.
MM INDICATES DATA IS MISSING.
T  INDICATES TRACE AMOUNT.




$$
