000
CDUS43 KICT 210650
CLIICT


CLIMATE REPORT
NATIONAL WEATHER SERVICE WICHITA KS
1250 AM CST WED FEB 21 2018


...................................

...THE WICHITA EISENHOWER NATIONAL CLIMATE SUMMARY FOR FEBRUARY 20 2018...

CLIMATE NORMAL PERIOD 1981 TO 2010
CLIMATE RECORD PERIOD 1888 TO 2018


WEATHER ITEM   OBSERVED TIME   RECORD YEAR NORMAL DEPARTURE LAST
                VALUE   (LST)  VALUE       VALUE  FROM      YEAR
                                                  NORMAL
..................................................................
TEMPERATURE (F)
 YESTERDAY
  MAXIMUM         29    226 AM  81    1981  50    -21       62
  MINIMUM         21   1159 PM   3    1918  28     -7       48
  AVERAGE         25                        39    -14       55

PRECIPITATION (IN)
  YESTERDAY        0.15          0.81 1997   0.04   0.11     0.30
  MONTH TO DATE    0.15                      0.80  -0.65     0.83
  SINCE DEC 1      0.38                      2.83  -2.45     4.28
  SINCE JAN 1      0.35                      1.63  -1.28     3.62

SNOWFALL (IN)
  YESTERDAY        0.7           6.2  2013   0.1    0.6      0.0
  MONTH TO DATE    0.7                       2.6   -1.9      0.0
  SINCE DEC 1      1.0                      10.4   -9.4      2.0
  SINCE JUL 1      1.0                      11.8  -10.8      2.0
  SNOW DEPTH       0

DEGREE DAYS
 HEATING
  YESTERDAY       40                        26     14       10
  MONTH TO DATE  601                       580     21      390
  SINCE DEC 1   2418                      2564   -146     2249
  SINCE JUL 1   3148                      3440   -292     2702

 COOLING
  YESTERDAY        0                         0      0        0
  MONTH TO DATE    0                         0      0        0
  SINCE DEC 1      0                         0      0        0
  SINCE JAN 1      0                         0      0        0
..................................................................


WIND (MPH)
  HIGHEST WIND SPEED    30   HIGHEST WIND DIRECTION    NW (330)
  HIGHEST GUST SPEED    38   HIGHEST GUST DIRECTION     N (340)
  AVERAGE WIND SPEED    17.6


SKY COVER
  POSSIBLE SUNSHINE  MM
  AVERAGE SKY COVER 0.8


WEATHER CONDITIONS
 THE FOLLOWING WEATHER WAS RECORDED YESTERDAY.
  THUNDERSTORM
  FREEZING RAIN
  LT FREEZING RAIN
  LIGHT SNOW
  SLEET
  FOG


RELATIVE HUMIDITY (PERCENT)
 HIGHEST   100           100 AM
 LOWEST     71          1100 PM
 AVERAGE    86

..........................................................


THE WICHITA EISENHOWER NATIONAL CLIMATE NORMALS FOR TODAY
                         NORMAL    RECORD    YEAR
 MAXIMUM TEMPERATURE (F)   50        79      1935
 MINIMUM TEMPERATURE (F)   28        -3      1939


SUNRISE AND SUNSET
FEBRUARY 21 2018......SUNRISE   712 AM CST   SUNSET   615 PM CST
FEBRUARY 22 2018......SUNRISE   710 AM CST   SUNSET   616 PM CST


-  INDICATES NEGATIVE NUMBERS.
R  INDICATES RECORD WAS SET OR TIED.
MM INDICATES DATA IS MISSING.
T  INDICATES TRACE AMOUNT.




$$
