000
CDUS43 KICT 280624
CLIICT

CLIMATE REPORT
NATIONAL WEATHER SERVICE WICHITA KS
123 AM CDT SAT MAY 28 2016


...................................

...THE WICHITA EISENHOWER NATIONAL CLIMATE SUMMARY FOR MAY 27 2016...

CLIMATE NORMAL PERIOD 1981 TO 2010
CLIMATE RECORD PERIOD 1888 TO 2016


WEATHER ITEM   OBSERVED TIME   RECORD YEAR NORMAL DEPARTURE LAST
                VALUE   (LST)  VALUE       VALUE  FROM      YEAR
                                                  NORMAL
..................................................................
TEMPERATURE (F)
 YESTERDAY
  MAXIMUM         79    152 PM  96    1896  80     -1       83
  MINIMUM         60    609 AM  37    1907  59      1       59
  AVERAGE         70                        69      1       71

PRECIPITATION (IN)
  YESTERDAY        0.16          3.74 1964   0.16   0.00     0.00
  MONTH TO DATE    6.70                      3.89   2.81    11.18
  SINCE MAR 1     14.46                      9.17   5.29    14.08
  SINCE JAN 1     15.20                     11.18   4.02    15.85

SNOWFALL (IN)
  YESTERDAY        0.0           0.0  2007   0.0    0.0      0.0
                                      2001
  MONTH TO DATE    0.0                       0.0    0.0      0.0
  SINCE MAR 1      3.5                       2.5    1.0      1.1
  SINCE JUL 1      4.3                      14.9  -10.6     18.0
  SNOW DEPTH       0

DEGREE DAYS
 HEATING
  YESTERDAY        0                         1     -1        0
  MONTH TO DATE   91                        76     15       74
  SINCE MAR 1    654                       944   -290      711
  SINCE JUL 1   3504                      4584  -1080     4276

 COOLING
  YESTERDAY        5                         6     -1        6
  MONTH TO DATE   65                        86    -21       69
  SINCE MAR 1    102                       112    -10       97
  SINCE JAN 1    102                       112    -10       97
..................................................................


WIND (MPH)
  HIGHEST WIND SPEED    23   HIGHEST WIND DIRECTION    NE (60)
  HIGHEST GUST SPEED    29   HIGHEST GUST DIRECTION     E (70)
  AVERAGE WIND SPEED    10.7


SKY COVER
  POSSIBLE SUNSHINE  MM
  AVERAGE SKY COVER 0.8


WEATHER CONDITIONS
 THE FOLLOWING WEATHER WAS RECORDED YESTERDAY.
  THUNDERSTORM
  RAIN
  LIGHT RAIN
  FOG


RELATIVE HUMIDITY (PERCENT)
 HIGHEST    90          1200 AM
 LOWEST     67           200 PM
 AVERAGE    79

..........................................................


THE WICHITA EISENHOWER NATIONAL CLIMATE NORMALS FOR TODAY
                         NORMAL    RECORD    YEAR
 MAXIMUM TEMPERATURE (F)   80        96      1974
 MINIMUM TEMPERATURE (F)   59        39      1947


SUNRISE AND SUNSET
MAY 28 2016...........SUNRISE   611 AM CDT   SUNSET   843 PM CDT
MAY 29 2016...........SUNRISE   611 AM CDT   SUNSET   844 PM CDT


-  INDICATES NEGATIVE NUMBERS.
R  INDICATES RECORD WAS SET OR TIED.
MM INDICATES DATA IS MISSING.
T  INDICATES TRACE AMOUNT.




$$
