000
CDUS43 KICT 220745
CLIICT


CLIMATE REPORT
NATIONAL WEATHER SERVICE WICHITA KS
145 AM CST THU FEB 22 2018


...................................

...THE WICHITA EISENHOWER NATIONAL CLIMATE SUMMARY FOR FEBRUARY 21 2018...

CLIMATE NORMAL PERIOD 1981 TO 2010
CLIMATE RECORD PERIOD 1888 TO 2018


WEATHER ITEM   OBSERVED TIME   RECORD YEAR NORMAL DEPARTURE LAST
                VALUE   (LST)  VALUE       VALUE  FROM      YEAR
                                                  NORMAL
..................................................................
TEMPERATURE (F)
 YESTERDAY
  MAXIMUM         28    423 PM  79    1935  50    -22       71
  MINIMUM         16    828 AM  -3    1939  28    -12       39
  AVERAGE         22                        39    -17       55

PRECIPITATION (IN)
  YESTERDAY        0.04          0.98 1971   0.05  -0.01     0.00
  MONTH TO DATE    0.19                      0.85  -0.66     0.83
  SINCE DEC 1      0.42                      2.88  -2.46     4.28
  SINCE JAN 1      0.39                      1.68  -1.29     3.62

SNOWFALL (IN)
  YESTERDAY        T            11.6  1971   0.0    0.0      0.0
  MONTH TO DATE    0.7                       2.6   -1.9      0.0
  SINCE DEC 1      1.0                      10.4   -9.4      2.0
  SINCE JUL 1      1.0                      11.8  -10.8      2.0
  SNOW DEPTH       T

DEGREE DAYS
 HEATING
  YESTERDAY       43                        26     17       10
  MONTH TO DATE  644                       606     38      400
  SINCE DEC 1   2461                      2590   -129     2259
  SINCE JUL 1   3191                      3466   -275     2712

 COOLING
  YESTERDAY        0                         0      0        0
  MONTH TO DATE    0                         0      0        0
  SINCE DEC 1      0                         0      0        0
  SINCE JAN 1      0                         0      0        0
..................................................................


WIND (MPH)
  HIGHEST WIND SPEED    22   HIGHEST WIND DIRECTION     N (10)
  HIGHEST GUST SPEED    28   HIGHEST GUST DIRECTION     N (10)
  AVERAGE WIND SPEED    14.8


SKY COVER
  POSSIBLE SUNSHINE  MM
  AVERAGE SKY COVER 0.8


WEATHER CONDITIONS
 THE FOLLOWING WEATHER WAS RECORDED YESTERDAY.
  LT FREEZING RAIN
  SLEET
  FOG


RELATIVE HUMIDITY (PERCENT)
 HIGHEST    88           700 PM
 LOWEST     62          1200 PM
 AVERAGE    75

..........................................................


THE WICHITA EISENHOWER NATIONAL CLIMATE NORMALS FOR TODAY
                         NORMAL    RECORD    YEAR
 MAXIMUM TEMPERATURE (F)   50        87      1996
 MINIMUM TEMPERATURE (F)   28         6      1889


SUNRISE AND SUNSET
FEBRUARY 22 2018......SUNRISE   710 AM CST   SUNSET   616 PM CST
FEBRUARY 23 2018......SUNRISE   709 AM CST   SUNSET   617 PM CST


-  INDICATES NEGATIVE NUMBERS.
R  INDICATES RECORD WAS SET OR TIED.
MM INDICATES DATA IS MISSING.
T  INDICATES TRACE AMOUNT.




$$
