000
CDUS43 KICT 192306
CLIICT


CLIMATE REPORT
NATIONAL WEATHER SERVICE WICHITA KS
506 PM CST MON FEB 19 2018


...................................

...THE WICHITA EISENHOWER NATIONAL CLIMATE SUMMARY FOR FEBRUARY 19 2018...
VALID TODAY AS OF 0500 PM LOCAL TIME.

CLIMATE NORMAL PERIOD 1981 TO 2010
CLIMATE RECORD PERIOD 1888 TO 2018


WEATHER ITEM   OBSERVED TIME   RECORD YEAR NORMAL DEPARTURE LAST
                VALUE   (LST)  VALUE       VALUE  FROM      YEAR
                                                  NORMAL
..................................................................
TEMPERATURE (F)
 TODAY
  MAXIMUM         63    613 AM  74    1996  49     14       64
                                      1930
  MINIMUM         30    125 PM   2    1975  27      3       42
                                      1903
  AVERAGE         47                        38      9       53

PRECIPITATION (IN)
  TODAY            T             1.36 1891   0.05  -0.05     0.50
  MONTH TO DATE    T                         0.76  -0.76     0.53
  SINCE DEC 1      0.23                      2.79  -2.56     3.98
  SINCE JAN 1      0.20                      1.59  -1.39     3.32

SNOWFALL (IN)
  TODAY           MM             3.5  1902   0.1   MM        0.0
  MONTH TO DATE    T                         2.5   -2.5      0.0
  SINCE DEC 1      0.3                      10.3  -10.0      2.0
  SINCE JUL 1      0.3                      11.7  -11.4      2.0
  SNOW DEPTH       0

DEGREE DAYS
 HEATING
  TODAY           18                        27     -9       12
  MONTH TO DATE  560                       554      6      380
  SINCE DEC 1   2377                      2538   -161     2239
  SINCE JUL 1   3107                      3414   -307     2692

 COOLING
  TODAY            0                         0      0        0
  MONTH TO DATE    0                         0      0        0
  SINCE DEC 1      0                         0      0        0
  SINCE JAN 1      0                         0      0        0
..................................................................


WIND (MPH)
  HIGHEST WIND SPEED    32   HIGHEST WIND DIRECTION     S (190)
  HIGHEST GUST SPEED    39   HIGHEST GUST DIRECTION     S (190)
  AVERAGE WIND SPEED    19.9


SKY COVER
  POSSIBLE SUNSHINE  MM
  AVERAGE SKY COVER 1.0


WEATHER CONDITIONS
 THE FOLLOWING WEATHER WAS RECORDED TODAY.
  LT FREEZING RAIN
  FOG


RELATIVE HUMIDITY (PERCENT)
 HIGHEST   100          1200 AM
 LOWEST     69           400 PM
 AVERAGE    85

..........................................................


THE WICHITA EISENHOWER NATIONAL CLIMATE NORMALS FOR TOMORROW
                         NORMAL    RECORD    YEAR
 MAXIMUM TEMPERATURE (F)   50        81      1981
 MINIMUM TEMPERATURE (F)   28         3      1918


SUNRISE AND SUNSET
FEBRUARY 19 2018......SUNRISE   714 AM CST   SUNSET   613 PM CST
FEBRUARY 20 2018......SUNRISE   713 AM CST   SUNSET   614 PM CST


-  INDICATES NEGATIVE NUMBERS.
R  INDICATES RECORD WAS SET OR TIED.
MM INDICATES DATA IS MISSING.
T  INDICATES TRACE AMOUNT.




$$
