000
CDUS43 KICT 280638
CLIICT


CLIMATE REPORT
NATIONAL WEATHER SERVICE WICHITA KS
138 AM CDT SUN MAY 28 2017


...................................

...THE WICHITA EISENHOWER NATIONAL CLIMATE SUMMARY FOR MAY 27 2017...

CLIMATE NORMAL PERIOD 1981 TO 2010
CLIMATE RECORD PERIOD 1888 TO 2017


WEATHER ITEM   OBSERVED TIME   RECORD YEAR NORMAL DEPARTURE LAST
                VALUE   (LST)  VALUE       VALUE  FROM      YEAR
                                                  NORMAL
..................................................................
TEMPERATURE (F)
 YESTERDAY
  MAXIMUM         85    346 PM  96    1896  80      5       79
  MINIMUM         67   1159 PM  37    1907  59      8       60
  AVERAGE         76                        69      7       70

PRECIPITATION (IN)
  YESTERDAY        T             3.74 1964   0.16  -0.16     0.16
  MONTH TO DATE    4.30                      3.89   0.41     6.70
  SINCE MAR 1     15.08                      9.17   5.91    14.46
  SINCE JAN 1     18.70                     11.18   7.52    15.20

SNOWFALL (IN)
  YESTERDAY        0.0           0.0  2007   0.0    0.0      0.0
                                      2001
  MONTH TO DATE    0.0                       0.0    0.0      0.0
  SINCE MAR 1      T                         2.5   -2.5      3.5
  SINCE JUL 1      2.0                      14.9  -12.9      4.3
  SNOW DEPTH       0

DEGREE DAYS
 HEATING
  YESTERDAY        0                         1     -1        0
  MONTH TO DATE   75                        76     -1       91
  SINCE MAR 1    740                       944   -204      654
  SINCE JUL 1   3584                      4584  -1000     3504

 COOLING
  YESTERDAY       11                         6      5        5
  MONTH TO DATE   84                        86     -2       65
  SINCE MAR 1    129                       112     17      102
  SINCE JAN 1    129                       112     17      102
..................................................................


WIND (MPH)
  HIGHEST WIND SPEED    28   HIGHEST WIND DIRECTION    NE (60)
  HIGHEST GUST SPEED    34   HIGHEST GUST DIRECTION    NE (60)
  AVERAGE WIND SPEED    13.8


SKY COVER
  POSSIBLE SUNSHINE  MM
  AVERAGE SKY COVER 0.4


WEATHER CONDITIONS
 THE FOLLOWING WEATHER WAS RECORDED YESTERDAY.
  NO SIGNIFICANT WEATHER WAS OBSERVED.


RELATIVE HUMIDITY (PERCENT)
 HIGHEST    93           400 AM
 LOWEST     50          1100 AM
 AVERAGE    72

..........................................................


THE WICHITA EISENHOWER NATIONAL CLIMATE NORMALS FOR TODAY
                         NORMAL    RECORD    YEAR
 MAXIMUM TEMPERATURE (F)   80        96      1974
 MINIMUM TEMPERATURE (F)   59        39      1947


SUNRISE AND SUNSET
MAY 28 2017...........SUNRISE   611 AM CDT   SUNSET   843 PM CDT
MAY 29 2017...........SUNRISE   611 AM CDT   SUNSET   844 PM CDT


-  INDICATES NEGATIVE NUMBERS.
R  INDICATES RECORD WAS SET OR TIED.
MM INDICATES DATA IS MISSING.
T  INDICATES TRACE AMOUNT.




$$
