000
CDUS43 KICT 272203
CLIICT


CLIMATE REPORT
NATIONAL WEATHER SERVICE WICHITA KS
502 PM CDT FRI MAR 27 2015


...................................

...THE WICHITA EISENHOWER NATIONAL CLIMATE SUMMARY FOR MARCH 27 2015...
VALID TODAY AS OF 500 PM LOCAL TIME.

CLIMATE NORMAL PERIOD 1981 TO 2010
CLIMATE RECORD PERIOD 1888 TO 2015


WEATHER ITEM   OBSERVED TIME   RECORD YEAR NORMAL DEPARTURE LAST
                VALUE   (LST)  VALUE       VALUE  FROM      YEAR
                                                  NORMAL
..................................................................
TEMPERATURE (F)
 TODAY
  MAXIMUM         51    345 PM  90    1895  62    -11       73
  MINIMUM         37    645 AM  14    1955  38     -1       42
  AVERAGE         44                        50     -6       58

PRECIPITATION (IN)
  TODAY            0.00          2.21 1905   0.10  -0.10     0.00
  MONTH TO DATE    0.28                      2.29  -2.01     0.49
  SINCE MAR 1      0.28                      2.29  -2.01     0.49
  SINCE JAN 1      2.05                      4.30  -2.25     1.48

SNOWFALL (IN)
  TODAY            0.0           2.5  1931   0.1   -0.1      0.0
  MONTH TO DATE    1.1                       2.1   -1.0      3.2
  SINCE MAR 1      1.1                       2.1   -1.0      3.2
  SINCE JUL 1     18.0                      14.5    3.5     22.7
  SNOW DEPTH       0

DEGREE DAYS
 HEATING
  TODAY           21                        15      6        7
  MONTH TO DATE  451                       518    -67      634
  SINCE MAR 1    451                       518    -67      634
  SINCE JUL 1   4016                      4158   -142     4553

 COOLING
  TODAY            0                         0      0        0
  MONTH TO DATE    0                         0      0        0
  SINCE MAR 1      0                         0      0        0
  SINCE JAN 1      0                         0      0        0
..................................................................


WIND (MPH)
  HIGHEST WIND SPEED    23   HIGHEST WIND DIRECTION    NE (40)
  HIGHEST GUST SPEED    30   HIGHEST GUST DIRECTION    NE (40)
  AVERAGE WIND SPEED    11.6


SKY COVER
  POSSIBLE SUNSHINE  MM
  AVERAGE SKY COVER 0.9


WEATHER CONDITIONS
 THE FOLLOWING WEATHER WAS RECORDED TODAY.
  NO SIGNIFICANT WEATHER WAS OBSERVED.


RELATIVE HUMIDITY (PERCENT)
 HIGHEST    82           600 AM
 LOWEST     42           200 PM
 AVERAGE    62

..........................................................


THE WICHITA EISENHOWER NATIONAL CLIMATE NORMALS FOR TOMORROW
                         NORMAL    RECORD    YEAR
 MAXIMUM TEMPERATURE (F)   62        91      1895
 MINIMUM TEMPERATURE (F)   39        11      1899


SUNRISE AND SUNSET
MARCH 27 2015.........SUNRISE   723 AM CDT   SUNSET   748 PM CDT
MARCH 28 2015.........SUNRISE   721 AM CDT   SUNSET   749 PM CDT


-  INDICATES NEGATIVE NUMBERS.
R  INDICATES RECORD WAS SET OR TIED.
MM INDICATES DATA IS MISSING.
T  INDICATES TRACE AMOUNT.




$$
