706
CDUS43 KICT 040637
CLIICT


CLIMATE REPORT
NATIONAL WEATHER SERVICE WICHITA KS
136 AM CDT WED MAY 4 2016


...................................

...THE WICHITA EISENHOWER NATIONAL CLIMATE SUMMARY FOR MAY 3 2016...

CLIMATE NORMAL PERIOD 1981 TO 2010
CLIMATE RECORD PERIOD 1888 TO 2016


WEATHER ITEM   OBSERVED TIME   RECORD YEAR NORMAL DEPARTURE LAST
                VALUE   (LST)  VALUE       VALUE  FROM      YEAR
                                                  NORMAL
..................................................................
TEMPERATURE (F)
 YESTERDAY
  MAXIMUM         73    519 PM  96    1950  73      0       84
  MINIMUM         41    448 AM  30    1907  51    -10       62
  AVERAGE         57                        62     -5       73

PRECIPITATION (IN)
  YESTERDAY        0.00          1.05 1958   0.14  -0.14     0.00
  MONTH TO DATE    T                         0.39  -0.39      T
  SINCE MAR 1      7.76                      5.67   2.09     2.90
  SINCE JAN 1      8.50                      7.68   0.82     4.67

SNOWFALL (IN)
  YESTERDAY        0.0           0.0  2007   0.0    0.0      0.0
                                      2001
  MONTH TO DATE    0.0                       0.0    0.0      0.0
  SINCE MAR 1      3.5                       2.5    1.0      1.1
  SINCE JUL 1      4.3                      14.9  -10.6     18.0
  SNOW DEPTH       0

DEGREE DAYS
 HEATING
  YESTERDAY        8                         5      3        0
  MONTH TO DATE   34                        15     19        0
  SINCE MAR 1    597                       883   -286      637
  SINCE JUL 1   3447                      4523  -1076     4202

 COOLING
  YESTERDAY        0                         2     -2        8
  MONTH TO DATE    0                         4     -4       14
  SINCE MAR 1     37                        30      7       42
  SINCE JAN 1     37                        30      7       42
..................................................................


WIND (MPH)
  HIGHEST WIND SPEED    16   HIGHEST WIND DIRECTION    SW (220)
  HIGHEST GUST SPEED    21   HIGHEST GUST DIRECTION    SW (210)
  AVERAGE WIND SPEED     6.3


SKY COVER
  POSSIBLE SUNSHINE  MM
  AVERAGE SKY COVER 0.4


WEATHER CONDITIONS
 THE FOLLOWING WEATHER WAS RECORDED YESTERDAY.
  NO SIGNIFICANT WEATHER WAS OBSERVED.


RELATIVE HUMIDITY (PERCENT)
 HIGHEST    89           300 AM
 LOWEST     35           400 PM
 AVERAGE    62

..........................................................


THE WICHITA EISENHOWER NATIONAL CLIMATE NORMALS FOR TODAY
                         NORMAL    RECORD    YEAR
 MAXIMUM TEMPERATURE (F)   73       102      2014
 MINIMUM TEMPERATURE (F)   51        28      1907


SUNRISE AND SUNSET
MAY  4 2016...........SUNRISE   630 AM CDT   SUNSET   823 PM CDT
MAY  5 2016...........SUNRISE   629 AM CDT   SUNSET   824 PM CDT


-  INDICATES NEGATIVE NUMBERS.
R  INDICATES RECORD WAS SET OR TIED.
MM INDICATES DATA IS MISSING.
T  INDICATES TRACE AMOUNT.




$$
