000
CDUS43 KICT 232310
CLIICT


CLIMATE REPORT
NATIONAL WEATHER SERVICE WICHITA KS
510 PM CST SUN NOV 23 2014


...................................

...THE WICHITA MID CONTINENT CLIMATE SUMMARY FOR NOVEMBER 23 2014...
VALID TODAY AS OF 0500 PM LOCAL TIME.

CLIMATE NORMAL PERIOD 1981 TO 2010
CLIMATE RECORD PERIOD 1888 TO 2014


WEATHER ITEM   OBSERVED TIME   RECORD YEAR NORMAL DEPARTURE LAST
                VALUE   (LST)  VALUE       VALUE  FROM      YEAR
                                                  NORMAL
..................................................................
TEMPERATURE (F)
 TODAY
  MAXIMUM         59   1256 PM  72    2005  52      7       37
                                      1966
                                      1904
  MINIMUM         42    459 PM   9    1898  31     11       21
  AVERAGE         51                        42      9       29

PRECIPITATION (IN)
  TODAY            0.06          0.81 1931   0.04   0.02     0.00
  MONTH TO DATE    0.42                      1.14  -0.72     0.60
  SINCE SEP 1      2.30                      7.06  -4.76     5.68
  SINCE JAN 1     24.28                     31.15  -6.87    39.85

SNOWFALL (IN)
  TODAY           MM             3.9  1983   0.1   MM        0.0
  MONTH TO DATE    1.8                       0.7    1.1       T
  SINCE SEP 1      1.8                       0.8    0.0       T
  SINCE JUL 1      1.8                       0.8    0.0       T
  SNOW DEPTH       0

DEGREE DAYS
 HEATING
  TODAY           14                        23     -9       36
  MONTH TO DATE  555                       411    144      410
  SINCE SEP 1    717                       696     21      663
  SINCE JUL 1    718                       697     21      664

 COOLING
  TODAY            0                         0      0        0
  MONTH TO DATE    0                         0      0        0
  SINCE SEP 1    353                       257     96      365
  SINCE JAN 1   1849                      1684    165     1778
..................................................................


WIND (MPH)
  HIGHEST WIND SPEED    37   HIGHEST WIND DIRECTION     N (350)
  HIGHEST GUST SPEED    47   HIGHEST GUST DIRECTION     N (350)
  AVERAGE WIND SPEED    16.7


SKY COVER
  POSSIBLE SUNSHINE  MM
  AVERAGE SKY COVER 1.0


WEATHER CONDITIONS
 THE FOLLOWING WEATHER WAS RECORDED TODAY.
  RAIN
  LIGHT RAIN
  FOG


RELATIVE HUMIDITY (PERCENT)
 HIGHEST    93           800 AM
 LOWEST     67           100 PM
 AVERAGE    80

..........................................................


THE WICHITA MID CONTINENT CLIMATE NORMALS FOR TOMORROW
                         NORMAL    RECORD    YEAR
 MAXIMUM TEMPERATURE (F)   52        70      1915
 MINIMUM TEMPERATURE (F)   31        11      1970
                                             1950
                                             1938


SUNRISE AND SUNSET
NOVEMBER 23 2014......SUNRISE   718 AM CST   SUNSET   514 PM CST
NOVEMBER 24 2014......SUNRISE   719 AM CST   SUNSET   513 PM CST


-  INDICATES NEGATIVE NUMBERS.
R  INDICATES RECORD WAS SET OR TIED.
MM INDICATES DATA IS MISSING.
T  INDICATES TRACE AMOUNT.




$$
