000
CDUS43 KICT 270646
CLIICT


CLIMATE REPORT
NATIONAL WEATHER SERVICE WICHITA KS
1246 AM CST SAT DEC 27 2014


...................................

...THE WICHITA MID CONTINENT KS CLIMATE SUMMARY FOR DECEMBER 26 2014...

CLIMATE NORMAL PERIOD 1981 TO 2010
CLIMATE RECORD PERIOD 1888 TO 2014


WEATHER ITEM   OBSERVED TIME   RECORD YEAR NORMAL DEPARTURE LAST
                VALUE   (LST)  VALUE       VALUE  FROM      YEAR
                                                  NORMAL
..................................................................
TEMPERATURE (F)
 YESTERDAY
  MAXIMUM         46    157 AM  69    2008  42      4       44
  MINIMUM         33   1159 PM  -6    1892  22     11       18
  AVERAGE         40                        32      8       31

PRECIPITATION (IN)
  YESTERDAY        T             0.78 1942   0.03  -0.03     0.00
  MONTH TO DATE    1.22                      1.05   0.17     0.60
  SINCE DEC 1      1.22                      1.05   0.17     0.60
  SINCE JAN 1     25.53                     32.49  -6.96    40.45

SNOWFALL (IN)
  YESTERDAY        0.0           4.0  1939   0.1   -0.1      0.0
  MONTH TO DATE    2.7                       3.5   -0.8      3.4
  SINCE DEC 1      2.7                       3.5   -0.8      3.4
  SINCE JUL 1      4.5                       4.9   -0.4      3.4
  SNOW DEPTH       0

DEGREE DAYS
 HEATING
  YESTERDAY       25                        33     -8       34
  MONTH TO DATE  622                       802   -180      907
  SINCE DEC 1    622                       802   -180      907
  SINCE JUL 1   1502                      1678   -176     1792

 COOLING
  YESTERDAY        0                         0      0        0
  MONTH TO DATE    0                         0      0        0
  SINCE DEC 1      0                         0      0        0
  SINCE JAN 1   1849                      1686    163     1778
..................................................................


WIND (MPH)
  HIGHEST WIND SPEED    17   HIGHEST WIND DIRECTION    NW (300)
  HIGHEST GUST SPEED    22   HIGHEST GUST DIRECTION    NW (320)
  AVERAGE WIND SPEED    11.5


SKY COVER
  POSSIBLE SUNSHINE  MM
  AVERAGE SKY COVER 0.9


WEATHER CONDITIONS
 THE FOLLOWING WEATHER WAS RECORDED YESTERDAY.
  HAZE


RELATIVE HUMIDITY (PERCENT)
 HIGHEST    82           700 AM
 LOWEST     53          1200 AM
 AVERAGE    68

..........................................................


THE WICHITA MID CONTINENT KS CLIMATE NORMALS FOR TODAY
                         NORMAL    RECORD    YEAR
 MAXIMUM TEMPERATURE (F)   42        68      1946
 MINIMUM TEMPERATURE (F)   22        -3      1924


SUNRISE AND SUNSET
DECEMBER 27 2014......SUNRISE   744 AM CST   SUNSET   518 PM CST
DECEMBER 28 2014......SUNRISE   744 AM CST   SUNSET   519 PM CST


-  INDICATES NEGATIVE NUMBERS.
R  INDICATES RECORD WAS SET OR TIED.
MM INDICATES DATA IS MISSING.
T  INDICATES TRACE AMOUNT.




$$
