000
CDUS43 KICT 010634
CLIICT

CLIMATE REPORT
NATIONAL WEATHER SERVICE WICHITA KS
132 AM CDT WED JUL 1 2015

...................................

...THE WICHITA EISENHOWER NATIONAL CLIMATE SUMMARY FOR JUNE 30 2015...

CLIMATE NORMAL PERIOD 1981 TO 2010
CLIMATE RECORD PERIOD 1888 TO 2015


WEATHER ITEM   OBSERVED TIME   RECORD YEAR NORMAL DEPARTURE LAST
                VALUE   (LST)  VALUE       VALUE  FROM      YEAR
                                                  NORMAL
..................................................................
TEMPERATURE (F)
 YESTERDAY
  MAXIMUM        100    330 PM 110    1980  91      9       93
  MINIMUM         65    550 AM  54    1943  69     -4       73
  AVERAGE         83                        80      3       83

PRECIPITATION (IN)
  YESTERDAY        0.00          2.12 1986   0.14  -0.14     1.13
  MONTH TO DATE    2.20                      5.20  -3.00    10.46
  SINCE JUN 1      2.20                      5.20  -3.00    10.46
  SINCE JAN 1     18.64                     17.06   1.58    16.53

SNOWFALL (IN)
  YESTERDAY        0.0           0.0  2007   0.0    0.0      0.0
  MONTH TO DATE    0.0                       0.0    0.0      0.0
  SINCE JUN 1      0.0                       0.0    0.0      0.0
  SINCE JUL 1     18.0                      14.9    3.1     23.0
  SNOW DEPTH       0

DEGREE DAYS
 HEATING
  YESTERDAY        0                         0      0        0
  MONTH TO DATE    0                         3     -3        0
  SINCE JUN 1      0                         6     -6        0
  SINCE JUL 1   4279                      4594   -315     4939

 COOLING
  YESTERDAY       18                        15      3       18
  MONTH TO DATE  459                       329    130      342
  SINCE JUN 1    459                       329    130      342
  SINCE JAN 1    572                       465    107      609
..................................................................


WIND (MPH)
  HIGHEST WIND SPEED    18   HIGHEST WIND DIRECTION     S (200)
  HIGHEST GUST SPEED    25   HIGHEST GUST DIRECTION     S (190)
  AVERAGE WIND SPEED     7.6


SKY COVER
  POSSIBLE SUNSHINE  MM
  AVERAGE SKY COVER 0.5


WEATHER CONDITIONS
 THE FOLLOWING WEATHER WAS RECORDED YESTERDAY.
  NO SIGNIFICANT WEATHER WAS OBSERVED.


RELATIVE HUMIDITY (PERCENT)
 HIGHEST    81           600 AM
 LOWEST     26           200 PM
 AVERAGE    54

..........................................................


THE WICHITA EISENHOWER NATIONAL CLIMATE NORMALS FOR TODAY
                         NORMAL    RECORD    YEAR
 MAXIMUM TEMPERATURE (F)   91       109      1980
 MINIMUM TEMPERATURE (F)   69        58      1995
                                             1892


SUNRISE AND SUNSET
JULY  1 2015..........SUNRISE   612 AM CDT   SUNSET   855 PM CDT
JULY  2 2015..........SUNRISE   612 AM CDT   SUNSET   855 PM CDT


-  INDICATES NEGATIVE NUMBERS.
R  INDICATES RECORD WAS SET OR TIED.
MM INDICATES DATA IS MISSING.
T  INDICATES TRACE AMOUNT.

$$
