032
CDUS43 KICT 170640
CLIICT


CLIMATE REPORT
NATIONAL WEATHER SERVICE WICHITA KS
1239 AM CST TUE JAN 17 2017


...................................

...THE WICHITA EISENHOWER NATIONAL CLIMATE SUMMARY FOR JANUARY 16 2017...

CLIMATE NORMAL PERIOD 1981 TO 2010
CLIMATE RECORD PERIOD 1888 TO 2017


WEATHER ITEM   OBSERVED TIME   RECORD YEAR NORMAL DEPARTURE LAST
                VALUE   (LST)  VALUE       VALUE  FROM      YEAR
                                                  NORMAL
..................................................................
TEMPERATURE (F)
 YESTERDAY
  MAXIMUM         43    750 AM  72    1894  42      1       40
  MINIMUM         35   1159 PM  -5    1930  22     13       23
  AVERAGE         39                        32      7       32

PRECIPITATION (IN)
  YESTERDAY        0.86R         0.62 1990   0.03   0.83      T
  MONTH TO DATE    2.55                      0.38   2.17     0.18
  SINCE DEC 1      3.21                      1.58   1.63     2.40
  SINCE JAN 1      2.55                      0.38   2.17     0.18

SNOWFALL (IN)
  YESTERDAY       MM             3.5  1987   0.1   MM         T
  MONTH TO DATE    T                         1.7   -1.7      0.1
  SINCE DEC 1      2.0                       5.9   -3.9      0.5
  SINCE JUL 1      2.0                       7.3   -5.3      0.8
  SNOW DEPTH       0

DEGREE DAYS
 HEATING
  YESTERDAY       26                        33     -7       33
  MONTH TO DATE  532                       528      4      506
  SINCE DEC 1   1519                      1495     24     1236
  SINCE JUL 1   1972                      2371   -399     1805

 COOLING
  YESTERDAY        0                         0      0        0
  MONTH TO DATE    0                         0      0        0
  SINCE DEC 1      0                         0      0        0
  SINCE JAN 1      0                         0      0        0
..................................................................


WIND (MPH)
  HIGHEST WIND SPEED    20   HIGHEST WIND DIRECTION    NE (50)
  HIGHEST GUST SPEED    24   HIGHEST GUST DIRECTION    NE (50)
  AVERAGE WIND SPEED    10.4


SKY COVER
  POSSIBLE SUNSHINE  MM
  AVERAGE SKY COVER 1.0


WEATHER CONDITIONS
 THE FOLLOWING WEATHER WAS RECORDED YESTERDAY.
  RAIN
  LIGHT RAIN
  FOG


RELATIVE HUMIDITY (PERCENT)
 HIGHEST   100          1200 AM
 LOWEST     85           300 PM
 AVERAGE    93

..........................................................


THE WICHITA EISENHOWER NATIONAL CLIMATE NORMALS FOR TODAY
                         NORMAL    RECORD    YEAR
 MAXIMUM TEMPERATURE (F)   42        66      1923
 MINIMUM TEMPERATURE (F)   22       -12      1930


SUNRISE AND SUNSET
JANUARY 17 2017.......SUNRISE   743 AM CST   SUNSET   537 PM CST
JANUARY 18 2017.......SUNRISE   742 AM CST   SUNSET   538 PM CST


-  INDICATES NEGATIVE NUMBERS.
R  INDICATES RECORD WAS SET OR TIED.
MM INDICATES DATA IS MISSING.
T  INDICATES TRACE AMOUNT.




$$
