000
CDUS43 KICT 150641
CLIICT


CLIMATE REPORT
NATIONAL WEATHER SERVICE WICHITA KS
141 AM CDT TUE APR 15 2014


...................................

...THE WICHITA MID CONTINENT KS CLIMATE SUMMARY FOR APRIL 14 2014...

CLIMATE NORMAL PERIOD 1981 TO 2010
CLIMATE RECORD PERIOD 1888 TO 2014


WEATHER ITEM   OBSERVED TIME   RECORD YEAR NORMAL DEPARTURE LAST
                VALUE   (LST)  VALUE       VALUE  FROM      YEAR
                                                  NORMAL
..................................................................
TEMPERATURE (F)
 YESTERDAY
  MAXIMUM         50    455 PM  93    1936  67    -17       74
  MINIMUM         30   1039 PM  25    1928  44    -14       57
  AVERAGE         40                        56    -16       66

PRECIPITATION (IN)
  YESTERDAY        0.03          1.83 1918   0.08  -0.05     0.00
  MONTH TO DATE    0.45                      1.06  -0.61     1.63
  SINCE MAR 1      0.94                      3.75  -2.81     3.74
  SINCE JAN 1      1.93                      5.76  -3.83     6.76

SNOWFALL (IN)
  YESTERDAY        0.3           0.8  2007   0.0    0.3      0.0
  MONTH TO DATE    0.3                       0.2    0.1       T
  SINCE MAR 1      3.5                       2.5    1.0      5.3
  SINCE JUL 1     23.0                      14.9    8.1     29.8
  SNOW DEPTH       T

DEGREE DAYS
 HEATING
  YESTERDAY       25                        10     15        0
  MONTH TO DATE  154                       168    -14      204
  SINCE MAR 1    831                       745     86      870
  SINCE JUL 1   4750                      4385    365     4141

 COOLING
  YESTERDAY        0                         1     -1        1
  MONTH TO DATE    9                         7      2        3
  SINCE MAR 1      9                         9      0        3
  SINCE JAN 1      9                         9      0        3
..................................................................


WIND (MPH)
  HIGHEST WIND SPEED    33   HIGHEST WIND DIRECTION     N (340)
  HIGHEST GUST SPEED    40   HIGHEST GUST DIRECTION     N (340)
  AVERAGE WIND SPEED    18.5


SKY COVER
  POSSIBLE SUNSHINE  MM
  AVERAGE SKY COVER 0.6


WEATHER CONDITIONS
 THE FOLLOWING WEATHER WAS RECORDED YESTERDAY.
  RAIN
  SNOW
  LIGHT SNOW
  FOG


RELATIVE HUMIDITY (PERCENT)
 HIGHEST    82           600 AM
 LOWEST     20           500 PM
 AVERAGE    51

..........................................................


THE WICHITA MID CONTINENT KS CLIMATE NORMALS FOR TODAY
                         NORMAL    RECORD    YEAR
 MAXIMUM TEMPERATURE (F)   68        95      2006
 MINIMUM TEMPERATURE (F)   44        25      1983


SUNRISE AND SUNSET
APRIL 15 2014.........SUNRISE   655 AM CDT   SUNSET   805 PM CDT
APRIL 16 2014.........SUNRISE   653 AM CDT   SUNSET   806 PM CDT


-  INDICATES NEGATIVE NUMBERS.
R  INDICATES RECORD WAS SET OR TIED.
MM INDICATES DATA IS MISSING.
T  INDICATES TRACE AMOUNT.




$$
JMBW
