000
CDUS43 KICT 252205
CLIICT


CLIMATE REPORT
NATIONAL WEATHER SERVICE WICHITA KS
505 PM CDT SAT OCT 25 2014


...................................

...THE WICHITA MID CONTINENT CLIMATE SUMMARY FOR OCTOBER 25 2014...
VALID TODAY AS OF 0500 PM LOCAL TIME.

CLIMATE NORMAL PERIOD 1981 TO 2010
CLIMATE RECORD PERIOD 1888 TO 2014


WEATHER ITEM   OBSERVED TIME   RECORD YEAR NORMAL DEPARTURE LAST
                VALUE   (LST)  VALUE       VALUE  FROM      YEAR
                                                  NORMAL
..................................................................
TEMPERATURE (F)
 TODAY
  MAXIMUM         91R   245 PM  87    1891  66     25       60
  MINIMUM         51    719 AM  24    1975  44      7       32
  AVERAGE         71                        55     16       46

PRECIPITATION (IN)
  TODAY            0.00          1.63 2000   0.07  -0.07     0.00
  MONTH TO DATE    1.41                      2.35  -0.94     1.01
  SINCE SEP 1      1.88                      5.49  -3.61     3.04
  SINCE JAN 1     23.86                     29.58  -5.72    37.21

SNOWFALL (IN)
  TODAY            0.0           0.5  1898   0.0    0.0      0.0
  MONTH TO DATE    0.0                       0.1   -0.1       T
  SINCE SEP 1      0.0                       0.1   -0.1       T
  SINCE JUL 1      0.0                       0.1   -0.1       T
  SNOW DEPTH       0

DEGREE DAYS
 HEATING
  TODAY            0                        10    -10       19
  MONTH TO DATE   91                       173    -82      198
  SINCE SEP 1    111                       215   -104      202
  SINCE JUL 1    112                       216   -104      203

 COOLING
  TODAY            6                         0      6        0
  MONTH TO DATE   67                        35     32       51
  SINCE SEP 1    342                       257     85      365
  SINCE JAN 1   1838                      1684    154     1778
..................................................................


WIND (MPH)
  HIGHEST WIND SPEED    16   HIGHEST WIND DIRECTION     S (180)
  HIGHEST GUST SPEED    20   HIGHEST GUST DIRECTION     S (180)
  AVERAGE WIND SPEED     4.4


SKY COVER
  POSSIBLE SUNSHINE  MM
  AVERAGE SKY COVER 0.1


WEATHER CONDITIONS
 THE FOLLOWING WEATHER WAS RECORDED TODAY.
  FOG
  FOG W/VISIBILITY <= 1/4 MILE
  HAZE


RELATIVE HUMIDITY (PERCENT)
 HIGHEST   100           800 AM
 LOWEST     29           300 PM
 AVERAGE    65

..........................................................


THE WICHITA MID CONTINENT CLIMATE NORMALS FOR TOMORROW
                         NORMAL    RECORD    YEAR
 MAXIMUM TEMPERATURE (F)   66        90      1950
 MINIMUM TEMPERATURE (F)   43        25      1957


SUNRISE AND SUNSET
OCTOBER 25 2014.......SUNRISE   748 AM CDT   SUNSET   639 PM CDT
OCTOBER 26 2014.......SUNRISE   749 AM CDT   SUNSET   638 PM CDT


-  INDICATES NEGATIVE NUMBERS.
R  INDICATES RECORD WAS SET OR TIED.
MM INDICATES DATA IS MISSING.
T  INDICATES TRACE AMOUNT.




$$
