000
CDUS43 KICT 110644
CLIICT

CLIMATE REPORT
NATIONAL WEATHER SERVICE WICHITA KS
1243 AM CST MON DEC 11 2017


...................................

...THE WICHITA EISENHOWER NATIONAL CLIMATE SUMMARY FOR DECEMBER 10 2017...

CLIMATE NORMAL PERIOD 1981 TO 2010
CLIMATE RECORD PERIOD 1888 TO 2017


WEATHER ITEM   OBSERVED TIME   RECORD YEAR NORMAL DEPARTURE LAST
                VALUE   (LST)  VALUE       VALUE  FROM      YEAR
                                                  NORMAL
..................................................................
TEMPERATURE (F)
 YESTERDAY
  MAXIMUM         67    333 PM  72    1890  44     23       46
  MINIMUM         27    120 AM  -3    1919  25      2       20
  AVERAGE         47                        35     12       33

PRECIPITATION (IN)
  YESTERDAY        0.00          1.18 1960   0.05  -0.05     0.00
  MONTH TO DATE    0.00                      0.44  -0.44     0.37
  SINCE DEC 1      0.00                      0.44  -0.44     0.37
  SINCE JAN 1     33.81                     31.88   1.93    50.31

SNOWFALL (IN)
  YESTERDAY        0.0           2.7  1969   0.2   -0.2      0.0
  MONTH TO DATE    0.0                       1.3   -1.3       T
  SINCE DEC 1      0.0                       1.3   -1.3       T
  SINCE JUL 1      0.0                       2.7   -2.7       T
  SNOW DEPTH       0

DEGREE DAYS
 HEATING
  YESTERDAY       18                        30    -12       32
  MONTH TO DATE  230                       288    -58      305
  SINCE DEC 1    230                       288    -58      305
  SINCE JUL 1    960                      1164   -204      758

 COOLING
  YESTERDAY        0                         0      0        0
  MONTH TO DATE    0                         0      0        0
  SINCE DEC 1      0                         0      0        0
  SINCE JAN 1   1785                      1686     99     2054
..................................................................


WIND (MPH)
  HIGHEST WIND SPEED    23   HIGHEST WIND DIRECTION    NW (330)
  HIGHEST GUST SPEED    27   HIGHEST GUST DIRECTION    NW (320)
  AVERAGE WIND SPEED    11.7


SKY COVER
  POSSIBLE SUNSHINE  MM
  AVERAGE SKY COVER 0.1


WEATHER CONDITIONS
 THE FOLLOWING WEATHER WAS RECORDED YESTERDAY.
  NO SIGNIFICANT WEATHER WAS OBSERVED.


RELATIVE HUMIDITY (PERCENT)
 HIGHEST    75          1200 AM
 LOWEST     14           300 PM
 AVERAGE    45

..........................................................


THE WICHITA EISENHOWER NATIONAL CLIMATE NORMALS FOR TODAY
                         NORMAL    RECORD    YEAR
 MAXIMUM TEMPERATURE (F)   44        75      1939
 MINIMUM TEMPERATURE (F)   25        -3      1932


SUNRISE AND SUNSET
DECEMBER 11 2017......SUNRISE   735 AM CST   SUNSET   511 PM CST
DECEMBER 12 2017......SUNRISE   736 AM CST   SUNSET   512 PM CST


-  INDICATES NEGATIVE NUMBERS.
R  INDICATES RECORD WAS SET OR TIED.
MM INDICATES DATA IS MISSING.
T  INDICATES TRACE AMOUNT.




$$
