000
CDUS43 KICT 152205
CLIICT


CLIMATE REPORT
NATIONAL WEATHER SERVICE WICHITA KS
505 PM CDT TUE AUG 15 2017


...................................

...THE WICHITA EISENHOWER NATIONAL CLIMATE SUMMARY FOR AUGUST 15 2017...
VALID TODAY AS OF 0500 PM LOCAL TIME.

CLIMATE NORMAL PERIOD 1981 TO 2010
CLIMATE RECORD PERIOD 1888 TO 2017


WEATHER ITEM   OBSERVED TIME   RECORD YEAR NORMAL DEPARTURE LAST
                VALUE   (LST)  VALUE       VALUE  FROM      YEAR
                                                  NORMAL
..................................................................
TEMPERATURE (F)
 TODAY
  MAXIMUM         89   1242 PM 107    1956  92     -3       87
                                      1936
  MINIMUM         72    751 AM  55    1994  69      3       70
                                      1992
  AVERAGE         81                        80      1       79

PRECIPITATION (IN)
  TODAY            T             5.53 1938   0.13  -0.13     0.00
  MONTH TO DATE    1.84                      1.72   0.12     6.99
  SINCE JUN 1      8.15                     10.24  -2.09    19.49
  SINCE JAN 1     26.99                     22.10   4.89    35.05

SNOWFALL (IN)
  TODAY            0.0           T    2009   0.0    0.0      0.0
  MONTH TO DATE    0.0                       0.0    0.0      0.0
  SINCE JUN 1      0.0                       0.0    0.0      0.0
  SINCE JUL 1      0.0                       0.0    0.0      0.0
  SNOW DEPTH       0

DEGREE DAYS
 HEATING
  TODAY            0                         0      0        0
  MONTH TO DATE    0                         0      0        0
  SINCE JUN 1      0                         6     -6        0
  SINCE JUL 1      0                         0      0        0

 COOLING
  TODAY           16                        15      1       14
  MONTH TO DATE  167                       239    -72      259
  SINCE JUN 1   1087                      1065     22     1333
  SINCE JAN 1   1243                      1201     42     1463
..................................................................


WIND (MPH)
  HIGHEST WIND SPEED    17   HIGHEST WIND DIRECTION     S (170)
  HIGHEST GUST SPEED    20   HIGHEST GUST DIRECTION     S (170)
  AVERAGE WIND SPEED     8.2


SKY COVER
  POSSIBLE SUNSHINE  MM
  AVERAGE SKY COVER 0.6


WEATHER CONDITIONS
 THE FOLLOWING WEATHER WAS RECORDED TODAY.
  LIGHT RAIN


RELATIVE HUMIDITY (PERCENT)
 HIGHEST   100          1200 AM
 LOWEST     59           100 PM
 AVERAGE    80

..........................................................


THE WICHITA EISENHOWER NATIONAL CLIMATE NORMALS FOR TOMORROW
                         NORMAL    RECORD    YEAR
 MAXIMUM TEMPERATURE (F)   92       106      1983
                                             1956
 MINIMUM TEMPERATURE (F)   69        56      1992


SUNRISE AND SUNSET
AUGUST 15 2017........SUNRISE   646 AM CDT   SUNSET   822 PM CDT
AUGUST 16 2017........SUNRISE   647 AM CDT   SUNSET   821 PM CDT


-  INDICATES NEGATIVE NUMBERS.
R  INDICATES RECORD WAS SET OR TIED.
MM INDICATES DATA IS MISSING.
T  INDICATES TRACE AMOUNT.




$$
